This is the mail archive of the
gcc-testresults@gcc.gnu.org
mailing list for the GCC project.
Results for 3.1 20010428 (experimental) testsuite on i686-pc-linux-gnu
- To: gcc-testresults at gcc dot gnu dot org
- Subject: Results for 3.1 20010428 (experimental) testsuite on i686-pc-linux-gnu
- From: Michael Ritzert <michael dot ritzert at realtech dot de>
- Date: Sat, 28 Apr 2001 13:38:38 +0200
Native configuration is i686-pc-linux-gnu
=== libstdc++ tests ===
Running target unix
FAIL: 22_locale/codecvt_unicode_char.cc (execution test), static
FAIL: 22_locale/codecvt_unicode_char.cc (execution test), shared
FAIL: 22_locale/codecvt_unicode_wchar_t.cc (execution test), static
FAIL: 22_locale/codecvt_unicode_wchar_t.cc (execution test), shared
FAIL: 21_strings/ctor_copy_dtor.cc (execution test), static
FAIL: 21_strings/insert.cc (execution test), static
FAIL: 27_io/ios_members.cc (execution test), static
=== libstdc++ Summary ===
# of expected passes 403
# of unexpected failures 7
# of expected failures 16
/home/ritzert/compile/gcc/HEAD/gcc/libstdc++-v3 version 20010417
=== gcc tests ===
Running target unix
FAIL: gcc.c-torture/execute/20010114-2.c execution, -O1
FAIL: gcc.c-torture/execute/20010114-2.c execution, -O2
FAIL: gcc.c-torture/execute/20010114-2.c execution, -Os
FAIL: gcc.c-torture/execute/loop-2b.c execution, -O2
FAIL: gcc.dg/20000724-1.c execution test
=== gcc Summary ===
# of expected passes 15257
# of unexpected failures 5
# of expected failures 84
# of unsupported tests 21
/home/ritzert/compile/gcc/HEAD/apathix.realtech.de-auto/gcc/xgcc version 3.1 20010428 (experimental)
=== g++ tests ===
Running target unix
FAIL: g++.ext/instantiate1.C not instantiated (test for errors, line 20)
XPASS: g++.other/crash27.C (test for excess errors)
=== g++ Summary ===
# of expected passes 6457
# of unexpected failures 1
# of unexpected successes 1
# of expected failures 102
# of untested testcases 9
/home/ritzert/compile/gcc/HEAD/apathix.realtech.de-auto/gcc/testsuite/../g++ version 3.1 20010428 (experimental)
Compiler version: 3.1 20010428 (experimental)
Platform: i686-pc-linux-gnu
configure flags: --host=i686-pc-linux-gnu --enable-languages=c++ --enable-threads --prefix=/opt/gcc