This is the mail archive of the
gcc-testresults@gcc.gnu.org
mailing list for the GCC project.
Results for 3.1 20010426 (experimental) testsuite on i686-pc-linux-gnu
- To: gcc-testresults at gcc dot gnu dot org
- Subject: Results for 3.1 20010426 (experimental) testsuite on i686-pc-linux-gnu
- From: David Ronis <ronis at ronispc dot chem dot mcgill dot ca>
- Date: Fri, 27 Apr 2001 09:51:15 -0400
Native configuration is i686-pc-linux-gnu
=== libstdc++ tests ===
Running target unix
=== libstdc++ Summary ===
/home/ronis/Project/notar/gcc/libstdc++-v3 version 20010417
=== libjava tests ===
Running target unix
FAIL: ArrayClass compilation from bytecode
FAIL: ArrayClass -O compilation from bytecode
FAIL: BlankFinal compilation from bytecode
FAIL: BlankFinal -O compilation from bytecode
FAIL: assignment compilation from bytecode
FAIL: assignment -O compilation from bytecode
FAIL: Array_1 compilation from bytecode
FAIL: Array_1 -O compilation from bytecode
FAIL: Class_1 compilation from bytecode
FAIL: Class_1 -O compilation from bytecode
FAIL: Divide_1 execution from source compiled test
FAIL: Divide_1 compilation from bytecode
FAIL: Divide_1 -O execution from source compiled test
FAIL: Divide_1 -O compilation from bytecode
FAIL: Final compilation from bytecode
FAIL: Final -O compilation from bytecode
FAIL: G19990302_02 execution from source compiled test
FAIL: G19990302_02 compilation from bytecode
FAIL: G19990302_02 -O execution from source compiled test
FAIL: G19990302_02 -O compilation from bytecode
FAIL: G19990303_01 execution from source compiled test
FAIL: G19990303_01 compilation from bytecode
FAIL: G19990303_01 -O execution from source compiled test
FAIL: G19990303_01 -O compilation from bytecode
FAIL: G19990303_02 execution from source compiled test
FAIL: G19990303_02 compilation from bytecode
FAIL: G19990303_02 -O execution from source compiled test
FAIL: G19990303_02 -O compilation from bytecode
FAIL: G19990304_01 execution from source compiled test
FAIL: G19990304_01 compilation from bytecode
FAIL: G19990304_01 -O execution from source compiled test
FAIL: G19990304_01 -O compilation from bytecode
FAIL: InterfaceDispatch execution from source compiled test
FAIL: InterfaceDispatch compilation from bytecode
FAIL: InterfaceDispatch -O execution from source compiled test
FAIL: InterfaceDispatch -O compilation from bytecode
FAIL: Invoke_1 execution from source compiled test
FAIL: Invoke_1 compilation from bytecode
FAIL: Invoke_1 -O execution from source compiled test
FAIL: Invoke_1 -O compilation from bytecode
XPASS: N19990310_4 output from source compiled test
XPASS: N19990310_4 -O output from source compiled test
FAIL: PR141 compilation from bytecode
FAIL: PR141 -O compilation from bytecode
FAIL: PR218 execution from source compiled test
FAIL: PR218 compilation from bytecode
FAIL: PR218 -O execution from source compiled test
FAIL: PR218 -O compilation from bytecode
FAIL: PR260 compilation from bytecode
FAIL: PR260 -O compilation from bytecode
FAIL: StringBuffer_1 compilation from bytecode
FAIL: StringBuffer_1 -O compilation from bytecode
FAIL: Thread_Alive execution from source compiled test
FAIL: Thread_Alive compilation from bytecode
FAIL: Thread_Alive -O execution from source compiled test
FAIL: Thread_Alive -O compilation from bytecode
FAIL: Thread_Interrupt execution from source compiled test
FAIL: Thread_Interrupt compilation from bytecode
FAIL: Thread_Interrupt -O execution from source compiled test
FAIL: Thread_Interrupt -O compilation from bytecode
FAIL: Thread_Join compilation from bytecode
FAIL: Thread_Join -O compilation from bytecode
FAIL: Thread_Monitor compilation from bytecode
FAIL: Thread_Monitor -O compilation from bytecode
FAIL: Thread_Sleep compilation from bytecode
FAIL: Thread_Sleep -O compilation from bytecode
FAIL: Thread_Wait compilation from bytecode
FAIL: Thread_Wait -O compilation from bytecode
FAIL: Thread_Wait_2 execution from source compiled test
FAIL: Thread_Wait_2 compilation from bytecode
FAIL: Thread_Wait_2 -O execution from source compiled test
FAIL: Thread_Wait_2 -O compilation from bytecode
FAIL: Thread_Wait_Interrupt execution from source compiled test
FAIL: Thread_Wait_Interrupt compilation from bytecode
FAIL: Thread_Wait_Interrupt -O execution from source compiled test
FAIL: Thread_Wait_Interrupt -O compilation from bytecode
FAIL: Throw_1 compilation from bytecode
FAIL: Throw_1 -O compilation from bytecode
XPASS: err11 compilation from bytecode
XPASS: err11 -O compilation from bytecode
FAIL: instinit2 compilation from bytecode
FAIL: instinit2 -O compilation from bytecode
FAIL: klass execution from source compiled test
FAIL: klass execution from bytecode->native test
FAIL: klass -O execution from source compiled test
FAIL: klass -O execution from bytecode->native test
FAIL: pr179 compilation from bytecode
FAIL: pr179 -O compilation from bytecode
FAIL: pr184 compilation from bytecode
FAIL: pr184 -O compilation from bytecode
FAIL: pr83 compilation from bytecode
FAIL: pr83 -O compilation from bytecode
XPASS: stringconst output from bytecode->native test
XPASS: stringconst -O output from bytecode->native test
FAIL: stringconst2 compilation from bytecode
FAIL: stringconst2 -O compilation from bytecode
=== libjava Summary ===
# of expected passes 1436
# of unexpected failures 90
# of unexpected successes 6
# of expected failures 18
# of untested testcases 166
=== gcc tests ===
Running target unix
FAIL: gcc.c-torture/execute/20010114-2.c execution, -O1
FAIL: gcc.c-torture/execute/20010114-2.c execution, -O2
FAIL: gcc.c-torture/execute/20010114-2.c execution, -Os
FAIL: gcc.c-torture/execute/loop-2b.c execution, -O2
FAIL: gcc.dg/20000724-1.c execution test
=== gcc Summary ===
# of expected passes 15257
# of unexpected failures 5
# of expected failures 84
# of unsupported tests 21
/home/ronis/Project/notar/objdir/gcc/xgcc version 3.1 20010426 (experimental)
=== g++ tests ===
Running target unix
FAIL: g++.abi/cxa_vec.C Execution test
FAIL: g++.benjamin/15071.C Execution test
FAIL: g++.brendan/copy9.C Execution test
FAIL: g++.brendan/delete2.C Execution test
FAIL: g++.brendan/dtors2.C Execution test
FAIL: g++.brendan/dtors3.C Execution test
FAIL: g++.brendan/nest21.C Execution test
FAIL: g++.brendan/new3.C Execution test
FAIL: g++.brendan/ptolemy2.C Execution test
FAIL: g++.eh/pdel1.C Execution test
FAIL: g++.eh/spec3.C Execution test
FAIL: g++.ext/delvoid.C Execution test
FAIL: g++.ext/instantiate1.C not instantiated (test for errors, line 20)
FAIL: g++.jason/2371.C Execution test
FAIL: g++.jason/init3.C Execution test
FAIL: g++.jason/new5.C Execution test
FAIL: g++.jason/template24.C Execution test
FAIL: g++.jason/template31.C Execution test
FAIL: g++.jason/template40.C Execution test
FAIL: g++.jason/typeid1.C Execution test
FAIL: g++.jason/vecdel.C Execution test
FAIL: g++.law/arg8.C Execution test
FAIL: g++.law/code-gen5.C Execution test
FAIL: g++.law/ctors12.C Execution test
FAIL: g++.law/ctors15.C Execution test
FAIL: g++.law/cvt2.C Execution test
FAIL: g++.law/operators15.C Execution test
FAIL: g++.law/scope2.C Execution test
FAIL: g++.law/virtual3.C Execution test
FAIL: g++.mike/dyncast1.C Execution test
FAIL: g++.mike/dyncast2.C Execution test
FAIL: g++.mike/dyncast5.C Execution test
FAIL: g++.mike/eh2.C Execution test
FAIL: g++.mike/net34.C Execution test
FAIL: g++.mike/net40.C Execution test
FAIL: g++.mike/net46.C Execution test
FAIL: g++.mike/p11667.C Execution test
FAIL: g++.mike/p4246.C Execution test
FAIL: g++.mike/p4736c.C Execution test
FAIL: g++.mike/p658.C Execution test
FAIL: g++.mike/p8018.C Execution test
FAIL: g++.mike/thunk2.C Execution test
FAIL: g++.mike/thunk3.C Execution test
FAIL: g++.mike/virt5.C Execution test
XPASS: g++.other/crash27.C (test for excess errors)
FAIL: g++.other/delete3.C Execution test
FAIL: g++.other/delete7.C Execution test
FAIL: g++.other/headers1.C Execution test
FAIL: g++.other/sibcall1.C Execution test
FAIL: g++.robertl/eb115.C Execution test
FAIL: g++.robertl/eb118.C Execution test
FAIL: g++.robertl/eb21.C Execution test
FAIL: g++.robertl/eb27.C Execution test
FAIL: g++.robertl/eb31.C Execution test
FAIL: g++.robertl/eb41.C Execution test
FAIL: g++.robertl/eb46.C Execution test
FAIL: g++.robertl/eb54.C Execution test
FAIL: g++.robertl/eb66.C Execution test
FAIL: g++.robertl/eb73.C Execution test
FAIL: g++.robertl/eb77.C Execution test
=== g++ Summary ===
# of expected passes 6404
# of unexpected failures 59
# of unexpected successes 1
# of expected failures 87
# of untested testcases 9
/home/ronis/Project/notar/objdir/gcc/testsuite/../g++ version 3.1 20010426 (experimental)
=== g77 tests ===
Running target unix
=== g77 Summary ===
# of expected passes 941
=== objc tests ===
Running target unix
FAIL: objc/execute/formal_protocol-5.m compilation, -O
FAIL: objc/execute/formal_protocol-6.m compilation, -O
FAIL: objc/execute/protocol.m compilation, -O
=== objc Summary ===
# of expected passes 140
# of unexpected failures 3
# of untested testcases 3
/home/ronis/Project/notar/objdir/gcc/xgcc version 3.1 20010426 (experimental)
Compiler version: 3.1 20010426 (experimental)
Platform: i686-pc-linux-gnu
configure flags: --host=i686-pc-linux-gnu --prefix=/usr --with-gnu-as --enable-shared --with-gnu-ld --enable-threads=posix
BOOT_CFLAGS=-O3 -march=i686 -funroll-loops -ffast-math -fomit-frame-pointer -fforce-mem -fforce-addr -malign-jumps=3 -malign-functions=3 -malign-loops=3 -mpreferred-stack-boundary=3
CFLAGS (set before configure)=-O3 -march=i686 -funroll-loops -ffast-math -fomit-frame-pointer -fforce-mem -fforce-addr -malign-jumps=3 -malign-functions=3 -malign-loops=3 -mpreferred-stack-boundary=3
CXXFLAGS (set before configure)=-O3 -march=i686 -funroll-loops -ffast-math -fomit-frame-pointer -fforce-mem -fforce-addr -malign-jumps=3 -malign-functions=3 -malign-loops=3 -mpreferred-stack-boundary=3
Counting all warnings,
there are 118 warnings in stage3 of this bootstrap.
Number of warnings per file:
27 gcc/combine.c
6 gcc/cse.c
6 gcc/cp/pt.c
5 gcc/cp/error.c
4 gcc/reg-stack.c
4 gcc/java/lex.c
4 gcc/expr.c
4 gcc/except.c
4 gcc/cp/call.c
4 gcc/config/i386/i386.c
3 gcc/sched-deps.c
3 gcc/reload1.c
3 gcc/java/jvspec.c
3 gcc/gcc.c
3 gcc/config/i386/i386.md
2 gcc/unwind-dw2.c
2 gcc/reload.c
2 gcc/java/typeck.c
2 gcc/java/jcf-io.c
2 gcc/function.c
2 gcc/fold-const.c
2 gcc/flow.c
2 gcc/dwarf2out.c
2 gcc/alias.c
1 insn-output.c
1 insn-emit.c
1 gcc/unwind-dw2-fde.c
1 gcc/resource.c
1 gcc/regmove.c
1 gcc/recog.c
1 gcc/objc/lang-specs.h
1 gcc/java/verify.c
1 gcc/java/mangle.c
1 gcc/final.c
1 gcc/f/lang-specs.h
1 gcc/expmed.c
1 gcc/dwarfout.c
1 gcc/cp/lang-specs.h
1 gcc/cp/init.c
1 gcc/cp/errfn.c
1 gcc/builtins.c
Number of warning types:
58 comparison between signed and unsigned
17 \`???' might be used uninitialized in this function
7 string length \`???' is greater than the length \`???' ISO C89 compilers are required to support
6 signed and unsigned type in conditional expression
6 passing arg ??? of \`???' from incompatible pointer type
5 unused variable \`???'
5 initialization from incompatible pointer type
3 function declaration isn't a prototype
2 unused parameter \`???'
2 destination missing a mode?
1 pointer targets in passing arg ??? of \`???' differ in signedness
1 passing arg ??? of \`???' makes pointer from integer without a cast
1 passing arg ??? of \`???' discards qualifiers from pointer target type
1 operand 0 missing mode?
1 implicit declaration of function \`???'
1 control reaches end of non-void function
1 ??? format, ??? arg (arg ???)