This is the mail archive of the
gcc-testresults@gcc.gnu.org
mailing list for the GCC project.
Results for 3.0 20010426 (prerelease) testsuite on alphaev6-unknown-linux-gnu
- To: gcc-testresults at gcc dot gnu dot org
- Subject: Results for 3.0 20010426 (prerelease) testsuite on alphaev6-unknown-linux-gnu
- From: Brad Lucier <lucier at popov dot math dot purdue dot edu>
- Date: Thu, 26 Apr 2001 18:11:46 -0500
Native configuration is alphaev6-unknown-linux-gnu
=== libjava tests ===
Running target unix
XPASS: N19990310_4 output from source compiled test
XPASS: N19990310_4 -O output from source compiled test
FAIL: Primes output from source compiled test
FAIL: Primes output from bytecode->native test
FAIL: Primes -O output from source compiled test
FAIL: Primes -O output from bytecode->native test
FAIL: Thread_Alive execution from source compiled test
FAIL: Thread_Alive execution from bytecode->native test
FAIL: Thread_Alive -O execution from source compiled test
FAIL: Thread_Alive -O execution from bytecode->native test
FAIL: Thread_Interrupt execution from source compiled test
FAIL: Thread_Interrupt execution from bytecode->native test
FAIL: Thread_Interrupt -O execution from source compiled test
FAIL: Thread_Interrupt -O execution from bytecode->native test
FAIL: Thread_Join execution from source compiled test
FAIL: Thread_Join execution from bytecode->native test
FAIL: Thread_Join -O execution from source compiled test
FAIL: Thread_Join -O execution from bytecode->native test
FAIL: Thread_Monitor execution from source compiled test
FAIL: Thread_Monitor execution from bytecode->native test
FAIL: Thread_Monitor -O execution from source compiled test
FAIL: Thread_Monitor -O execution from bytecode->native test
FAIL: Thread_Wait execution from source compiled test
FAIL: Thread_Wait execution from bytecode->native test
FAIL: Thread_Wait -O execution from source compiled test
FAIL: Thread_Wait -O execution from bytecode->native test
FAIL: Thread_Wait_2 execution from source compiled test
FAIL: Thread_Wait_2 execution from bytecode->native test
FAIL: Thread_Wait_2 -O execution from source compiled test
FAIL: Thread_Wait_2 -O execution from bytecode->native test
FAIL: Thread_Wait_Interrupt execution from source compiled test
FAIL: Thread_Wait_Interrupt execution from bytecode->native test
FAIL: Thread_Wait_Interrupt -O execution from source compiled test
FAIL: Thread_Wait_Interrupt -O execution from bytecode->native test
XPASS: err11 compilation from bytecode
XPASS: err11 -O compilation from bytecode
FAIL: klass execution from source compiled test
FAIL: klass execution from bytecode->native test
FAIL: klass -O execution from source compiled test
FAIL: klass -O execution from bytecode->native test
XPASS: stringconst output from bytecode->native test
XPASS: stringconst -O output from bytecode->native test
XPASS: stub compilation from source
XPASS: stub byte compilation
XPASS: stub compilation from bytecode
XPASS: stub -O compilation from source
XPASS: stub byte compilation
XPASS: stub -O compilation from bytecode
=== libjava Summary ===
# of expected passes 1606
# of unexpected failures 36
# of unexpected successes 12
# of expected failures 14
# of untested testcases 48
=== gcc tests ===
Running target unix
FAIL: gcc.c-torture/execute/20010123-1.c execution, -O0
FAIL: gcc.c-torture/execute/20010123-1.c execution, -O1
FAIL: gcc.c-torture/execute/20010123-1.c execution, -O2
FAIL: gcc.c-torture/execute/20010123-1.c execution, -O3 -fomit-frame-pointer
FAIL: gcc.c-torture/execute/20010123-1.c execution, -O3 -fomit-frame-pointer -funroll-loops
FAIL: gcc.c-torture/execute/20010123-1.c execution, -O3 -fomit-frame-pointer -funroll-all-loops -finline-functions
FAIL: gcc.c-torture/execute/20010123-1.c execution, -O3 -g
FAIL: gcc.c-torture/execute/20010123-1.c execution, -Os
XPASS: gcc.c-torture/execute/memcheck/blkarg.c execution, -O0
XPASS: gcc.c-torture/execute/memcheck/blkarg.c execution, -O1
XPASS: gcc.c-torture/execute/memcheck/blkarg.c execution, -O2
XPASS: gcc.c-torture/execute/memcheck/blkarg.c execution, -Os
FAIL: gcc.dg/sequence-pt-1.c sequence point warning (test for warnings, line 59)
=== gcc Summary ===
# of expected passes 15084
# of unexpected failures 9
# of unexpected successes 4
# of expected failures 72
# of unsupported tests 49
/export/u11/lucier/programs/gcc/gcc-3.0/objdir/gcc/xgcc version 3.0 20010426 (prerelease)
=== g++ tests ===
Running target unix
FAIL: g++.eh/badalloc1.C Execution test
FAIL: g++.ext/instantiate1.C not instantiated (test for errors, line 20)
FAIL: g++.ext/instantiate1.C not instantiated (test for errors, line 22)
FAIL: g++.ext/instantiate2.C not instantiated (test for errors, line 19)
FAIL: g++.ext/instantiate3.C not instantiated (test for errors, line 13)
FAIL: g++.other/call1.C Execution test
FAIL: g++.other/crash31.C parse error (test for errors, line 11)
FAIL: g++.other/crash31.C (test for excess errors)
=== g++ Summary ===
# of expected passes 6399
# of unexpected failures 8
# of expected failures 101
# of untested testcases 19
/export/u11/lucier/programs/gcc/gcc-3.0/objdir/gcc/testsuite/../g++ version 3.0 20010426 (prerelease)
=== g77 tests ===
Running target unix
=== g77 Summary ===
# of expected passes 925
# of unsupported tests 8
=== objc tests ===
Running target unix
FAIL: objc/execute/formal_protocol-5.m compilation, -O
FAIL: objc/execute/formal_protocol-6.m compilation, -O
FAIL: objc/execute/protocol.m compilation, -O
=== objc Summary ===
# of expected passes 140
# of unexpected failures 3
# of untested testcases 3
/export/u11/lucier/programs/gcc/gcc-3.0/objdir/gcc/xgcc version 3.0 20010426 (prerelease)
Compiler version: 3.0 20010426 (prerelease)
Platform: alphaev6-unknown-linux-gnu
configure flags: --host=alphaev6-unknown-linux-gnu
Counting all warnings,
there are 51 warnings in stage3 of this bootstrap.
Number of warnings per file:
6 gcc/cp/pt.c
5 gcc/cp/error.c
4 gcc/cp/call.c
3 gcc/reload1.c
3 gcc/java/jvspec.c
3 gcc/gcc.c
3 gcc/config/alpha/alpha.c
2 gcc/reload.c
2 gcc/java/typeck.c
2 gcc/expr.c
1 gcc/sdbout.c
1 gcc/sched-deps.c
1 gcc/regmove.c
1 gcc/objc/lang-specs.h
1 gcc/jump.c
1 gcc/java/verify.c
1 gcc/java/mangle.c
1 gcc/java/jcf-write.c
1 gcc/fold-const.c
1 gcc/final.c
1 gcc/f/lang-specs.h
1 gcc/cppexp.c
1 gcc/cp/typeck2.c
1 gcc/cp/method.c
1 gcc/cp/lang-specs.h
1 gcc/cp/errfn.c
1 gcc/combine.c
1 gcc/builtins.c
Number of warning types:
18 comparison between signed and unsigned
13 \`???' might be used uninitialized in this function
6 string length \`???' is greater than the length \`???' ISO C89 compilers are required to support
5 initialization from incompatible pointer type
2 function declaration isn't a prototype
1 unused variable \`???'
1 unused parameter \`???'
1 traditional C rejects string concatenation
1 pointer targets in passing arg ??? of \`???' differ in signedness
1 assignment discards qualifiers from pointer target type
1 \`long' switch expression not converted to \`int' in ISO C
1 \`???' declared \`static' but never defined