This is the mail archive of the
gcc-testresults@gcc.gnu.org
mailing list for the GCC project.
Results for 3.1 20010405 (experimental) testsuite on i686-pc-linux-gnu
- To: gcc-testresults at gcc dot gnu dot org
- Subject: Results for 3.1 20010405 (experimental) testsuite on i686-pc-linux-gnu
- From: Michael Ritzert <michael dot ritzert at realtech dot de>
- Date: Thu, 5 Apr 2001 17:27:17 +0200
Native configuration is i686-pc-linux-gnu
=== libstdc++ tests ===
Running target unix
FAIL: 22_locale/ctor_copy_dtor.cc (execution test), static
FAIL: 22_locale/ctor_copy_dtor.cc (execution test), shared
FAIL: 22_locale/codecvt_unicode_char.cc (execution test), static
FAIL: 22_locale/codecvt_unicode_char.cc (execution test), shared
FAIL: 22_locale/codecvt_unicode_wchar_t.cc (execution test), static
FAIL: 22_locale/codecvt_unicode_wchar_t.cc (execution test), shared
FAIL: 23_containers/vector_element_access.cc (execution test), shared
FAIL: 23_containers/bitset_ctor.cc (execution test), shared
FAIL: 23_containers/map_operators.cc (test for excess errors), static
FAIL: 23_containers/map_operators.cc (test for excess errors), shared
FAIL: 23_containers/set_operators.cc (test for excess errors), static
FAIL: 23_containers/set_operators.cc (test for excess errors), shared
FAIL: 19_diagnostics/stdexceptions.cc (execution test), shared
FAIL: 21_strings/ctor_copy_dtor.cc (execution test), static
FAIL: 21_strings/ctor_copy_dtor.cc (execution test), shared
FAIL: 21_strings/insert.cc (execution test), static
FAIL: 21_strings/insert.cc (execution test), shared
FAIL: 21_strings/substr.cc (execution test), shared
FAIL: 21_strings/element_access.cc (execution test), shared
FAIL: 21_strings/append.cc (execution test), static
FAIL: 21_strings/append.cc (execution test), shared
FAIL: 27_io/istream_seeks.cc (execution test), static
FAIL: 27_io/istream_seeks.cc (execution test), shared
FAIL: 27_io/ios_members.cc (execution test), shared
=== libstdc++ Summary ===
# of expected passes 386
# of unexpected failures 24
/home/ritzert/compile/gcc/HEAD/gcc/libstdc++-v3 version 20010301
=== gcc tests ===
Running target unix
FAIL: gcc.c-torture/compile/20001226-1.c, -O3 -fomit-frame-pointer
FAIL: gcc.c-torture/execute/20010114-2.c execution, -O1
FAIL: gcc.c-torture/execute/20010114-2.c execution, -O2
FAIL: gcc.c-torture/execute/20010114-2.c execution, -Os
FAIL: gcc.c-torture/execute/loop-2b.c execution, -O2
FAIL: gcc.dg/20000720-1.c (test for excess errors)
FAIL: gcc.dg/20000724-1.c execution test
=== gcc Summary ===
# of expected passes 15162
# of unexpected failures 7
# of expected failures 93
# of unsupported tests 20
/home/ritzert/compile/gcc/HEAD/xena/gcc/xgcc version 3.1 20010405 (experimental)
=== g++ tests ===
Running target unix
FAIL: g++.ext/instantiate1.C not instantiated (test for errors, line 20)
XPASS: g++.other/crash27.C (test for excess errors)
=== g++ Summary ===
# of expected passes 6431
# of unexpected failures 1
# of unexpected successes 1
# of expected failures 87
# of untested testcases 9
/home/ritzert/compile/gcc/HEAD/xena/gcc/testsuite/../g++ version 3.1 20010405 (experimental)
Compiler version: 3.1 20010405 (experimental)
Platform: i686-pc-linux-gnu
configure flags: --host=i686-pc-linux-gnu --enable-languages=c++ --enable-threads --prefix=/opt/gcc