This is the mail archive of the
gcc-testresults@gcc.gnu.org
mailing list for the GCC project.
Results for 3.1 20010313 (experimental) gcc testsuite on i686-pc-linux-gnu
- To: gcc-testresults at gcc dot gnu dot org
- Subject: Results for 3.1 20010313 (experimental) gcc testsuite on i686-pc-linux-gnu
- From: Gordon Sadler <gbsadler1 at lcisp dot com>
- Date: Tue, 13 Mar 2001 16:05:39 -0600
Native configuration is i686-pc-linux-gnu
=== gcc tests ===
Running target unix
FAIL: gcc.c-torture/execute/20010114-2.c execution, -O1
FAIL: gcc.c-torture/execute/20010114-2.c execution, -O2
FAIL: gcc.c-torture/execute/20010114-2.c execution, -Os
FAIL: gcc.c-torture/execute/loop-2b.c execution, -O2
FAIL: gcc.dg/20000724-1.c execution test
FAIL: gcc.dg/20001117-1.c (test for excess errors)
FAIL: gcc.dg/format/c90-scanf-1.c writing into NULL (test for warnings, line 118)
FAIL: gcc.dg/format/c90-scanf-1.c (test for excess errors)
FAIL: gcc.dg/format/c99-scanf-1.c %hhu sign (test for warnings, line 144)
FAIL: gcc.dg/format/c99-scanf-1.c (test for excess errors)
FAIL: gcc.dg/format/xopen-1.c multiple use of scanf argument (test for warnings, line 115)
=== gcc Summary ===
# of expected passes 15095
# of unexpected failures 11
# of expected failures 93
# of unsupported tests 20
/home/gbsadler/gcc-ss/gcc/xgcc version 3.1 20010313 (experimental)
Compiler version: 3.1 20010313 (experimental) gcc
Platform: i686-pc-linux-gnu
configure flags: --host=i686-pc-linux-gnu --prefix=/home/gbsadler/gcc-2001-03-13
Counting all warnings,
there are 73 warnings in stage3 of this bootstrap.
Number of warnings per file:
29 gcc/combine.c
6 gcc/cse.c
4 gcc/reg-stack.c
4 gcc/config/i386/i386.c
3 gcc/reload1.c
3 gcc/gcc.c
2 insn-emit.c
2 hashtab.c
2 gcc/reload.c
2 gcc/function.c
2 gcc/fold-const.c
2 gcc/expr.c
2 gcc/config/i386/i386.md
2 gcc/alias.c
1 insn-output.c
1 gcc/sched-deps.c
1 gcc/resource.c
1 gcc/regmove.c
1 gcc/final.c
1 gcc/expmed.c
1 gcc/dwarfout.c
1 gcc/dwarf2out.c
Number of warning types:
48 comparison between signed and unsigned
4 unused variable \`???'
4 signed and unsigned type in conditional expression
4 \`???' might be used uninitialized in this function
3 string length \`???' is greater than the length \`???' ISO C89 compilers are required to support
2 passing arg ??? of \`???' from incompatible pointer type
2 destination missing a mode?
1 pointer targets in passing arg ??? of \`???' differ in signedness
1 passing arg ??? of \`???' discards qualifiers from pointer target type
1 integer constant is unsigned in ISO C, signed with -traditional
1 decimal constant is so large that it is unsigned
1 control reaches end of non-void function
1 ??? format, ??? arg (arg ???)