This is the mail archive of the gcc-testresults@gcc.gnu.org mailing list for the GCC project.


Index Nav: [Date Index] [Subject Index] [Author Index] [Thread Index]
Message Nav: [Date Prev] [Date Next] [Thread Prev] [Thread Next]

Results for 3.0 20010221 (prerelease) testsuite on alpha-dec-osf4.0f


Native configuration is alpha-dec-osf4.0f

		=== gcc tests ===


Running target unix
FAIL: gcc.c-torture/compile/20001226-1.c,  -O2  
FAIL: gcc.c-torture/compile/20001226-1.c,  -O3 -fomit-frame-pointer  
FAIL: gcc.c-torture/compile/20001226-1.c,  -O3 -g  
FAIL: gcc.c-torture/compile/20001226-1.c,  -Os  
FAIL: gcc.c-torture/execute/20001229-1.c compilation,  -O0 
FAIL: gcc.c-torture/execute/20001229-1.c compilation,  -O1 
FAIL: gcc.c-torture/execute/20001229-1.c compilation,  -O2 
FAIL: gcc.c-torture/execute/20001229-1.c compilation,  -O3 -fomit-frame-pointer 
FAIL: gcc.c-torture/execute/20001229-1.c compilation,  -O3 -g 
FAIL: gcc.c-torture/execute/20001229-1.c compilation,  -Os 
FAIL: gcc.c-torture/execute/20010123-1.c execution,  -O0 
FAIL: gcc.c-torture/execute/20010123-1.c execution,  -O1 
FAIL: gcc.c-torture/execute/20010123-1.c execution,  -O2 
FAIL: gcc.c-torture/execute/20010123-1.c execution,  -O3 -fomit-frame-pointer 
FAIL: gcc.c-torture/execute/20010123-1.c execution,  -O3 -fomit-frame-pointer -funroll-loops 
FAIL: gcc.c-torture/execute/20010123-1.c execution,  -O3 -fomit-frame-pointer -funroll-all-loops -finline-functions 
FAIL: gcc.c-torture/execute/20010123-1.c execution,  -O3 -g 
FAIL: gcc.c-torture/execute/20010123-1.c execution,  -Os 
FAIL: gcc.c-torture/execute/20010124-1.c execution,  -O0 
FAIL: gcc.c-torture/execute/20010124-1.c execution,  -O1 
FAIL: gcc.c-torture/execute/20010124-1.c execution,  -O2 
FAIL: gcc.c-torture/execute/20010124-1.c execution,  -O3 -fomit-frame-pointer 
FAIL: gcc.c-torture/execute/20010124-1.c execution,  -O3 -g 
FAIL: gcc.c-torture/execute/20010124-1.c execution,  -Os 
FAIL: gcc.c-torture/execute/builtin-abs-1.c compilation,  -O0 
FAIL: gcc.c-torture/execute/builtin-abs-1.c compilation,  -O1 
FAIL: gcc.c-torture/execute/builtin-abs-1.c compilation,  -O2 
FAIL: gcc.c-torture/execute/builtin-abs-1.c compilation,  -O3 -fomit-frame-pointer 
FAIL: gcc.c-torture/execute/builtin-abs-1.c compilation,  -O3 -g 
FAIL: gcc.c-torture/execute/builtin-abs-1.c compilation,  -Os 
FAIL: gcc.c-torture/execute/builtin-abs-2.c compilation,  -O0 
FAIL: gcc.c-torture/execute/builtin-abs-2.c compilation,  -O1 
FAIL: gcc.c-torture/execute/builtin-abs-2.c compilation,  -O2 
FAIL: gcc.c-torture/execute/builtin-abs-2.c compilation,  -O3 -fomit-frame-pointer 
FAIL: gcc.c-torture/execute/builtin-abs-2.c compilation,  -O3 -g 
FAIL: gcc.c-torture/execute/builtin-abs-2.c compilation,  -Os 
FAIL: gcc.c-torture/execute/stdio-opt-3.c compilation,  -O0 
FAIL: gcc.c-torture/execute/stdio-opt-3.c compilation,  -O1 
FAIL: gcc.c-torture/execute/stdio-opt-3.c compilation,  -O2 
FAIL: gcc.c-torture/execute/stdio-opt-3.c compilation,  -O3 -fomit-frame-pointer 
FAIL: gcc.c-torture/execute/stdio-opt-3.c compilation,  -O3 -g 
FAIL: gcc.c-torture/execute/stdio-opt-3.c compilation,  -Os 
FAIL: gcc.c-torture/execute/ieee/20000320-1.c execution,  -O0 
FAIL: gcc.c-torture/execute/ieee/20000320-1.c execution,  -O1 
FAIL: gcc.c-torture/execute/ieee/20000320-1.c execution,  -O2 
FAIL: gcc.c-torture/execute/ieee/20000320-1.c execution,  -O3 -fomit-frame-pointer 
FAIL: gcc.c-torture/execute/ieee/20000320-1.c execution,  -O3 -g 
FAIL: gcc.c-torture/execute/ieee/20000320-1.c execution,  -Os 
FAIL: gcc.c-torture/execute/ieee/fp-cmp-2.c execution,  -O0 
FAIL: gcc.c-torture/execute/ieee/fp-cmp-2.c execution,  -O1 
FAIL: gcc.c-torture/execute/ieee/fp-cmp-2.c execution,  -O2 
FAIL: gcc.c-torture/execute/ieee/fp-cmp-2.c execution,  -O3 -fomit-frame-pointer 
FAIL: gcc.c-torture/execute/ieee/fp-cmp-2.c execution,  -O3 -fomit-frame-pointer -funroll-loops 
FAIL: gcc.c-torture/execute/ieee/fp-cmp-2.c execution,  -O3 -fomit-frame-pointer -funroll-all-loops -finline-functions 
FAIL: gcc.c-torture/execute/ieee/fp-cmp-2.c execution,  -O3 -g 
FAIL: gcc.c-torture/execute/ieee/fp-cmp-2.c execution,  -Os 
FAIL: gcc.c-torture/execute/ieee/fp-cmp-4.c execution,  -O0 
FAIL: gcc.c-torture/execute/ieee/fp-cmp-4.c execution,  -O1 
FAIL: gcc.c-torture/execute/ieee/fp-cmp-4.c execution,  -O2 
FAIL: gcc.c-torture/execute/ieee/fp-cmp-4.c execution,  -O3 -fomit-frame-pointer 
FAIL: gcc.c-torture/execute/ieee/fp-cmp-4.c execution,  -O3 -fomit-frame-pointer -funroll-loops 
FAIL: gcc.c-torture/execute/ieee/fp-cmp-4.c execution,  -O3 -fomit-frame-pointer -funroll-all-loops -finline-functions 
FAIL: gcc.c-torture/execute/ieee/fp-cmp-4.c execution,  -O3 -g 
FAIL: gcc.c-torture/execute/ieee/fp-cmp-4.c execution,  -Os 
FAIL: gcc.c-torture/execute/ieee/hugeval.c execution,  -O0 
FAIL: gcc.c-torture/execute/ieee/hugeval.c execution,  -O1 
FAIL: gcc.c-torture/execute/ieee/hugeval.c execution,  -O2 
FAIL: gcc.c-torture/execute/ieee/hugeval.c execution,  -O3 -fomit-frame-pointer 
FAIL: gcc.c-torture/execute/ieee/hugeval.c execution,  -O3 -g 
FAIL: gcc.c-torture/execute/ieee/hugeval.c execution,  -Os 
FAIL: gcc.c-torture/execute/ieee/mzero2.c execution,  -O0 
FAIL: gcc.c-torture/execute/ieee/mzero2.c execution,  -O1 
FAIL: gcc.c-torture/execute/ieee/mzero2.c execution,  -O2 
FAIL: gcc.c-torture/execute/ieee/mzero2.c execution,  -O3 -fomit-frame-pointer 
FAIL: gcc.c-torture/execute/ieee/mzero2.c execution,  -O3 -g 
FAIL: gcc.c-torture/execute/ieee/mzero2.c execution,  -Os 
XPASS: gcc.c-torture/execute/memcheck/blkarg.c execution,  -O0 
XPASS: gcc.c-torture/execute/memcheck/blkarg.c execution,  -O1 
XPASS: gcc.c-torture/execute/memcheck/blkarg.c execution,  -O2 
XPASS: gcc.c-torture/execute/memcheck/blkarg.c execution,  -Os 
FAIL: gcc.dg/asm-fs-1.c (test for excess errors)
FAIL: gcc.dg/sequence-pt-1.c sequence point warning (test for warnings, line 59)

		=== gcc Summary ===

# of expected passes		14845
# of unexpected failures	78
# of unexpected successes	4
# of expected failures		72
# of unresolved testcases	27
# of unsupported tests		55
/tmp/gcc/gcc/xgcc version 3.0 20010221 (prerelease)

		=== g++ tests ===


Running target unix
FAIL: g++.dg/vtgc1.C (test for excess errors)
FAIL: g++.abi/cxa_vec.C (test for excess errors)
FAIL: g++.benjamin/15071.C (test for excess errors)
FAIL: g++.brendan/copy9.C (test for excess errors)
FAIL: g++.brendan/nest21.C (test for excess errors)
FAIL: g++.brendan/ptolemy2.C (test for excess errors)
FAIL: g++.eh/badalloc1.C  Execution test
FAIL: g++.ext/instantiate1.C not instantiated (test for errors, line 18)
FAIL: g++.ext/instantiate1.C not instantiated (test for errors, line 20)
FAIL: g++.ext/instantiate2.C not instantiated (test for errors, line 16)
FAIL: g++.ext/instantiate3.C not instantiated (test for errors, line 13)
FAIL: g++.jason/2371.C (test for excess errors)
FAIL: g++.jason/template24.C (test for excess errors)
FAIL: g++.jason/template31.C (test for excess errors)
FAIL: g++.jason/typeid1.C (test for excess errors)
FAIL: g++.law/arg8.C (test for excess errors)
FAIL: g++.law/code-gen5.C (test for excess errors)
FAIL: g++.law/ctors12.C (test for excess errors)
FAIL: g++.law/cvt2.C (test for excess errors)
FAIL: g++.law/virtual3.C (test for excess errors)
FAIL: g++.martin/bitset1.C (test for excess errors)
FAIL: g++.mike/eh2.C (test for excess errors)
FAIL: g++.mike/net34.C (test for excess errors)
FAIL: g++.mike/net46.C (test for excess errors)
FAIL: g++.mike/p658.C (test for excess errors)
FAIL: g++.mike/p9706.C  Execution test
FAIL: g++.other/call1.C  Execution test
FAIL: g++.other/crash18.C (test for excess errors)
FAIL: g++.other/crash31.C parse error (test for errors, line 11)
FAIL: g++.other/crash31.C (test for excess errors)
FAIL: g++.other/headers1.C (test for excess errors)
FAIL: g++.other/inline7.C (test for excess errors)
FAIL: g++.other/inline8.C (test for excess errors)
FAIL: g++.other/sibcall1.C (test for excess errors)
FAIL: g++.robertl/eb115.C (test for excess errors)
FAIL: g++.robertl/eb118.C (test for excess errors)
FAIL: g++.robertl/eb21.C (test for excess errors)
FAIL: g++.robertl/eb27.C (test for excess errors)
FAIL: g++.robertl/eb31.C (test for excess errors)
FAIL: g++.robertl/eb41.C (test for excess errors)
FAIL: g++.robertl/eb44.C (test for excess errors)
FAIL: g++.robertl/eb46.C (test for excess errors)
FAIL: g++.robertl/eb54.C (test for excess errors)
FAIL: g++.robertl/eb66.C (test for excess errors)
FAIL: g++.robertl/eb73.C (test for excess errors)
FAIL: g++.robertl/eb77.C (test for excess errors)

		=== g++ Summary ===

# of expected passes		6300
# of unexpected failures	46
# of expected failures		125
# of unresolved testcases	1
# of untested testcases		18
/tmp/gcc/gcc/testsuite/../g++ version 3.0 20010221 (prerelease)

		=== g77 tests ===


Running target unix

		=== g77 Summary ===

# of expected passes		919
# of unsupported tests		8
		=== objc tests ===


Running target unix
FAIL: objc/execute/bf-1.m execution,  -O 
FAIL: objc/execute/bf-10.m execution,  -O 
FAIL: objc/execute/bf-11.m execution,  -O 
FAIL: objc/execute/bf-12.m execution,  -O 
FAIL: objc/execute/bf-13.m execution,  -O 
FAIL: objc/execute/bf-14.m execution,  -O 
FAIL: objc/execute/bf-15.m execution,  -O 
FAIL: objc/execute/bf-16.m execution,  -O 
FAIL: objc/execute/bf-17.m execution,  -O 
FAIL: objc/execute/bf-18.m execution,  -O 
FAIL: objc/execute/bf-19.m execution,  -O 
FAIL: objc/execute/bf-2.m execution,  -O 
FAIL: objc/execute/bf-20.m execution,  -O 
FAIL: objc/execute/bf-3.m execution,  -O 
FAIL: objc/execute/bf-4.m execution,  -O 
FAIL: objc/execute/bf-5.m execution,  -O 
FAIL: objc/execute/bf-6.m execution,  -O 
FAIL: objc/execute/bf-7.m execution,  -O 
FAIL: objc/execute/bf-8.m execution,  -O 
FAIL: objc/execute/bf-9.m execution,  -O 
FAIL: objc/execute/bycopy-1.m compilation,  -O 
FAIL: objc/execute/bycopy-2.m compilation,  -O 
FAIL: objc/execute/fdecl.m execution,  -O 
FAIL: objc/execute/np-1.m compilation,  -O 
FAIL: objc/execute/np-2.m compilation,  -O 
FAIL: objc/execute/paste.m execution,  -O 
FAIL: objc/execute/protocol.m compilation,  -O 
FAIL: objc/execute/string1.m execution,  -O 
FAIL: objc/execute/string2.m execution,  -O 

		=== objc Summary ===

# of expected passes		24
# of unexpected failures	29
# of untested testcases		5
/tmp/gcc/gcc/xgcc version 3.0 20010221 (prerelease)


Compiler version: 3.0 20010221 (prerelease) 
Platform: alpha-dec-osf4.0f
configure flags: --host=alpha-dec-osf4.0f --prefix=/vol/gcc --with-local-prefix=/vol/gcc --enable-shared --disable-nls


Index Nav: [Date Index] [Subject Index] [Author Index] [Thread Index]
Message Nav: [Date Prev] [Date Next] [Thread Prev] [Thread Next]