This is the mail archive of the
gcc-testresults@gcc.gnu.org
mailing list for the GCC project.
Results for 2.97 20010205 (experimental) testsuite on powerpc-ibm-aix4.1.5.0
- To: gcc-testresults at gcc dot gnu dot org
- Subject: Results for 2.97 20010205 (experimental) testsuite on powerpc-ibm-aix4.1.5.0
- From: Alexandre Oliva <oliva at lsd dot ic dot unicamp dot br>
- Date: Thu, 8 Feb 2001 16:03:20 -0300
Native configuration is powerpc-ibm-aix4.1.5.0
=== binutils tests ===
Running target unix
FAIL: strip with saving a symbol
FAIL: run stripped executable with saving a symbol
=== binutils Summary ===
# of expected passes 21
# of unexpected failures 2
# of expected failures 3
=== g++ tests ===
Running target unix
FAIL: g++.dg/vtgc1.C scan-assembler .vtable_inherit[ ]*Multivv3 virtual table, 0
FAIL: g++.dg/vtgc1.C scan-assembler .vtable_inherit[ ]*Multivv3::Side0 virtual table, Side0 virtual table
FAIL: g++.dg/vtgc1.C scan-assembler .vtable_inherit[ ]*Multivv3::Base2 virtual table, Base2 virtual table
FAIL: g++.dg/vtgc1.C scan-assembler .vtable_inherit[ ]*Multiss2 virtual table, Base2 virtual table
FAIL: g++.dg/vtgc1.C scan-assembler .vtable_inherit[ ]*Multiss2::Side0 virtual table, Side0 virtual table
FAIL: g++.dg/vtgc1.C scan-assembler .vtable_inherit[ ]*Multivs1 virtual table, Base2 virtual table
FAIL: g++.dg/vtgc1.C scan-assembler .vtable_inherit[ ]*Multivs1::Side0 virtual table, Side0 virtual table
FAIL: g++.dg/vtgc1.C scan-assembler .vtable_inherit[ ]*Multisv0 virtual table, Side0 virtual table
FAIL: g++.dg/vtgc1.C scan-assembler .vtable_inherit[ ]*Multisv0::Base2 virtual table, Base2 virtual table
FAIL: g++.dg/vtgc1.C scan-assembler .vtable_inherit[ ]*Side0 virtual table, 0
FAIL: g++.dg/vtgc1.C scan-assembler .vtable_inherit[ ]*VbasedA virtual table, 0
FAIL: g++.dg/vtgc1.C scan-assembler .vtable_inherit[ ]*VbasedA::Base2 virtual table, Base2 virtual table
FAIL: g++.dg/vtgc1.C scan-assembler .vtable_inherit[ ]*Base2 virtual table, Base1 virtual table
FAIL: g++.dg/vtgc1.C scan-assembler .vtable_inherit[ ]*Base1 virtual table, Base0 virtual table
FAIL: g++.dg/vtgc1.C scan-assembler .vtable_inherit[ ]*Base0 virtual table, 0
FAIL: conpr-1.C
FAIL: g++.abi/arraynew.C (test for excess errors)
FAIL: g++.abi/cxa_vec.C (test for excess errors)
FAIL: g++.brendan/prepost2.C (test for excess errors)
FAIL: g++.bugs/900212_01.C (test for errors, line 32)
FAIL: g++.bugs/900212_01.C (test for errors, line 33)
FAIL: g++.bugs/900212_01.C (test for errors, line 34)
FAIL: g++.bugs/900212_01.C (test for errors, line 35)
FAIL: g++.bugs/900428_02.C (test for errors, line 26)
FAIL: g++.bugs/900428_02.C (test for excess errors)
FAIL: g++.bugs/900519_02.C (test for errors, line 28)
FAIL: g++.bugs/900519_02.C (test for errors, line 29)
FAIL: g++.bugs/900519_02.C (test for excess errors)
FAIL: g++.bugs/900519_13.C missed (test for errors, line 34)
FAIL: g++.bugs/900519_13.C (test for excess errors)
FAIL: g++.ext/instantiate1.C not instantiated (test for errors, line 18)
FAIL: g++.ext/instantiate1.C not instantiated (test for errors, line 20)
FAIL: g++.ext/instantiate2.C not instantiated (test for errors, line 16)
FAIL: g++.ext/instantiate3.C not instantiated (test for errors, line 13)
FAIL: g++.jason/2371.C (test for excess errors)
FAIL: g++.jason/template41.C (test for excess errors)
FAIL: g++.jason/thunk2.C (test for excess errors)
FAIL: g++.law/access4.C can't access default ctor (test for errors, line 26)
FAIL: g++.law/access4.C (test for excess errors)
FAIL: g++.law/code-gen5.C (test for excess errors)
FAIL: g++.law/ctors12.C (test for excess errors)
FAIL: g++.law/cvt2.C (test for excess errors)
FAIL: g++.mike/debug1.C (test for excess errors)
FAIL: g++.mike/eh2.C (test for excess errors)
FAIL: g++.mike/eh30.C (test for excess errors)
FAIL: g++.mike/p11142.C (test for excess errors)
FAIL: g++.mike/p4750.C (test for excess errors)
FAIL: g++.mike/pt1.C (test for excess errors)
FAIL: g++.mike/pt2.C (test for excess errors)
FAIL: g++.mike/unroll1.C (test for excess errors)
FAIL: g++.other/cast6.C via virtual base (test for warnings, line 53)
FAIL: g++.other/cast6.C (test for excess errors)
FAIL: g++.other/comdat1.C Execution test
FAIL: g++.other/crash18.C (test for excess errors)
FAIL: g++.other/crash32.C (test for excess errors)
FAIL: g++.other/debug2.C (test for excess errors)
FAIL: g++.other/decl5.C no such type (test for errors, line 60)
FAIL: g++.other/decl5.C no such type (test for errors, line 63)
FAIL: g++.other/decl5.C N::fn not a member of NMS (test for errors, line 66)
FAIL: g++.other/decl5.C (test for excess errors)
FAIL: g++.other/headers1.C (test for excess errors)
FAIL: g++.other/inline12.C (test for excess errors)
FAIL: g++.other/loop2.C caused compiler crash
FAIL: g++.other/ptrmem6.C (test for excess errors)
FAIL: g++.other/ptrmem7.C not ptr mem (test for errors, line 38)
FAIL: g++.other/ptrmem7.C (test for excess errors)
XPASS: g++.pt/decl2.C ICE - (test for errors, line 8)
FAIL: g++.pt/local6.C (test for excess errors)
FAIL: g++.pt/mi1.C (test for excess errors)
FAIL: g++.pt/spec14.C (test for excess errors)
FAIL: g++.pt/spec3.C (test for excess errors)
FAIL: g++.pt/static11.C Execution test
FAIL: g++.pt/static3.C (test for excess errors)
FAIL: g++.pt/static6.C (test for excess errors)
FAIL: g++.pt/vbase1.C (test for excess errors)
FAIL: g++.pt/virtual1.C (test for excess errors)
FAIL: g++.pt/virtual4.C (test for excess errors)
FAIL: g++.robertl/eb106.C (test for excess errors)
FAIL: g++.robertl/eb39.C (test for excess errors)
FAIL: g++.robertl/eb44.C (test for excess errors)
FAIL: g++.robertl/eb73.C (test for excess errors)
FAIL: g++.robertl/eb91.C (test for excess errors)
=== g++ Summary ===
# of expected passes 6232
# of unexpected failures 81
# of unexpected successes 1
# of expected failures 105
# of untested testcases 19
/tmp/egcs/gcc/testsuite/../g++ version 2.97 20010205 (experimental)
=== g77 tests ===
Running target unix
FAIL: g77.f-torture/compile/19990905-2.f, -O3 -g
FAIL: g77.f-torture/execute/19990325-0.f execution, -O0
FAIL: g77.f-torture/execute/19990325-0.f execution, -O1
FAIL: g77.f-torture/execute/19990325-0.f execution, -O2
FAIL: g77.f-torture/execute/19990325-0.f execution, -O2 -fomit-frame-pointer -finline-functions
FAIL: g77.f-torture/execute/19990325-0.f execution, -O3 -g
FAIL: g77.f-torture/execute/19990325-0.f execution, -Os
FAIL: g77.f-torture/execute/19990325-1.f execution, -O0
FAIL: g77.f-torture/execute/19990325-1.f execution, -O1
FAIL: g77.f-torture/execute/19990325-1.f execution, -O2
FAIL: g77.f-torture/execute/19990325-1.f execution, -O2 -fomit-frame-pointer -finline-functions
FAIL: g77.f-torture/execute/19990325-1.f execution, -O3 -g
FAIL: g77.f-torture/execute/19990325-1.f execution, -Os
FAIL: g77.f-torture/execute/20001201.f execution, -O0
FAIL: g77.f-torture/execute/20001201.f execution, -O1
FAIL: g77.f-torture/execute/20001201.f execution, -O2
FAIL: g77.f-torture/execute/20001201.f execution, -O2 -fomit-frame-pointer -finline-functions
FAIL: g77.f-torture/execute/20001201.f execution, -O3 -g
FAIL: g77.f-torture/execute/20001201.f execution, -Os
FAIL: g77.f-torture/execute/alpha2.f execution, -O0
FAIL: g77.f-torture/execute/alpha2.f execution, -O1
FAIL: g77.f-torture/execute/alpha2.f execution, -O2
FAIL: g77.f-torture/execute/alpha2.f execution, -O2 -fomit-frame-pointer -finline-functions
FAIL: g77.f-torture/execute/alpha2.f execution, -O3 -g
FAIL: g77.f-torture/execute/alpha2.f execution, -Os
FAIL: g77.f-torture/execute/io0.f execution, -O0
FAIL: g77.f-torture/execute/io0.f execution, -O1
FAIL: g77.f-torture/execute/io0.f execution, -O2
FAIL: g77.f-torture/execute/io0.f execution, -O2 -fomit-frame-pointer -finline-functions
FAIL: g77.f-torture/execute/io0.f execution, -O3 -g
FAIL: g77.f-torture/execute/io0.f execution, -Os
FAIL: g77.f-torture/execute/u77-test.f execution, -O0
FAIL: g77.f-torture/execute/u77-test.f execution, -O1
FAIL: g77.f-torture/execute/u77-test.f execution, -O2
FAIL: g77.f-torture/execute/u77-test.f execution, -O2 -fomit-frame-pointer -finline-functions
FAIL: g77.f-torture/execute/u77-test.f execution, -O2 -fomit-frame-pointer -finline-functions -funroll-loops
FAIL: g77.f-torture/execute/u77-test.f execution, -O2 -fomit-frame-pointer -finline-functions -funroll-all-loops
FAIL: g77.f-torture/execute/u77-test.f execution, -O3 -g
FAIL: g77.f-torture/execute/u77-test.f execution, -Os
=== g77 Summary ===
# of expected passes 880
# of unexpected failures 39
=== gas tests ===
Running target unix
FAIL: strings
=== gas Summary ===
# of expected passes 59
# of unexpected failures 1
=== gcc tests ===
Running target unix
FAIL: gcc.c-torture/compile/960829-1.c, -O0
FAIL: gcc.c-torture/compile/960829-1.c, -O1
FAIL: gcc.c-torture/compile/960829-1.c, -O2
FAIL: gcc.c-torture/compile/960829-1.c, -O3 -fomit-frame-pointer
FAIL: gcc.c-torture/compile/960829-1.c, -O3 -g
FAIL: gcc.c-torture/compile/960829-1.c, -Os
FAIL: gcc.c-torture/compile/20001226-1.c, -O0
FAIL: gcc.c-torture/compile/20001226-1.c, -O1
FAIL: gcc.c-torture/compile/20001226-1.c, -O2
FAIL: gcc.c-torture/compile/20001226-1.c, -O3 -fomit-frame-pointer
FAIL: gcc.c-torture/compile/20001226-1.c, -O3 -g
FAIL: gcc.c-torture/compile/20001226-1.c, -Os
FAIL: gcc.c-torture/compile/20010113-1.c, -O0
FAIL: gcc.c-torture/compile/20010113-1.c, -O1
FAIL: gcc.c-torture/compile/20010113-1.c, -O2
FAIL: gcc.c-torture/compile/20010113-1.c, -O3 -fomit-frame-pointer
FAIL: gcc.c-torture/compile/20010113-1.c, -O3 -g
FAIL: gcc.c-torture/compile/20010113-1.c, -Os
FAIL: gcc.c-torture/execute/20010114-2.c execution, -O1
FAIL: gcc.c-torture/execute/20010114-2.c execution, -O2
FAIL: gcc.c-torture/execute/20010114-2.c execution, -Os
FAIL: gcc.c-torture/execute/20010123-1.c execution, -O0
FAIL: gcc.c-torture/execute/20010123-1.c execution, -O1
FAIL: gcc.c-torture/execute/20010123-1.c execution, -O2
FAIL: gcc.c-torture/execute/20010123-1.c execution, -O3 -fomit-frame-pointer
FAIL: gcc.c-torture/execute/20010123-1.c execution, -O3 -fomit-frame-pointer -funroll-loops
FAIL: gcc.c-torture/execute/20010123-1.c execution, -O3 -fomit-frame-pointer -funroll-all-loops -finline-functions
FAIL: gcc.c-torture/execute/20010123-1.c execution, -O3 -g
FAIL: gcc.c-torture/execute/20010123-1.c execution, -Os
FAIL: gcc.c-torture/execute/20010124-1.c execution, -O0
FAIL: gcc.c-torture/execute/20010124-1.c execution, -O1
FAIL: gcc.c-torture/execute/20010124-1.c execution, -O2
FAIL: gcc.c-torture/execute/20010124-1.c execution, -O3 -fomit-frame-pointer
FAIL: gcc.c-torture/execute/20010124-1.c execution, -O3 -g
FAIL: gcc.c-torture/execute/20010124-1.c execution, -Os
FAIL: gcc.c-torture/execute/20010129-1.c compilation, -O3 -g
FAIL: gcc.c-torture/execute/920501-6.c compilation, -O3 -g
FAIL: gcc.c-torture/execute/980205.c execution, -O2
FAIL: gcc.c-torture/execute/980205.c execution, -O3 -fomit-frame-pointer
FAIL: gcc.c-torture/execute/980205.c execution, -O3 -g
FAIL: gcc.c-torture/execute/980205.c execution, -Os
FAIL: gcc.c-torture/execute/991118-1.c execution, -O3 -fomit-frame-pointer
FAIL: gcc.c-torture/execute/991118-1.c execution, -O3 -g
FAIL: gcc.c-torture/execute/bf64-1.c execution, -O3 -fomit-frame-pointer
FAIL: gcc.c-torture/execute/bf64-1.c execution, -O3 -g
FAIL: gcc.c-torture/execute/eeprof-1.c execution, -O0
FAIL: gcc.c-torture/execute/eeprof-1.c execution, -O1
FAIL: gcc.c-torture/execute/eeprof-1.c execution, -O2
FAIL: gcc.c-torture/execute/eeprof-1.c execution, -O3 -fomit-frame-pointer
FAIL: gcc.c-torture/execute/eeprof-1.c execution, -O3 -g
FAIL: gcc.c-torture/execute/eeprof-1.c execution, -Os
FAIL: gcc.c-torture/execute/loop-2b.c compilation, -O3 -g
FAIL: gcc.c-torture/execute/va-arg-17.c compilation, -O0
FAIL: gcc.c-torture/execute/va-arg-17.c compilation, -O1
FAIL: gcc.c-torture/execute/va-arg-17.c compilation, -O2
FAIL: gcc.c-torture/execute/va-arg-17.c compilation, -O3 -fomit-frame-pointer
FAIL: gcc.c-torture/execute/va-arg-17.c compilation, -O3 -g
FAIL: gcc.c-torture/execute/va-arg-17.c compilation, -Os
FAIL: gcc.c-torture/execute/va-arg-5.c compilation, -O0
FAIL: gcc.c-torture/execute/va-arg-5.c compilation, -O1
FAIL: gcc.c-torture/execute/va-arg-5.c compilation, -O2
FAIL: gcc.c-torture/execute/va-arg-5.c compilation, -O3 -fomit-frame-pointer
FAIL: gcc.c-torture/execute/va-arg-5.c compilation, -O3 -g
FAIL: gcc.c-torture/execute/va-arg-5.c compilation, -Os
FAIL: gcc.c-torture/execute/va-arg-7.c compilation, -O0
FAIL: gcc.c-torture/execute/va-arg-7.c compilation, -O1
FAIL: gcc.c-torture/execute/va-arg-7.c compilation, -O2
FAIL: gcc.c-torture/execute/va-arg-7.c compilation, -O3 -fomit-frame-pointer
FAIL: gcc.c-torture/execute/va-arg-7.c compilation, -O3 -g
FAIL: gcc.c-torture/execute/va-arg-7.c compilation, -Os
XPASS: gcc.c-torture/execute/memcheck/blkarg.c execution, -O0
XPASS: gcc.c-torture/execute/memcheck/blkarg.c execution, -O1
XPASS: gcc.c-torture/execute/memcheck/blkarg.c execution, -O2
XPASS: gcc.c-torture/execute/memcheck/blkarg.c execution, -O3 -fomit-frame-pointer
XPASS: gcc.c-torture/execute/memcheck/blkarg.c execution, -O3 -g
XPASS: gcc.c-torture/execute/memcheck/blkarg.c execution, -Os
FAIL: gcc.dg/cpp/poison.c #if defined foo6 (test for errors, line 20)
FAIL: gcc.dg/cpp/poison.c use of foo6 (test for errors, line 23)
FAIL: gcc.dg/cpp/poison.c (test for excess errors)
FAIL: gcc.dg/cpp/redef2.c redef va (test for warnings, line 15)
FAIL: gcc.dg/cpp/redef2.c prev def va (test for warnings, line 14)
FAIL: gcc.dg/cpp/tr-warn1.c #elif skipping (test for warnings, line 31)
FAIL: gcc.dg/cpp/tr-warn1.c #elif not skipping (test for warnings, line 33)
FAIL: gcc.dg/cpp/tr-warn1.c extension warning (test for warnings, line 24)
FAIL: gcc.dg/cpp/tr-warn1.c extension warning (test for warnings, line 25)
FAIL: gcc.dg/cpp/tr-warn1.c (test for excess errors)
FAIL: gcc.dg/cpp/tr-warn6.c traditional stringification (test for warnings, line 13)
FAIL: gcc.dg/cpp/tr-warn6.c (test for excess errors)
FAIL: gcc.dg/20001009-1.c (test for excess errors)
FAIL: gcc.dg/20001228-1.c (test for excess errors)
FAIL: gcc.dg/asm-fs-1.c (test for excess errors)
FAIL: gcc.dg/asm-fs-1.c scan-assembler-not \*_bar
FAIL: gcc.dg/asm-names.c (test for excess errors)
FAIL: gcc.dg/c90-init-1.c (test for errors, line 22)
FAIL: gcc.dg/c90-init-1.c (test for excess errors)
FAIL: gcc.dg/c99-float-1.c (test for excess errors)
FAIL: gcc.dg/qual-return-1.c restrict defn (test for warnings, line 24)
FAIL: gcc.dg/qual-return-1.c (test for excess errors)
FAIL: gcc.dg/sequence-pt-1.c sequence point warning (test for warnings, line 59)
FAIL: gcc.dg/format/branch-1.c NULL extra args (test for warnings, line 25)
FAIL: gcc.dg/format/branch-1.c null format arg (test for warnings, line 25)
FAIL: gcc.dg/format/branch-1.c (test for excess errors)
FAIL: gcc.dg/format/c90-scanf-2.c %A in C90 (test for warnings, line 24)
FAIL: gcc.dg/format/c90-scanf-2.c %A in C90 (test for warnings, line 24)
FAIL: gcc.dg/format/c90-scanf-2.c (test for excess errors)
FAIL: gcc.dg/format/c99-printf-2.c printf $ format (test for warnings, line 29)
FAIL: gcc.dg/format/c99-printf-2.c printf I flag (test for warnings, line 31)
FAIL: gcc.dg/format/c99-printf-2.c (test for excess errors)
FAIL: gcc.dg/format/c99-printf-3.c vsnprintf (test for warnings, line 29)
FAIL: gcc.dg/format/c99-printf-3.c (test for excess errors)
FAIL: gcc.dg/format/c99-strftime-1.c bad %OZ (test for warnings, line 95)
FAIL: gcc.dg/format/c99-strftime-1.c bad %O% (test for warnings, line 96)
FAIL: gcc.dg/noncompile/990416-1.c (test for excess errors)
FAIL: gcc.dg/noncompile/990416-1.c (test for excess errors)
FAIL: gcc.dg/noncompile/990416-1.c (test for excess errors)
=== gcc Summary ===
# of expected passes 14805
# of unexpected failures 109
# of unexpected successes 6
# of expected failures 66
# of unresolved testcases 21
# of unsupported tests 55
/tmp/egcs/gcc/xgcc version 2.97 20010205 (experimental)
=== objc tests ===
Running target unix
FAIL: objc/execute/bf-1.m compilation, -O
FAIL: objc/execute/bf-10.m compilation, -O
FAIL: objc/execute/bf-11.m compilation, -O
FAIL: objc/execute/bf-12.m compilation, -O
FAIL: objc/execute/bf-13.m compilation, -O
FAIL: objc/execute/bf-14.m compilation, -O
FAIL: objc/execute/bf-15.m compilation, -O
FAIL: objc/execute/bf-16.m compilation, -O
FAIL: objc/execute/bf-17.m compilation, -O
FAIL: objc/execute/bf-18.m compilation, -O
FAIL: objc/execute/bf-19.m compilation, -O
FAIL: objc/execute/bf-2.m compilation, -O
FAIL: objc/execute/bf-20.m compilation, -O
FAIL: objc/execute/bf-3.m compilation, -O
FAIL: objc/execute/bf-4.m compilation, -O
FAIL: objc/execute/bf-5.m compilation, -O
FAIL: objc/execute/bf-6.m compilation, -O
FAIL: objc/execute/bf-7.m compilation, -O
FAIL: objc/execute/bf-8.m compilation, -O
FAIL: objc/execute/bf-9.m compilation, -O
FAIL: objc/execute/bycopy-1.m compilation, -O
FAIL: objc/execute/bycopy-2.m compilation, -O
FAIL: objc/execute/fdecl.m compilation, -O
FAIL: objc/execute/np-1.m compilation, -O
FAIL: objc/execute/np-2.m compilation, -O
FAIL: objc/execute/paste.m compilation, -O
FAIL: objc/execute/protocol.m compilation, -O
FAIL: objc/execute/string1.m compilation, -O
FAIL: objc/execute/string2.m compilation, -O
=== objc Summary ===
# of unexpected failures 29
# of untested testcases 29
/tmp/egcs/gcc/xgcc version 2.97 20010205 (experimental)
Compiler version: 2.97 20010205 (experimental)
Platform: powerpc-ibm-aix4.1.5.0
BOOT_CFLAGS: -g -O9 -W -Wall
Counting all warnings,
there are 100 warnings in stage3 of this bootstrap.
Number of warnings per file:
27 gcc/combine.c
6 gcc/varasm.c
6 gcc/reload1.c
6 gcc/cse.c
6 gcc/cp/pt.c
5 gcc/gcc.c
5 gcc/expr.c
5 gcc/cp/error.c
3 gcc/reload.c
3 gcc/collect2.c
2 hashtab.c
2 gcc/regmove.c
2 gcc/libgcc2.c
2 gcc/function.c
2 gcc/fold-const.c
2 gcc/cp/call.c
2 gcc/alias.c
1 insn-emit.c
1 include/sys/param.h
1 gcc/sched-deps.c
1 gcc/objc/lang-specs.h
1 gcc/intl/localealias.c
1 gcc/intl/dcgettext.c
1 gcc/flow.c
1 gcc/final.c
1 gcc/f/lang-specs.h
1 gcc/expmed.c
1 gcc/cp/lang-specs.h
1 gcc/cp/errfn.c
1 gcc/c-pragma.c
1 cxxmain.c
Number of warning types:
54 comparison between signed and unsigned
9 `???' might be used uninitialized in this function
7 string length `???' is greater than the minimum length `???' ISO C89 is required to support
5 initialization from incompatible pointer type
5 function declaration isn't a prototype
4 signed and unsigned type in conditional expression
3 pointer of type `???' used in arithmetic
3 implicit declaration of function `???'
1 unused parameter `???'
1 this is the location of the previous definition
1 suggest not using #elif in traditional C
1 pointer targets in passing arg ??? of `???' differ in signedness
1 integer constant is unsigned in ISO C, signed with -traditional
1 initialization discards qualifiers from pointer target type
1 decimal constant is so large that it is unsigned
1 alignment of `???' is greater than maximum object file alignment. Using 8.
1 `BAD' redefined
1 `???' defined but not used