This is the mail archive of the
gcc-testresults@gcc.gnu.org
mailing list for the GCC project.
Results for gcc libjava testsuite on powerpc-unknown-linux-gnu
- To: gcc-testresults at gcc dot gnu dot org
- Subject: Results for gcc libjava testsuite on powerpc-unknown-linux-gnu
- From: Malcolm Purvis <malcolmpurvis at optushome dot com dot au>
- Date: Thu, 1 Feb 2001 07:19:49 +1100
Native configuration is powerpc-unknown-linux-gnu
=== libjava tests ===
Running target unix
FAIL: BlankFinal compilation from bytecode
XPASS: BlankFinal -O compilation from source
FAIL: BlankFinal -O compilation from bytecode
XPASS: Case compilation from source
=== libjava Summary ===
# of expected passes 8
# of unexpected failures 2
# of unexpected successes 2
# of expected failures 2
Compiler version: gcc libjava
Platform: powerpc-unknown-linux-gnu
configure flags: --host=powerpc-unknown-linux-gnu --prefix=/usr/local/gcc-snapshot