This is the mail archive of the
gcc-testresults@gcc.gnu.org
mailing list for the GCC project.
Results for 2.97 20010122 (experimental) testsuite on i386-unknown-linux-gnu
- To: gcc-testresults at gcc dot gnu dot org
- Subject: Results for 2.97 20010122 (experimental) testsuite on i386-unknown-linux-gnu
- From: Automatic Build System <build at netwinder dot org>
- Date: Tue, 23 Jan 2001 08:22:53 -0500
Native configuration is i386-unknown-linux-gnu
=== libjava tests ===
Running target unix
FAIL: BlankFinal compilation from bytecode
XPASS: BlankFinal -O compilation from source
FAIL: BlankFinal -O compilation from bytecode
XPASS: Case compilation from source
FAIL: Case compilation from bytecode
XPASS: Case -O compilation from source
FAIL: Case -O compilation from bytecode
XPASS: G19990210_1 compilation from source
FAIL: G19990210_1 compilation from bytecode
XPASS: G19990210_1 -O compilation from source
FAIL: G19990210_1 -O compilation from bytecode
XPASS: G19990210_2 compilation from source
FAIL: G19990210_2 compilation from bytecode
XPASS: G19990210_2 -O compilation from source
FAIL: G19990210_2 -O compilation from bytecode
XPASS: G19990210_3 compilation from source
FAIL: G19990210_3 compilation from bytecode
XPASS: G19990210_3 -O compilation from source
FAIL: G19990210_3 -O compilation from bytecode
XPASS: G19990217_01 compilation from source
FAIL: G19990217_01 compilation from bytecode
XPASS: G19990217_01 -O compilation from source
FAIL: G19990217_01 -O compilation from bytecode
FAIL: G19990217_02 compilation from bytecode
FAIL: G19990217_02 -O compilation from bytecode
XPASS: G19990225_01 compilation from source
FAIL: G19990225_01 compilation from bytecode
XPASS: G19990225_01 -O compilation from source
FAIL: G19990225_01 -O compilation from bytecode
XPASS: MethodFailure4 compilation from source
FAIL: N19990310_01 compilation from bytecode
XPASS: N19990310_01 -O compilation from source
FAIL: N19990310_01 -O compilation from bytecode
XPASS: N19990317 compilation from source
FAIL: N19990317 compilation from bytecode
XPASS: N19990317 -O compilation from source
FAIL: N19990317 -O compilation from bytecode
XPASS: OperatorBenchmark compilation from source
FAIL: OperatorBenchmark compilation from bytecode
XPASS: OperatorBenchmark -O compilation from source
FAIL: OperatorBenchmark -O compilation from bytecode
XPASS: PR124 compilation from source
FAIL: PR129_B compilation from source
FAIL: PR129_B compilation from bytecode
FAIL: PR129_B -O compilation from bytecode
XPASS: PR140 compilation from source
FAIL: PR206 compilation from bytecode
XPASS: PR206 -O compilation from source
FAIL: PR206 -O compilation from bytecode
=== libjava Summary ===
# of expected passes 58
# of unexpected failures 27
# of unexpected successes 22
# of expected failures 12
=== gcc tests ===
Running target unix
=== gcc Summary ===
# of expected passes 2193
# of expected failures 12
# of unsupported tests 1
/home/build-rpm/BUILD/obj-gcc-20010123/gcc/xgcc version 2.97 20010122 (experimental)
=== g++ tests ===
Running target unix
FAIL: g++.ext/instantiate1.C not instantiated (test for errors, line 18)
FAIL: g++.ext/instantiate1.C not instantiated (test for errors, line 20)
FAIL: g++.jason/2371.C (test for excess errors)
FAIL: g++.other/crash32.C (test for excess errors)
FAIL: g++.other/loop2.C caused compiler crash
=== g++ Summary ===
# of expected passes 6291
# of unexpected failures 5
# of expected failures 90
# of untested testcases 9
/home/build-rpm/BUILD/obj-gcc-20010123/gcc/testsuite/../g++ version 2.97 20010122 (experimental)
=== g77 tests ===
Running target unix
XPASS: g77.f-torture/execute/20010116.f execution, -O0
XPASS: g77.f-torture/execute/20010116.f execution, -O1
FAIL: g77.f-torture/execute/short.f execution, -Os
=== g77 Summary ===
# of expected passes 910
# of unexpected failures 1
# of unexpected successes 2
# of expected failures 6
=== objc tests ===
Running target unix
FAIL: objc/execute/fdecl.m compilation, -O
FAIL: objc/execute/np-1.m compilation, -O
FAIL: objc/execute/np-2.m compilation, -O
FAIL: objc/execute/protocol.m compilation, -O
=== objc Summary ===
# of expected passes 46
# of unexpected failures 4
# of untested testcases 4
/home/build-rpm/BUILD/obj-gcc-20010123/gcc/xgcc version 2.97 20010122 (experimental)
Compiler version: 2.97 20010122 (experimental)
Platform: i386-unknown-linux-gnu
configure flags: --host=i386-unknown-linux-gnu --prefix=/usr/local --enable-checking --enable-shared --enable-threads=posix --without-cvs