This is the mail archive of the
gcc-testresults@gcc.gnu.org
mailing list for the GCC project.
Results for 2.97 20010114 (experimental) testsuite on i686-pc-linux-gnu
- To: gcc-testresults at gcc dot gnu dot org
- Subject: Results for 2.97 20010114 (experimental) testsuite on i686-pc-linux-gnu
- From: Andris Pavenis <andris at hal dot astr dot lu dot lv>
- Date: Mon, 15 Jan 2001 03:21:18 +0200
Source: gcc mainline from CVS (last updated 2001 Jan 15 01:01 +0200)
System: Linux kernel 2.4.0
glibc-2.2
binutils-2.10.1.0.2
Native configuration is i686-pc-linux-gnu
=== gcc tests ===
Running target unix
FAIL: gcc.c-torture/compile/20001226-1.c, -Os
FAIL: gcc.c-torture/compile/20001212-1.c, -O1
FAIL: gcc.c-torture/compile/20001212-1.c, -O2
FAIL: gcc.c-torture/compile/20001212-1.c, -O3 -fomit-frame-pointer
FAIL: gcc.c-torture/compile/20001212-1.c, -O3 -g
FAIL: gcc.c-torture/compile/20001212-1.c, -Os
FAIL: gcc.c-torture/compile/20010113-1.c, -O0
FAIL: gcc.c-torture/compile/20010113-1.c, -O1
FAIL: gcc.c-torture/compile/20010113-1.c, -O2
FAIL: gcc.c-torture/compile/20010113-1.c, -O3 -fomit-frame-pointer
FAIL: gcc.c-torture/compile/20010113-1.c, -O3 -g
FAIL: gcc.c-torture/compile/20010113-1.c, -Os
FAIL: gcc.c-torture/compile/20010114-2.c, -O0
FAIL: gcc.c-torture/compile/20010114-2.c, -O1
FAIL: gcc.c-torture/compile/20010114-2.c, -O2
FAIL: gcc.c-torture/compile/20010114-2.c, -O3 -fomit-frame-pointer
FAIL: gcc.c-torture/compile/20010114-2.c, -O3 -g
FAIL: gcc.c-torture/compile/20010114-2.c, -Os
FAIL: gcc.c-torture/execute/20001009-1.c execution, -O1
FAIL: gcc.c-torture/execute/20001009-1.c execution, -O2
FAIL: gcc.c-torture/execute/20001009-1.c execution, -O3 -fomit-frame-pointer
FAIL: gcc.c-torture/execute/20001009-1.c execution, -O3 -g
FAIL: gcc.c-torture/execute/20001009-1.c execution, -Os
FAIL: gcc.c-torture/execute/20001221-1.c compilation, -O0
FAIL: gcc.c-torture/execute/20001221-1.c compilation, -O1
FAIL: gcc.c-torture/execute/20001221-1.c compilation, -O2
FAIL: gcc.c-torture/execute/20001221-1.c compilation, -O3 -fomit-frame-pointer
FAIL: gcc.c-torture/execute/20001221-1.c compilation, -O3 -g
FAIL: gcc.c-torture/execute/20001221-1.c compilation, -Os
FAIL: gcc.c-torture/execute/960608-1.c execution, -O3 -fomit-frame-pointer
FAIL: gcc.c-torture/execute/960608-1.c execution, -O3 -g
FAIL: gcc.c-torture/execute/991118-1.c execution, -O3 -fomit-frame-pointer
FAIL: gcc.c-torture/execute/991118-1.c execution, -O3 -g
FAIL: gcc.c-torture/execute/bf64-1.c execution, -O3 -fomit-frame-pointer
FAIL: gcc.c-torture/execute/bf64-1.c execution, -O3 -g
FAIL: gcc.c-torture/execute/loop-2b.c execution, -O2
FAIL: gcc.c-torture/execute/memcpy-bi.c execution, -O3 -fomit-frame-pointer
FAIL: gcc.c-torture/execute/memcpy-bi.c execution, -O3 -g
FAIL: gcc.dg/20000724-1.c execution test
FAIL: gcc.dg/20001117-1.c (test for excess errors)
FAIL: gcc.dg/sequence-pt-1.c sequence point warning (test for warnings, line 59)
FAIL: gcc.dg/format/c99-printf-1.c %hhn unsigned char (test for warnings, line 196)
FAIL: gcc.misc-tests/mg.c
=== gcc Summary ===
# of expected passes 14743
# of unexpected failures 43
# of expected failures 78
# of unresolved testcases 6
# of unsupported tests 21
/disk2/cvs/egcs-curr/build/build.lnx/gcc/xgcc version 2.97 20010114 (experimental)
=== g++ tests ===
Running target unix
FAIL: g++.ext/instantiate1.C not instantiated (test for errors, line 18)
FAIL: g++.ext/instantiate1.C not instantiated (test for errors, line 20)
FAIL: g++.jason/2371.C (test for excess errors)
FAIL: g++.other/crash32.C (test for excess errors)
FAIL: g++.other/loop2.C caused compiler crash
=== g++ Summary ===
# of expected passes 6249
# of unexpected failures 5
# of expected failures 91
# of untested testcases 9
/disk2/cvs/egcs-curr/build/build.lnx/gcc/testsuite/../g++ version 2.97 20010114 (experimental)
=== g77 tests ===
Running target unix
FAIL: g77.f-torture/execute/short.f execution, -Os
=== g77 Summary ===
# of expected passes 888
# of unexpected failures 1
=== objc tests ===
Running target unix
FAIL: objc/execute/fdecl.m compilation, -O
FAIL: objc/execute/np-1.m compilation, -O
FAIL: objc/execute/np-2.m compilation, -O
FAIL: objc/execute/protocol.m compilation, -O
=== objc Summary ===
# of expected passes 46
# of unexpected failures 4
# of untested testcases 4
/disk2/cvs/egcs-curr/build/build.lnx/gcc/xgcc version 2.97 20010114 (experimental)
Compiler version: 2.97 20010114 (experimental)
Platform: i686-pc-linux-gnu
configure flags: --host=i686-pc-linux-gnu --enable-shared --verbose --with-new-abi --enable-libstdcxx-v3 --enable-threads=posix
Counting all warnings,
there are 236 warnings in stage3 of this bootstrap.
Number of warnings per file:
56 gcc/combine.c
20 gcc/reg-stack.c
16 gcc/config/i386/i386.c
12 gcc/loop.c
12 gcc/cp/pt.c
10 gcc/cse.c
10 gcc/cp/error.c
8 gcc/java/lex.c
6 gcc/reload1.c
6 gcc/gcc.c
4 insn-emit.c
4 hashtab.c
4 gcc/reload.c
4 gcc/real.c
4 gcc/java/verify.c
4 gcc/java/jcf-io.c
4 gcc/function.c
4 gcc/fold-const.c
4 gcc/expr.c
4 gcc/cp/call.c
4 gcc/config/i386/i386.md
4 gcc/alias.c
4 ./intdoc.texi
2 gcc/sched-deps.c
2 gcc/regmove.c
2 gcc/objc/lang-specs.h
2 gcc/java/jvspec.c
2 gcc/gencodes.c
2 gcc/final.c
2 gcc/f/lang-specs.h
2 gcc/expmed.c
2 gcc/dwarfout.c
2 gcc/dwarf2out.c
2 gcc/cp/lang-specs.h
2 gcc/cp/init.c
2 gcc/cp/errfn.c
2 gcc/c-lex.c
Number of warning types:
136 comparison between signed and unsigned
22 `???' might be used uninitialized in this function
14 string length `???' is greater than the minimum length `???' ISO C89 is required to support
12 passing arg ??? of `???' from incompatible pointer type
10 initialization from incompatible pointer type
8 signed and unsigned type in conditional expression
6 unused variable `???'
6 `???' defined but not used
4 function declaration isn't a prototype
4 destination missing a mode?
2 unlikely character ) in @var.
2 unlikely character ( in @var.
2 pointer targets in passing arg ??? of `???' differ in signedness
2 passing arg ??? of `???' discards qualifiers from pointer target type
2 integer constant is unsigned in ISO C, signed with -traditional
2 function-like macro `strcmp' must be used with arguments in traditional C
2 decimal constant is so large that it is unsigned