This is the mail archive of the
gcc-testresults@gcc.gnu.org
mailing list for the GCC project.
Results for 2.97 20001231 (experimental) testsuite on i686-redhat7-linux-gnu
- To: gcc-testresults at gcc dot gnu dot org
- Subject: Results for 2.97 20001231 (experimental) testsuite on i686-redhat7-linux-gnu
- From: Manfred Hollstein <manfredh at redhat dot com>
- Date: Mon, 1 Jan 2001 15:00:43 +0100 (CET)
- Reply-To: Manfred Hollstein <manfred dot h at gmx dot net>
Compiler version: 2.97 20001231 (experimental)
Platform: i686-redhat7-linux-gnu
Sources: - gcc mainline from CVS last updated at
2000/12/31 16:09:32 +0100
Patches: None.
Environment: - autoconf-2.13-9
- automake-1.4-8
- binutils-2.10.1
- dejagnu-20000815 via anonymous CVS from
anoncvs.cygnus.com
- Red Hat Linux 7 + recommended updates as of today
- Kernel 2.2.16-22 (compiled by "gcc version
egcs-2.91.66 19990314/Linux (egcs-1.1.2 release)")
- glibc-2.2-9
- glibc-devel-2.2-9
Remarks: None.
configure flags: --host=i686-redhat7-linux-gnu --target=i686-redhat7-linux-gnu --build=i686-redhat7-linux-gnu --srcdir=../gcc-20001231 --prefix=/opt/gnu --exec-prefix=/opt/gnu/H-ia32-linux --with-gnu-as --with-gnu-ld --disable-checking --enable-shared --enable-java-gc=boehm --enable-fast-character --enable-threads=posix --with-system-zlib --with-local-prefix=/opt/gnu --disable-new-gxx-abi --enable-nls --verbose
BOOT_CC: gcc version 2.95.3 20001220 (prerelease)
BOOT_CFLAGS: -O2 -march=pentiumpro
CFLAGS: -O2 -march=pentiumpro -fomit-frame-pointer
CXXFLAGS: -O2 -march=pentiumpro -g
Native configuration is i686-redhat7-linux-gnu
=== libjava tests ===
Running target unix
FAIL: ArrayClass compilation from source
FAIL: ArrayClass byte compilation
FAIL: ArrayClass -O compilation from source
FAIL: ArrayClass byte compilation
FAIL: BlankFinal compilation from source
FAIL: BlankFinal byte compilation
FAIL: BlankFinal -O compilation from source
FAIL: BlankFinal byte compilation
FAIL: Case compilation from source
FAIL: Case byte compilation
FAIL: Case -O compilation from source
FAIL: Case byte compilation
FAIL: G19990210_1 compilation from source
FAIL: G19990210_1 byte compilation
FAIL: G19990210_1 -O compilation from source
FAIL: G19990210_1 byte compilation
FAIL: G19990210_2 compilation from source
FAIL: G19990210_2 byte compilation
FAIL: G19990210_2 -O compilation from source
FAIL: G19990210_2 byte compilation
FAIL: G19990210_3 compilation from source
FAIL: G19990210_3 byte compilation
FAIL: G19990210_3 -O compilation from source
FAIL: G19990210_3 byte compilation
FAIL: G19990217_01 compilation from source
FAIL: G19990217_01 byte compilation
FAIL: G19990217_01 -O compilation from source
FAIL: G19990217_01 byte compilation
FAIL: G19990217_02 compilation from source
FAIL: G19990217_02 byte compilation
FAIL: G19990217_02 -O compilation from source
FAIL: G19990217_02 byte compilation
FAIL: G19990225_01 compilation from source
FAIL: G19990225_01 byte compilation
FAIL: G19990225_01 -O compilation from source
FAIL: G19990225_01 byte compilation
FAIL: N19990310_01 compilation from source
FAIL: N19990310_01 byte compilation
FAIL: N19990310_01 -O compilation from source
FAIL: N19990310_01 byte compilation
FAIL: N19990317 compilation from source
FAIL: N19990317 byte compilation
FAIL: N19990317 -O compilation from source
FAIL: N19990317 byte compilation
FAIL: OperatorBenchmark compilation from source
FAIL: OperatorBenchmark byte compilation
FAIL: OperatorBenchmark -O compilation from source
FAIL: OperatorBenchmark byte compilation
FAIL: PR129_B compilation from source
FAIL: PR129_B byte compilation
FAIL: PR129_B -O compilation from source
FAIL: PR129_B byte compilation
FAIL: PR206 compilation from source
FAIL: PR206 byte compilation
FAIL: PR206 -O compilation from source
FAIL: PR206 byte compilation
FAIL: PR207 compilation from source
FAIL: PR207 byte compilation
FAIL: PR207 -O compilation from source
FAIL: PR207 byte compilation
FAIL: PR208 compilation from source
FAIL: PR208 byte compilation
FAIL: PR208 -O compilation from source
FAIL: PR208 byte compilation
FAIL: PR209 compilation from source
FAIL: PR209 byte compilation
FAIL: PR209 -O compilation from source
FAIL: PR209 byte compilation
FAIL: PR232 compilation from source
FAIL: PR232 byte compilation
FAIL: PR232 -O compilation from source
FAIL: PR232 byte compilation
FAIL: PR232B compilation from source
FAIL: PR232B byte compilation
FAIL: PR232B -O compilation from source
FAIL: PR232B byte compilation
FAIL: PR234 compilation from source
FAIL: PR234 byte compilation
FAIL: PR234 -O compilation from source
FAIL: PR234 byte compilation
FAIL: PR235 compilation from source
FAIL: PR235 byte compilation
FAIL: PR235 -O compilation from source
FAIL: PR235 byte compilation
FAIL: PR238 compilation from source
FAIL: PR238 byte compilation
FAIL: PR238 -O compilation from source
FAIL: PR238 byte compilation
FAIL: PR295 compilation from source
FAIL: PR295 byte compilation
FAIL: PR295 -O compilation from source
FAIL: PR295 byte compilation
FAIL: PR375 byte compilation
FAIL: PR375 byte compilation
FAIL: Semi compilation from source
FAIL: Semi byte compilation
FAIL: Semi -O compilation from source
FAIL: Semi byte compilation
FAIL: Statics compilation from source
FAIL: Statics byte compilation
FAIL: Statics -O compilation from source
FAIL: Statics byte compilation
FAIL: Twice compilation from source
FAIL: Twice byte compilation
FAIL: Twice -O compilation from source
FAIL: Twice byte compilation
FAIL: Where byte compilation
FAIL: Where byte compilation
FAIL: abstr compilation from source
FAIL: abstr byte compilation
FAIL: abstr -O compilation from source
FAIL: abstr byte compilation
FAIL: comment compilation from source
FAIL: comment byte compilation
FAIL: comment -O compilation from source
FAIL: comment byte compilation
FAIL: iface compilation from source
FAIL: iface byte compilation
FAIL: iface -O compilation from source
FAIL: iface byte compilation
FAIL: inner_1 byte compilation
FAIL: inner_1 byte compilation
FAIL: inner_data compilation from source
FAIL: inner_data byte compilation
FAIL: inner_data -O compilation from source
FAIL: inner_data byte compilation
FAIL: inner_inherit compilation from source
FAIL: inner_inherit byte compilation
FAIL: inner_inherit -O compilation from source
FAIL: inner_inherit byte compilation
FAIL: inner_priv compilation from source
FAIL: inner_priv byte compilation
FAIL: inner_priv -O compilation from source
FAIL: inner_priv byte compilation
FAIL: inner_pub compilation from source
FAIL: inner_pub byte compilation
FAIL: inner_pub -O compilation from source
FAIL: inner_pub byte compilation
FAIL: not_a_redef compilation from source
FAIL: not_a_redef byte compilation
FAIL: not_a_redef -O compilation from source
FAIL: not_a_redef byte compilation
FAIL: perc compilation from source
FAIL: perc byte compilation
FAIL: perc -O compilation from source
FAIL: perc byte compilation
FAIL: plusplus compilation from source
FAIL: plusplus byte compilation
FAIL: plusplus -O compilation from source
FAIL: plusplus byte compilation
FAIL: pr172 compilation from source
FAIL: pr172 byte compilation
FAIL: pr172 -O compilation from source
FAIL: pr172 byte compilation
FAIL: pr174 compilation from source
FAIL: pr174 byte compilation
FAIL: pr174 -O compilation from source
FAIL: pr174 byte compilation
FAIL: pr176 compilation from source
FAIL: pr176 byte compilation
FAIL: pr176 -O compilation from source
FAIL: pr176 byte compilation
FAIL: static_2 compilation from source
FAIL: static_2 byte compilation
FAIL: static_2 -O compilation from source
FAIL: static_2 byte compilation
FAIL: static_3 compilation from source
FAIL: static_3 byte compilation
FAIL: static_3 -O compilation from source
FAIL: static_3 byte compilation
FAIL: static_init2 compilation from source
FAIL: static_init2 byte compilation
FAIL: static_init2 -O compilation from source
FAIL: static_init2 byte compilation
FAIL: static_inner compilation from source
FAIL: static_inner byte compilation
FAIL: static_inner -O compilation from source
FAIL: static_inner byte compilation
FAIL: Array_1 compilation from source
FAIL: Array_1 byte compilation
FAIL: Array_1 -O compilation from source
FAIL: Array_1 byte compilation
FAIL: Array_2 compilation from source
FAIL: Array_2 byte compilation
FAIL: Array_2 -O compilation from source
FAIL: Array_2 byte compilation
FAIL: Class_1 compilation from source
FAIL: Class_1 byte compilation
FAIL: Class_1 -O compilation from source
FAIL: Class_1 byte compilation
FAIL: Divide_1 compilation from source
FAIL: Divide_1 byte compilation
FAIL: Divide_1 -O compilation from source
FAIL: Divide_1 byte compilation
FAIL: Final compilation from source
FAIL: Final byte compilation
FAIL: Final -O compilation from source
FAIL: Final byte compilation
FAIL: Float_1 compilation from source
FAIL: Float_1 byte compilation
FAIL: Float_1 -O compilation from source
FAIL: Float_1 byte compilation
FAIL: G19990301_01 compilation from source
FAIL: G19990301_01 byte compilation
FAIL: G19990301_01 -O compilation from source
FAIL: G19990301_01 byte compilation
FAIL: G19990302_02 compilation from source
FAIL: G19990302_02 byte compilation
FAIL: G19990302_02 -O compilation from source
FAIL: G19990302_02 byte compilation
FAIL: G19990303_01 compilation from source
FAIL: G19990303_01 byte compilation
FAIL: G19990303_01 -O compilation from source
FAIL: G19990303_01 byte compilation
FAIL: G19990303_02 compilation from source
FAIL: G19990303_02 byte compilation
FAIL: G19990303_02 -O compilation from source
FAIL: G19990303_02 byte compilation
FAIL: G19990304_01 compilation from source
FAIL: G19990304_01 byte compilation
FAIL: G19990304_01 -O compilation from source
FAIL: G19990304_01 byte compilation
FAIL: G19990310_01 compilation from source
FAIL: G19990310_01 byte compilation
FAIL: G19990310_01 -O compilation from source
FAIL: G19990310_01 byte compilation
FAIL: InterfaceDispatch compilation from source
FAIL: InterfaceDispatch byte compilation
FAIL: InterfaceDispatch -O compilation from source
FAIL: InterfaceDispatch byte compilation
FAIL: Invoke_1 compilation from source
FAIL: Invoke_1 byte compilation
FAIL: Invoke_1 -O compilation from source
FAIL: Invoke_1 byte compilation
FAIL: Invoke_2 compilation from source
FAIL: Invoke_2 byte compilation
FAIL: Invoke_2 -O compilation from source
FAIL: Invoke_2 byte compilation
FAIL: N19990310_02 compilation from source
FAIL: N19990310_02 byte compilation
FAIL: N19990310_02 -O compilation from source
FAIL: N19990310_02 byte compilation
FAIL: N19990310_3 compilation from source
FAIL: N19990310_3 byte compilation
FAIL: N19990310_3 -O compilation from source
FAIL: N19990310_3 byte compilation
FAIL: N19990310_4 compilation from source
FAIL: N19990310_4 byte compilation
FAIL: N19990310_4 -O compilation from source
FAIL: N19990310_4 byte compilation
FAIL: N19990310_5 compilation from source
FAIL: N19990310_5 byte compilation
FAIL: N19990310_5 -O compilation from source
FAIL: N19990310_5 byte compilation
FAIL: PR141 compilation from source
FAIL: PR141 byte compilation
FAIL: PR141 -O compilation from source
FAIL: PR141 byte compilation
FAIL: PR55 compilation from source
FAIL: PR55 byte compilation
FAIL: PR55 -O compilation from source
FAIL: PR55 byte compilation
FAIL: PR160 compilation from source
FAIL: PR160 byte compilation
FAIL: PR160 -O compilation from source
FAIL: PR160 byte compilation
FAIL: PR162 compilation from source
FAIL: PR162 byte compilation
FAIL: PR162 -O compilation from source
FAIL: PR162 byte compilation
FAIL: PR218 compilation from source
FAIL: PR218 byte compilation
FAIL: PR218 -O compilation from source
FAIL: PR218 byte compilation
FAIL: PR242 compilation from source
FAIL: PR242 byte compilation
FAIL: PR242 -O compilation from source
FAIL: PR242 byte compilation
FAIL: PR260 compilation from source
FAIL: PR260 byte compilation
FAIL: PR260 -O compilation from source
FAIL: PR260 byte compilation
FAIL: PR56 compilation from source
FAIL: PR56 byte compilation
FAIL: PR56 -O compilation from source
FAIL: PR56 byte compilation
FAIL: Primes compilation from source
FAIL: Primes byte compilation
FAIL: Primes -O compilation from source
FAIL: Primes byte compilation
FAIL: Shazam compilation from source
FAIL: Shazam byte compilation
FAIL: Shazam -O compilation from source
FAIL: Shazam byte compilation
FAIL: StringBuffer_1 compilation from source
FAIL: StringBuffer_1 byte compilation
FAIL: StringBuffer_1 -O compilation from source
FAIL: StringBuffer_1 byte compilation
FAIL: Synch compilation from source
FAIL: Synch byte compilation
FAIL: Synch -O compilation from source
FAIL: Synch byte compilation
FAIL: Thread_Alive compilation from source
FAIL: Thread_Alive byte compilation
FAIL: Thread_Alive -O compilation from source
FAIL: Thread_Alive byte compilation
FAIL: Thread_Interrupt compilation from source
FAIL: Thread_Interrupt byte compilation
FAIL: Thread_Interrupt -O compilation from source
FAIL: Thread_Interrupt byte compilation
FAIL: Thread_Join compilation from source
FAIL: Thread_Join byte compilation
FAIL: Thread_Join -O compilation from source
FAIL: Thread_Join byte compilation
FAIL: Thread_Monitor compilation from source
FAIL: Thread_Monitor byte compilation
FAIL: Thread_Monitor -O compilation from source
FAIL: Thread_Monitor byte compilation
FAIL: Thread_Sleep compilation from source
FAIL: Thread_Sleep byte compilation
FAIL: Thread_Sleep -O compilation from source
FAIL: Thread_Sleep byte compilation
FAIL: Thread_Wait compilation from source
FAIL: Thread_Wait byte compilation
FAIL: Thread_Wait -O compilation from source
FAIL: Thread_Wait byte compilation
FAIL: Thread_Wait_2 compilation from source
FAIL: Thread_Wait_2 byte compilation
FAIL: Thread_Wait_2 -O compilation from source
FAIL: Thread_Wait_2 byte compilation
FAIL: Thread_Wait_Interrupt compilation from source
FAIL: Thread_Wait_Interrupt byte compilation
FAIL: Thread_Wait_Interrupt -O compilation from source
FAIL: Thread_Wait_Interrupt byte compilation
FAIL: Throw_1 compilation from source
FAIL: Throw_1 byte compilation
FAIL: Throw_1 -O compilation from source
FAIL: Throw_1 byte compilation
FAIL: anfi compilation from source
FAIL: anfi byte compilation
FAIL: anfi -O compilation from source
FAIL: anfi byte compilation
FAIL: anon compilation from source
FAIL: anon byte compilation
FAIL: anon -O compilation from source
FAIL: anon byte compilation
FAIL: err1 compilation from source
FAIL: err1 byte compilation
FAIL: err1 -O compilation from source
FAIL: err1 byte compilation
FAIL: anon2 compilation from source
FAIL: anon2 byte compilation
FAIL: anon2 -O compilation from source
FAIL: anon2 byte compilation
FAIL: anon3 compilation from source
FAIL: anon3 byte compilation
FAIL: anon3 -O compilation from source
FAIL: anon3 byte compilation
FAIL: anon4 compilation from source
FAIL: anon4 byte compilation
FAIL: anon4 -O compilation from source
FAIL: anon4 byte compilation
FAIL: anonarray compilation from source
FAIL: anonarray byte compilation
FAIL: anonarray -O compilation from source
FAIL: anonarray byte compilation
FAIL: anonarray2 compilation from source
FAIL: anonarray2 byte compilation
FAIL: anonarray2 -O compilation from source
FAIL: anonarray2 byte compilation
FAIL: anonarray3 compilation from source
FAIL: anonarray3 byte compilation
FAIL: anonarray3 -O compilation from source
FAIL: anonarray3 byte compilation
FAIL: direct_read compilation from source
FAIL: direct_read byte compilation
FAIL: direct_read -O compilation from source
FAIL: direct_read byte compilation
FAIL: direct_write compilation from source
FAIL: direct_write byte compilation
FAIL: direct_write -O compilation from source
FAIL: direct_write byte compilation
FAIL: err10 compilation from source
FAIL: err10 byte compilation
FAIL: err10 -O compilation from source
FAIL: err10 byte compilation
FAIL: err11 compilation from source
FAIL: err11 byte compilation
FAIL: err11 -O compilation from source
FAIL: err11 byte compilation
FAIL: err12 compilation from source
FAIL: err12 byte compilation
FAIL: err12 -O compilation from source
FAIL: err12 byte compilation
FAIL: err13 compilation from source
FAIL: err13 byte compilation
FAIL: err13 -O compilation from source
FAIL: err13 byte compilation
FAIL: err2 compilation from source
FAIL: err2 byte compilation
FAIL: err2 -O compilation from source
FAIL: err2 byte compilation
FAIL: err3 compilation from source
FAIL: err3 byte compilation
FAIL: err3 -O compilation from source
FAIL: err3 byte compilation
FAIL: err4 compilation from source
FAIL: err4 byte compilation
FAIL: err4 -O compilation from source
FAIL: err4 byte compilation
FAIL: err5 compilation from source
FAIL: err5 byte compilation
FAIL: err5 -O compilation from source
FAIL: err5 byte compilation
FAIL: err6 compilation from source
FAIL: err6 byte compilation
FAIL: err6 -O compilation from source
FAIL: err6 byte compilation
FAIL: err7 compilation from source
FAIL: err7 byte compilation
FAIL: err7 -O compilation from source
FAIL: err7 byte compilation
FAIL: err8 compilation from source
FAIL: err8 byte compilation
FAIL: err8 -O compilation from source
FAIL: err8 byte compilation
FAIL: err9 compilation from source
FAIL: err9 byte compilation
FAIL: err9 -O compilation from source
FAIL: err9 byte compilation
FAIL: final_inner compilation from source
FAIL: final_inner byte compilation
FAIL: final_inner -O compilation from source
FAIL: final_inner byte compilation
FAIL: final_int compilation from source
FAIL: final_int byte compilation
FAIL: final_int -O compilation from source
FAIL: final_int byte compilation
FAIL: final_static_and_friend compilation from source
FAIL: final_static_and_friend byte compilation
FAIL: final_static_and_friend -O compilation from source
FAIL: final_static_and_friend byte compilation
FAIL: indirect compilation from source
FAIL: indirect byte compilation
FAIL: indirect -O compilation from source
FAIL: indirect byte compilation
FAIL: indirect_read compilation from source
FAIL: indirect_read byte compilation
FAIL: indirect_read -O compilation from source
FAIL: indirect_read byte compilation
FAIL: indirect_write compilation from source
FAIL: indirect_write byte compilation
FAIL: indirect_write -O compilation from source
FAIL: indirect_write byte compilation
FAIL: inner1 compilation from source
FAIL: inner1 byte compilation
FAIL: inner1 -O compilation from source
FAIL: inner1 byte compilation
FAIL: inner2 compilation from source
FAIL: inner2 byte compilation
FAIL: inner2 -O compilation from source
FAIL: inner2 byte compilation
FAIL: inner3 compilation from source
FAIL: inner3 byte compilation
FAIL: inner3 -O compilation from source
FAIL: inner3 byte compilation
FAIL: inner4 compilation from source
FAIL: inner4 byte compilation
FAIL: inner4 -O compilation from source
FAIL: inner4 byte compilation
FAIL: inner_array compilation from source
FAIL: inner_array byte compilation
FAIL: inner_array -O compilation from source
FAIL: inner_array byte compilation
FAIL: inner_interface compilation from source
FAIL: inner_interface byte compilation
FAIL: inner_interface -O compilation from source
FAIL: inner_interface byte compilation
FAIL: instance compilation from source
FAIL: instance byte compilation
FAIL: instance -O compilation from source
FAIL: instance byte compilation
FAIL: instinit compilation from source
FAIL: instinit byte compilation
FAIL: instinit -O compilation from source
FAIL: instinit byte compilation
FAIL: instinit2 compilation from source
FAIL: instinit2 byte compilation
FAIL: instinit2 -O compilation from source
FAIL: instinit2 byte compilation
FAIL: klass compilation from source
FAIL: klass byte compilation
FAIL: klass -O compilation from source
FAIL: klass byte compilation
FAIL: multiple_finit compilation from source
FAIL: multiple_finit byte compilation
FAIL: multiple_finit -O compilation from source
FAIL: multiple_finit byte compilation
FAIL: nested_with_ctor compilation from source
FAIL: nested_with_ctor byte compilation
FAIL: nested_with_ctor -O compilation from source
FAIL: nested_with_ctor byte compilation
FAIL: pr109 compilation from source
FAIL: pr109 byte compilation
FAIL: pr109 -O compilation from source
FAIL: pr109 byte compilation
FAIL: pr133 compilation from source
FAIL: pr133 byte compilation
FAIL: pr133 -O compilation from source
FAIL: pr133 byte compilation
FAIL: pr179 compilation from source
FAIL: pr179 byte compilation
FAIL: pr179 -O compilation from source
FAIL: pr179 byte compilation
FAIL: pr184 compilation from source
FAIL: pr184 byte compilation
FAIL: pr184 -O compilation from source
FAIL: pr184 byte compilation
FAIL: pr83 compilation from source
FAIL: pr83 byte compilation
FAIL: pr83 -O compilation from source
FAIL: pr83 byte compilation
FAIL: search_outer compilation from source
FAIL: search_outer byte compilation
FAIL: search_outer -O compilation from source
FAIL: search_outer byte compilation
FAIL: private_direct_read compilation from source
FAIL: private_direct_read byte compilation
FAIL: private_direct_read -O compilation from source
FAIL: private_direct_read byte compilation
FAIL: stringconst compilation from source
FAIL: stringconst byte compilation
FAIL: stringconst -O compilation from source
FAIL: stringconst byte compilation
FAIL: stringconst2 compilation from source
FAIL: stringconst2 byte compilation
FAIL: stringconst2 -O compilation from source
FAIL: stringconst2 byte compilation
FAIL: test_long compilation from source
FAIL: test_long byte compilation
FAIL: test_long -O compilation from source
FAIL: test_long byte compilation
FAIL: tmi compilation from source
FAIL: tmi byte compilation
FAIL: tmi -O compilation from source
FAIL: tmi byte compilation
FAIL: tp compilation from source
FAIL: tp byte compilation
FAIL: tp -O compilation from source
FAIL: tp byte compilation
FAIL: update_outer compilation from source
FAIL: update_outer byte compilation
FAIL: update_outer -O compilation from source
FAIL: update_outer byte compilation
=== libjava Summary ===
# of expected passes 68
# of unexpected failures 554
# of expected failures 1104
=== gcc tests ===
Running target unix
XPASS: gcc.c-torture/compile/20001222-1.c, -O0
XPASS: gcc.c-torture/compile/20001222-1.c, -O1
XPASS: gcc.c-torture/compile/20001222-1.c, -O2
XPASS: gcc.c-torture/compile/20001222-1.c, -O3 -fomit-frame-pointer
XPASS: gcc.c-torture/compile/20001222-1.c, -O3 -g
XPASS: gcc.c-torture/compile/20001222-1.c, -Os
FAIL: gcc.c-torture/execute/20001009-1.c execution, -O1
FAIL: gcc.c-torture/execute/20001009-1.c execution, -O2
FAIL: gcc.c-torture/execute/20001009-1.c execution, -O3 -fomit-frame-pointer
FAIL: gcc.c-torture/execute/20001009-1.c execution, -O3 -g
FAIL: gcc.c-torture/execute/20001009-1.c execution, -Os
FAIL: gcc.c-torture/execute/20001221-1.c compilation, -O0
FAIL: gcc.c-torture/execute/20001221-1.c compilation, -O1
FAIL: gcc.c-torture/execute/20001221-1.c compilation, -O2
FAIL: gcc.c-torture/execute/20001221-1.c compilation, -O3 -fomit-frame-pointer
FAIL: gcc.c-torture/execute/20001221-1.c compilation, -O3 -g
FAIL: gcc.c-torture/execute/20001221-1.c compilation, -Os
FAIL: gcc.c-torture/execute/960608-1.c execution, -O3 -fomit-frame-pointer
FAIL: gcc.c-torture/execute/960608-1.c execution, -O3 -g
FAIL: gcc.c-torture/execute/991118-1.c execution, -O3 -fomit-frame-pointer
FAIL: gcc.c-torture/execute/991118-1.c execution, -O3 -g
FAIL: gcc.c-torture/execute/bf64-1.c execution, -O3 -fomit-frame-pointer
FAIL: gcc.c-torture/execute/bf64-1.c execution, -O3 -g
FAIL: gcc.c-torture/execute/loop-2b.c execution, -O2
FAIL: gcc.c-torture/execute/loop-7.c execution, -O2
FAIL: gcc.c-torture/execute/loop-7.c execution, -O3 -fomit-frame-pointer
FAIL: gcc.c-torture/execute/loop-7.c execution, -O3 -fomit-frame-pointer -funroll-loops
FAIL: gcc.c-torture/execute/loop-7.c execution, -O3 -fomit-frame-pointer -funroll-all-loops -finline-functions
FAIL: gcc.c-torture/execute/loop-7.c execution, -O3 -g
FAIL: gcc.c-torture/execute/loop-7.c execution, -Os
FAIL: gcc.dg/20000503-1.c (test for excess errors)
FAIL: gcc.dg/20000724-1.c execution test
FAIL: gcc.dg/20001117-1.c (test for excess errors)
FAIL: gcc.dg/sequence-pt-1.c sequence point warning (test for warnings, line 59)
=== gcc Summary ===
# of expected passes 13452
# of unexpected failures 28
# of unexpected successes 6
# of expected failures 77
# of unresolved testcases 6
# of unsupported tests 21
/home/gnu/work/GNU/gcc-20001231-i686-redhat7-linux-gnu/gcc/xgcc version 2.97 20001231 (experimental)
=== g++ tests ===
Running target unix
FAIL: g++.bugs/900325_01.C caused compiler crash
FAIL: g++.ext/instantiate1.C not instantiated (test for errors, line 18)
FAIL: g++.ext/instantiate1.C not instantiated (test for errors, line 20)
FAIL: g++.ext/pretty2.C Execution test
FAIL: g++.jason/2371.C (test for excess errors)
FAIL: g++.mike/p6610a.C Execution test
FAIL: g++.other/decl4.C caused compiler crash
FAIL: g++.other/incomplete.C caused compiler crash
FAIL: g++.other/loop2.C caused compiler crash
FAIL: g++.pt/crash61.C caused compiler crash
=== g++ Summary ===
# of expected passes 6184
# of unexpected failures 10
# of expected failures 95
# of untested testcases 9
/home/gnu/work/GNU/gcc-20001231-i686-redhat7-linux-gnu/gcc/testsuite/../g++ version 2.97 20001231 (experimental)
=== g77 tests ===
Running target unix
XPASS: g77.f-torture/compile/20000629-1.f, -O2 -fomit-frame-pointer -finline-functions -funroll-loops
XPASS: g77.f-torture/compile/20000629-1.f, -O2 -fomit-frame-pointer -finline-functions -funroll-all-loops
FAIL: g77.f-torture/execute/short.f execution, -Os
=== g77 Summary ===
# of expected passes 886
# of unexpected failures 1
# of unexpected successes 2
=== objc tests ===
Running target unix
FAIL: objc/execute/fdecl.m compilation, -O
FAIL: objc/execute/np-1.m compilation, -O
FAIL: objc/execute/np-2.m compilation, -O
FAIL: objc/execute/protocol.m compilation, -O
=== objc Summary ===
# of expected passes 46
# of unexpected failures 4
# of untested testcases 4
/home/gnu/work/GNU/gcc-20001231-i686-redhat7-linux-gnu/gcc/xgcc version 2.97 20001231 (experimental)
Counting all warnings,
there are 143 warnings in stage3 of this bootstrap.
Number of warnings per file:
28 gcc/combine.c
19 gcc/expr.c
11 gcc/config/i386/i386.c
10 gcc/reg-stack.c
6 configure
5 gcc/loop.c
5 gcc/cse.c
5 gcc/cp/error.c
4 libjava/java/lang/strtod.c
4 libjava/java/lang/dtoa.c
4 gcc/java/lex.c
3 gcc/gcc.c
2 libjava/gnu/gcj/convert/natIconv.cc
2 hashtab.c
2 gcc/reload1.c
2 gcc/reload.c
2 gcc/libgcc2.c
2 gcc/java/jcf-io.c
2 gcc/function.c
2 gcc/fold-const.c
2 gcc/cp/call.c
2 gcc/alias.c
1 libjava/name-finder.cc
1 libjava/java/lang/e_log.c
1 libjava/java/lang/e_exp.c
1 libjava/gnu/gcj/io/shs.cc
1 libjava/boehm.cc
1 gcc/sched-deps.c
1 gcc/objc/lang-specs.h
1 gcc/java/jvspec.c
1 gcc/java/jcf-parse.c
1 gcc/haifa-sched.c
1 gcc/final.c
1 gcc/f/lang-specs.h
1 gcc/expmed.c
1 gcc/dwarfout.c
1 gcc/dwarf2out.c
1 gcc/cp/lang-specs.h
1 gcc/cp/errfn.c
1 gcc/c-lex.c
1 ../../../gcc-20001231/boehm-gc/mark_rts.c
Number of warning types:
77 comparison between signed and unsigned
18 `???' might be used uninitialized in this function
7 string length `???' is greater than the minimum length `???' ISO C89 is required to support
6 signed and unsigned type in conditional expression
5 passing arg ??? of `???' from incompatible pointer type
5 initialization from incompatible pointer type
4 ***********************************************************
3 unused variable `???'
2 function declaration isn't a prototype
1 unused parameter `???'
1 unused parameter `
1 unused
1 then use the most recent one - libffi-1.20.
1 pointer targets in passing arg ??? of `???' differ in signedness
1 passing arg ??? of `???' discards qualifiers from pointer target type
1 no previous prototype for `???'
1 integer constant is unsigned in ISO C, signed with -traditional
1 function-like macro `strcmp' must be used with arguments in traditional C
1 function returns address of local variable
1 division: function singularity
1 decimal constant is so large that it is unsigned
1 comparison
1 cast from pointer to
1 `void
1 This is beta code. If you're looking for a stable release