This is the mail archive of the
gcc-testresults@gcc.gnu.org
mailing list for the GCC project.
Results for 2.97 20001218 (experimental) testsuite on alpha-unknown-linux-gnu
- To: gcc-testresults at gcc dot gnu dot org
- Subject: Results for 2.97 20001218 (experimental) testsuite on alpha-unknown-linux-gnu
- From: Alexandre Oliva <oliva at lsd dot ic dot unicamp dot br>
- Date: Thu, 21 Dec 2000 18:02:38 -0200
Native configuration is alpha-unknown-linux-gnu
=== binutils tests ===
Running target unix
=== binutils Summary ===
# of expected passes 25
# of expected failures 1
=== g++ tests ===
Running target unix
FAIL: g++.brendan/crash39.C (test for excess errors)
FAIL: g++.eh/badalloc1.C Execution test
FAIL: g++.ext/instantiate1.C not instantiated (test for errors, line 18)
FAIL: g++.ext/instantiate1.C not instantiated (test for errors, line 20)
FAIL: g++.ext/instantiate2.C not instantiated (test for errors, line 16)
FAIL: g++.ext/instantiate3.C not instantiated (test for errors, line 13)
FAIL: g++.jason/2371.C (test for excess errors)
FAIL: g++.law/code-gen5.C (test for excess errors)
FAIL: g++.law/ctors12.C (test for excess errors)
FAIL: g++.law/cvt2.C (test for excess errors)
FAIL: g++.mike/eh2.C (test for excess errors)
FAIL: g++.other/crash18.C (test for excess errors)
FAIL: g++.other/crash32.C (test for excess errors)
FAIL: g++.other/eh3.C Execution test
FAIL: g++.other/loop2.C caused compiler crash
FAIL: g++.pt/instantiate4.C (test for excess errors)
FAIL: g++.pt/instantiate6.C (test for excess errors)
FAIL: g++.pt/repo1.C (test for excess errors)
FAIL: g++.pt/repo2.C (test for excess errors)
FAIL: g++.pt/repo3.C (test for excess errors)
FAIL: g++.robertl/eb39.C (test for excess errors)
FAIL: g++.robertl/eb44.C (test for excess errors)
FAIL: g++.robertl/eb66.C (test for excess errors)
FAIL: g++.robertl/eb91.C (test for excess errors)
=== g++ Summary ===
# of expected passes 6136
# of unexpected failures 24
# of expected failures 101
# of untested testcases 18
/l/tmp/egcs/gcc/testsuite/../g++ version 2.97 20001218 (experimental)
=== g77 tests ===
Running target unix
=== g77 Summary ===
# of expected passes 889
=== gas tests ===
Running target unix
FAIL: vtable inherit0
FAIL: vtable entry1
=== gas Summary ===
# of expected passes 62
# of unexpected failures 2
=== gcc tests ===
Running target unix
FAIL: gcc.c-torture/compile/20001116-1.c, -O0
FAIL: gcc.c-torture/compile/20001116-1.c, -O1
FAIL: gcc.c-torture/compile/20001116-1.c, -O2
FAIL: gcc.c-torture/compile/20001116-1.c, -O3 -fomit-frame-pointer
FAIL: gcc.c-torture/compile/20001116-1.c, -O3 -g
FAIL: gcc.c-torture/compile/20001116-1.c, -Os
FAIL: gcc.c-torture/compile/20001205-1.c, -O1
FAIL: gcc.c-torture/compile/20001205-1.c, -O3 -g
FAIL: gcc.c-torture/execute/20001130-2.c execution, -O2
FAIL: gcc.c-torture/execute/20001130-2.c execution, -Os
FAIL: gcc.c-torture/execute/ieee/20000320-1.c execution, -O0
FAIL: gcc.c-torture/execute/ieee/20000320-1.c execution, -O1
FAIL: gcc.c-torture/execute/ieee/20000320-1.c execution, -O2
FAIL: gcc.c-torture/execute/ieee/20000320-1.c execution, -O3 -fomit-frame-pointer
FAIL: gcc.c-torture/execute/ieee/20000320-1.c execution, -O3 -g
FAIL: gcc.c-torture/execute/ieee/20000320-1.c execution, -Os
FAIL: gcc.c-torture/execute/ieee/fp-cmp-2.c execution, -O0
FAIL: gcc.c-torture/execute/ieee/fp-cmp-2.c execution, -O1
FAIL: gcc.c-torture/execute/ieee/fp-cmp-2.c execution, -O2
FAIL: gcc.c-torture/execute/ieee/fp-cmp-2.c execution, -O3 -fomit-frame-pointer
FAIL: gcc.c-torture/execute/ieee/fp-cmp-2.c execution, -O3 -fomit-frame-pointer -funroll-loops
FAIL: gcc.c-torture/execute/ieee/fp-cmp-2.c execution, -O3 -fomit-frame-pointer -funroll-all-loops -finline-functions
FAIL: gcc.c-torture/execute/ieee/fp-cmp-2.c execution, -O3 -g
FAIL: gcc.c-torture/execute/ieee/fp-cmp-2.c execution, -Os
FAIL: gcc.c-torture/execute/ieee/fp-cmp-4.c execution, -O0
FAIL: gcc.c-torture/execute/ieee/fp-cmp-4.c execution, -O1
FAIL: gcc.c-torture/execute/ieee/fp-cmp-4.c execution, -O2
FAIL: gcc.c-torture/execute/ieee/fp-cmp-4.c execution, -O3 -fomit-frame-pointer
FAIL: gcc.c-torture/execute/ieee/fp-cmp-4.c execution, -O3 -fomit-frame-pointer -funroll-loops
FAIL: gcc.c-torture/execute/ieee/fp-cmp-4.c execution, -O3 -fomit-frame-pointer -funroll-all-loops -finline-functions
FAIL: gcc.c-torture/execute/ieee/fp-cmp-4.c execution, -O3 -g
FAIL: gcc.c-torture/execute/ieee/fp-cmp-4.c execution, -Os
FAIL: gcc.c-torture/execute/ieee/hugeval.c execution, -O0
FAIL: gcc.c-torture/execute/ieee/mzero2.c execution, -O0
FAIL: gcc.c-torture/execute/ieee/mzero2.c execution, -O1
FAIL: gcc.c-torture/execute/ieee/mzero2.c execution, -O2
FAIL: gcc.c-torture/execute/ieee/mzero2.c execution, -O3 -fomit-frame-pointer
FAIL: gcc.c-torture/execute/ieee/mzero2.c execution, -O3 -g
FAIL: gcc.c-torture/execute/ieee/mzero2.c execution, -Os
XPASS: gcc.c-torture/execute/memcheck/blkarg.c execution, -O0
XPASS: gcc.c-torture/execute/memcheck/blkarg.c execution, -O1
XPASS: gcc.c-torture/execute/memcheck/blkarg.c execution, -O2
XPASS: gcc.c-torture/execute/memcheck/blkarg.c execution, -Os
FAIL: gcc.c-torture/unsorted/loop386.c, -O3 -g
FAIL: gcc.dg/20001117-1.c (test for excess errors)
FAIL: gcc.dg/sequence-pt-1.c sequence point warning (test for warnings, line 59)
=== gcc Summary ===
# of expected passes 13265
# of unexpected failures 42
# of unexpected successes 4
# of expected failures 71
# of unsupported tests 48
/l/tmp/egcs/gcc/xgcc version 2.97 20001218 (experimental)
=== ld tests ===
Running target unix
FAIL: cdtest
FAIL: cdtest with -Ur
FAIL: selective1
FAIL: selective2
FAIL: undefined line
=== ld Summary ===
# of expected passes 40
# of unexpected failures 5
# of expected failures 2
# of unresolved testcases 1
=== objc tests ===
Running target unix
FAIL: objc/execute/fdecl.m compilation, -O
FAIL: objc/execute/np-1.m compilation, -O
FAIL: objc/execute/np-2.m compilation, -O
FAIL: objc/execute/protocol.m compilation, -O
=== objc Summary ===
# of expected passes 46
# of unexpected failures 4
# of untested testcases 4
/l/tmp/egcs/gcc/xgcc version 2.97 20001218 (experimental)
Compiler version: 2.97 20001218 (experimental)
Platform: alpha-unknown-linux-gnu
BOOT_CFLAGS: -g -O9 -W -Wall
Counting all warnings,
there are 48 warnings in stage3 of this bootstrap.
Number of warnings per file:
5 gcc/loop.c
5 gcc/cp/error.c
4 gcc/reload.c
4 gcc/libgcc2.c
3 gcc/gcc.c
3 gcc/dwarf2out.c
2 gcc/expr.c
2 gcc/cp/call.c
2 gcc/config/alpha/alpha.c
1 gcc/varasm.c
1 gcc/sdbout.c
1 gcc/sched-vis.c
1 gcc/sched-deps.c
1 gcc/reload1.c
1 gcc/objc/lang-specs.h
1 gcc/java/jvspec.c
1 gcc/java/jcf-write.c
1 gcc/java/jcf-parse.c
1 gcc/fold-const.c
1 gcc/final.c
1 gcc/f/lang-specs.h
1 gcc/cppexp.c
1 gcc/cp/lang-specs.h
1 gcc/cp/errfn.c
1 gcc/combine.c
1 gcc/c-lex.c
1 gcc/builtins.c
Number of warning types:
12 comparison between signed and unsigned
10 `???' might be used uninitialized in this function
6 string length `???' is greater than the minimum length `???' ISO C89 is required to support
5 initialization from incompatible pointer type
4 function declaration isn't a prototype
2 unused variable `???'
2 no previous prototype for `???'
2 assignment discards qualifiers from pointer target type
1 traditional C rejects string concatenation
1 pointer targets in passing arg ??? of `???' differ in signedness
1 passing arg ??? of `???' from incompatible pointer type
1 function-like macro `strcmp' must be used with arguments in traditional C
1 `long' switch expression not converted to `int' in ISO C