This is the mail archive of the
gcc-testresults@gcc.gnu.org
mailing list for the GCC project.
Results for 2.97 20001205 (experimental) testsuite on i686-pc-linux-gnu
- To: gcc-testresults at gcc dot gnu dot org
- Subject: Results for 2.97 20001205 (experimental) testsuite on i686-pc-linux-gnu
- From: Mike Stump <mrs at helium dot wrs dot com>
- Date: Tue, 5 Dec 2000 16:44:58 -0800
Native configuration is i686-pc-linux-gnu
=== gcc tests ===
Running target unix
FAIL: gcc.c-torture/compile/930523-1.c, -O2
FAIL: gcc.c-torture/compile/930523-1.c, -O3 -g
FAIL: gcc.c-torture/compile/930523-1.c, -Os
FAIL: gcc.c-torture/compile/950613-1.c, -O2
FAIL: gcc.c-torture/compile/950613-1.c, -O3 -g
FAIL: gcc.c-torture/compile/950613-1.c, -Os
FAIL: gcc.c-torture/compile/20001116-1.c, -O0
FAIL: gcc.c-torture/compile/20001116-1.c, -O1
FAIL: gcc.c-torture/compile/20001116-1.c, -O2
FAIL: gcc.c-torture/compile/20001116-1.c, -O3 -fomit-frame-pointer
FAIL: gcc.c-torture/compile/20001116-1.c, -O3 -g
FAIL: gcc.c-torture/compile/20001116-1.c, -Os
FAIL: gcc.c-torture/execute/20001009-1.c execution, -O1
FAIL: gcc.c-torture/execute/20001009-1.c execution, -O2
FAIL: gcc.c-torture/execute/20001009-1.c execution, -O3 -fomit-frame-pointer
FAIL: gcc.c-torture/execute/20001009-1.c execution, -O3 -g
FAIL: gcc.c-torture/execute/20001009-1.c execution, -Os
FAIL: gcc.c-torture/execute/960608-1.c execution, -O3 -fomit-frame-pointer
FAIL: gcc.c-torture/execute/960608-1.c execution, -O3 -g
FAIL: gcc.c-torture/execute/loop-2b.c execution, -O2
FAIL: gcc.c-torture/execute/loop-7.c execution, -O2
FAIL: gcc.c-torture/execute/loop-7.c execution, -O3 -fomit-frame-pointer
FAIL: gcc.c-torture/execute/loop-7.c execution, -O3 -fomit-frame-pointer -funroll-loops
FAIL: gcc.c-torture/execute/loop-7.c execution, -O3 -fomit-frame-pointer -funroll-all-loops -finline-functions
FAIL: gcc.c-torture/execute/loop-7.c execution, -O3 -g
FAIL: gcc.c-torture/execute/loop-7.c execution, -Os
FAIL: gcc.dg/cpp/assert_trad1.c (test for excess errors)
FAIL: gcc.dg/cpp/assert_trad2.c test w/o predicate (test for errors, line 10)
FAIL: gcc.dg/cpp/assert_trad2.c test punctuation (test for errors, line 13)
FAIL: gcc.dg/cpp/assert_trad2.c (test for errors, line 13)
FAIL: gcc.dg/cpp/assert_trad2.c test number (test for errors, line 16)
FAIL: gcc.dg/cpp/assert_trad2.c (test for errors, line 16)
FAIL: gcc.dg/cpp/assert_trad2.c bad syntax (test for errors, line 23)
FAIL: gcc.dg/cpp/assert_trad2.c (test for excess errors)
FAIL: gcc.dg/cpp/assert_trad3.c (test for excess errors)
FAIL: gcc.dg/20000503-1.c (test for excess errors)
FAIL: gcc.dg/20000724-1.c execution test
FAIL: gcc.dg/20001117-1.c (test for excess errors)
FAIL: gcc.dg/sequence-pt-1.c sequence point warning (test for warnings, line 59)
FAIL: gcc.dg/special/weak-1.c execution test
=== gcc Summary ===
# of expected passes 13233
# of unexpected failures 40
# of expected failures 77
# of unsupported tests 22
/.automount/kankakee/root/kankakee1/tmp/mrs/net/gcc-linux/gcc/xgcc version 2.97 20001205 (experimental)
=== g++ tests ===
Running target unix
=== g77 tests ===
Running target unix
FAIL: g77.f-torture/execute/20001201.f execution, -O0
FAIL: g77.f-torture/execute/20001201.f execution, -O1
FAIL: g77.f-torture/execute/20001201.f execution, -O2
FAIL: g77.f-torture/execute/20001201.f execution, -O2 -fomit-frame-pointer -finline-functions
FAIL: g77.f-torture/execute/20001201.f execution, -O3 -g
FAIL: g77.f-torture/execute/20001201.f execution, -Os
FAIL: g77.f-torture/execute/short.f execution, -Os
=== g77 Summary ===
# of expected passes 882
# of unexpected failures 7
=== objc tests ===
Running target unix
FAIL: objc/execute/fdecl.m compilation, -O
FAIL: objc/execute/np-1.m compilation, -O
FAIL: objc/execute/np-2.m compilation, -O
=== objc Summary ===
# of expected passes 46
# of unexpected failures 3
# of untested testcases 3
/.automount/kankakee/root/kankakee1/tmp/mrs/net/gcc-linux/gcc/xgcc version 2.97 20001205 (experimental)
Compiler version: 2.97 20001205 (experimental)
Platform: i686-pc-linux-gnu
configure flags: --host=i686-pc-linux-gnu --prefix=/folk/mrs/packages/gcc-20001113-lx