This is the mail archive of the
gcc-testresults@gcc.gnu.org
mailing list for the GCC project.
Results for 2.97 20001127 (experimental) testsuite on sparc-sun-solaris2.5
- To: gcc-testresults at gcc dot gnu dot org
- Subject: Results for 2.97 20001127 (experimental) testsuite on sparc-sun-solaris2.5
- From: Alexandre Oliva <oliva at ic dot unicamp dot br>
- Date: Thu, 30 Nov 2000 11:32:16 -0200 (EDT)
Native configuration is sparc-sun-solaris2.5
=== binutils tests ===
Running target unix
=== binutils Summary ===
# of expected passes 26
=== g++ tests ===
Running target unix
FAIL: g++.ext/instantiate1.C not instantiated (test for errors, line 18)
FAIL: g++.ext/instantiate1.C not instantiated (test for errors, line 20)
FAIL: g++.law/profile1.C Execution test
FAIL: g++.other/base1.C cv qualified (test for errors, line 19)
FAIL: g++.other/friend9.C in this context (test for errors, line 15)
FAIL: g++.other/friend9.C (test for excess errors)
FAIL: g++.other/loop2.C caused compiler crash
FAIL: g++.other/parse2.C caused compiler crash
FAIL: g++.pt/incomplete1.C caused compiler crash
FAIL: g++.pt/static11.C Execution test
FAIL: g++.robertl/eb73.C (test for excess errors)
=== g++ Summary ===
# of expected passes 6102
# of unexpected failures 11
# of expected failures 101
# of untested testcases 17
/tmp/egcs/gcc/testsuite/../g++ version 2.97 20001127 (experimental)
=== g77 tests ===
Running target unix
=== g77 Summary ===
# of expected passes 877
=== gas tests ===
Running target unix
=== gas Summary ===
# of expected passes 73
=== gcc tests ===
Running target unix
FAIL: gcc.c-torture/compile/20001116-1.c, -O0
FAIL: gcc.c-torture/compile/20001116-1.c, -O1
FAIL: gcc.c-torture/compile/20001116-1.c, -O2
FAIL: gcc.c-torture/compile/20001116-1.c, -O3 -fomit-frame-pointer
FAIL: gcc.c-torture/compile/20001116-1.c, -O3 -g
FAIL: gcc.c-torture/compile/20001116-1.c, -Os
FAIL: gcc.c-torture/execute/930622-2.c execution, -O0
FAIL: gcc.c-torture/execute/930622-2.c execution, -O1
FAIL: gcc.c-torture/execute/930622-2.c execution, -O2
FAIL: gcc.c-torture/execute/930622-2.c execution, -O3 -fomit-frame-pointer
FAIL: gcc.c-torture/execute/930622-2.c execution, -O3 -g
FAIL: gcc.c-torture/execute/930622-2.c execution, -Os
FAIL: gcc.c-torture/execute/960215-1.c execution, -O1
FAIL: gcc.c-torture/execute/960513-1.c execution, -O1
FAIL: gcc.c-torture/execute/loop-7.c execution, -O2
FAIL: gcc.c-torture/execute/loop-7.c execution, -O3 -fomit-frame-pointer
FAIL: gcc.c-torture/execute/loop-7.c execution, -O3 -fomit-frame-pointer -funroll-loops
FAIL: gcc.c-torture/execute/loop-7.c execution, -O3 -fomit-frame-pointer -funroll-all-loops -finline-functions
FAIL: gcc.c-torture/execute/loop-7.c execution, -O3 -g
FAIL: gcc.c-torture/execute/loop-7.c execution, -Os
FAIL: gcc.c-torture/execute/regstack-1.c execution, -O1
FAIL: gcc.dg/cpp/if-2.c wide charconst recognition (test for bogus messages, line 9)
FAIL: gcc.dg/20001013-1.c (test for excess errors)
FAIL: gcc.dg/20001117-1.c (test for excess errors)
FAIL: gcc.dg/c99-array-nonobj-1.c (test for excess errors)
FAIL: gcc.dg/sequence-pt-1.c sequence point warning (test for warnings, line 59)
=== gcc Summary ===
# of expected passes 13021
# of unexpected failures 26
# of expected failures 75
# of unsupported tests 47
/tmp/egcs/gcc/xgcc version 2.97 20001127 (experimental)
=== ld tests ===
Running target unix
FAIL: cdtest
FAIL: cdtest with -Ur
FAIL: shared (non PIC, load offset)
FAIL: S-records with constructors
=== ld Summary ===
# of expected passes 50
# of unexpected failures 4
# of expected failures 1
=== objc tests ===
Running target unix
FAIL: objc/execute/bf-1.m compilation, -O
FAIL: objc/execute/bf-10.m compilation, -O
FAIL: objc/execute/bf-11.m compilation, -O
FAIL: objc/execute/bf-12.m compilation, -O
FAIL: objc/execute/bf-13.m compilation, -O
FAIL: objc/execute/bf-14.m compilation, -O
FAIL: objc/execute/bf-15.m compilation, -O
FAIL: objc/execute/bf-16.m compilation, -O
FAIL: objc/execute/bf-17.m compilation, -O
FAIL: objc/execute/bf-18.m compilation, -O
FAIL: objc/execute/bf-19.m compilation, -O
FAIL: objc/execute/bf-2.m compilation, -O
FAIL: objc/execute/bf-20.m compilation, -O
FAIL: objc/execute/bf-3.m compilation, -O
FAIL: objc/execute/bf-4.m compilation, -O
FAIL: objc/execute/bf-5.m compilation, -O
FAIL: objc/execute/bf-6.m compilation, -O
FAIL: objc/execute/bf-7.m compilation, -O
FAIL: objc/execute/bf-8.m compilation, -O
FAIL: objc/execute/bf-9.m compilation, -O
FAIL: objc/execute/fdecl.m compilation, -O
FAIL: objc/execute/np-1.m compilation, -O
FAIL: objc/execute/np-2.m compilation, -O
FAIL: objc/execute/paste.m compilation, -O
FAIL: objc/execute/string1.m compilation, -O
FAIL: objc/execute/string2.m compilation, -O
=== objc Summary ===
# of unexpected failures 26
# of untested testcases 26
/tmp/egcs/gcc/xgcc version 2.97 20001127 (experimental)
Compiler version: 2.97 20001127 (experimental)
Platform: sparc-sun-solaris2.5
BOOT_CFLAGS: -g -O9 -W -Wall
Counting all warnings,
there are 116 warnings in stage3 of this bootstrap.
Number of warnings per file:
27 /home/phd/oliva/src/egcs/gcc/combine.c
15 /home/phd/oliva/src/egcs/gcc/expr.c
7 /home/phd/oliva/src/egcs/gcc/libgcc2.c
6 /home/phd/oliva/src/egcs/gcc/frame-dwarf2.c
6 /home/phd/oliva/src/egcs/gcc/cse.c
5 /home/phd/oliva/src/egcs/gcc/loop.c
5 /home/phd/oliva/src/egcs/gcc/cp/error.c
5 /home/phd/oliva/src/egcs/gcc/c-common.c
4 /home/phd/oliva/src/egcs/gcc/reload.c
4 /home/phd/oliva/src/egcs/gcc/gcc.c
4 /home/phd/oliva/src/egcs/gcc/dwarf2out.c
4 /home/phd/oliva/src/egcs/gcc/config/sparc/sparc.c
3 /home/phd/oliva/src/egcs/gcc/reload1.c
2 hashtab.c
2 /home/phd/oliva/src/egcs/gcc/function.c
2 /home/phd/oliva/src/egcs/gcc/fold-const.c
2 /home/phd/oliva/src/egcs/gcc/alias.c
1 /home/phd/oliva/src/egcs/gcc/objc/lang-specs.h
1 /home/phd/oliva/src/egcs/gcc/java/jvspec.c
1 /home/phd/oliva/src/egcs/gcc/haifa-sched.c
1 /home/phd/oliva/src/egcs/gcc/ggc-page.c
1 /home/phd/oliva/src/egcs/gcc/flow.c
1 /home/phd/oliva/src/egcs/gcc/final.c
1 /home/phd/oliva/src/egcs/gcc/f/lang-specs.h
1 /home/phd/oliva/src/egcs/gcc/expmed.c
1 /home/phd/oliva/src/egcs/gcc/dwarfout.c
1 /home/phd/oliva/src/egcs/gcc/cppmain.c
1 /home/phd/oliva/src/egcs/gcc/cppfiles.c
1 /home/phd/oliva/src/egcs/gcc/cp/lang-specs.h
1 /home/phd/oliva/src/egcs/gcc/cp/errfn.c
Number of warning types:
60 comparison between signed and unsigned
12 signed and unsigned type in conditional expression
9 `???' might be used uninitialized in this function
8 string length `???' is greater than the minimum length `???' ISO C89 is required to support
5 initialization from incompatible pointer type
5 (near initialization for `???')
4 implicit declaration of function `???'
3 missing braces around initializer
3 function declaration isn't a prototype
2 missing initializer
1 unused variable `???'
1 pointer targets in passing arg ??? of `???' differ in signedness
1 passing arg ??? of `???' discards qualifiers from pointer target type
1 integer constant is unsigned in ISO C, signed with -traditional
1 decimal constant is so large that it is unsigned