This is the mail archive of the
gcc-testresults@gcc.gnu.org
mailing list for the GCC project.
Results for 2.97 20001127 (experimental) testsuite on i686-pc-linux-gnu
- To: gcc-testresults at gcc dot gnu dot org
- Subject: Results for 2.97 20001127 (experimental) testsuite on i686-pc-linux-gnu
- From: David Ronis <ronis at ronispc dot chem dot mcgill dot ca>
- Date: Wed, 29 Nov 2000 16:10:30 -0500
Native configuration is i686-pc-linux-gnu
=== gcc tests ===
Running target unix
FAIL: gcc.c-torture/compile/20001116-1.c, -O0
FAIL: gcc.c-torture/compile/20001116-1.c, -O1
FAIL: gcc.c-torture/compile/20001116-1.c, -O2
FAIL: gcc.c-torture/compile/20001116-1.c, -O3 -fomit-frame-pointer
FAIL: gcc.c-torture/compile/20001116-1.c, -O3 -g
FAIL: gcc.c-torture/compile/20001116-1.c, -Os
FAIL: gcc.c-torture/execute/20001009-1.c execution, -O1
FAIL: gcc.c-torture/execute/20001009-1.c execution, -O2
FAIL: gcc.c-torture/execute/20001009-1.c execution, -O3 -fomit-frame-pointer
FAIL: gcc.c-torture/execute/20001009-1.c execution, -O3 -g
FAIL: gcc.c-torture/execute/20001009-1.c execution, -Os
FAIL: gcc.c-torture/execute/960608-1.c execution, -O3 -fomit-frame-pointer
FAIL: gcc.c-torture/execute/960608-1.c execution, -O3 -g
FAIL: gcc.c-torture/execute/loop-2b.c execution, -O2
FAIL: gcc.c-torture/execute/loop-7.c execution, -O2
FAIL: gcc.c-torture/execute/loop-7.c execution, -O3 -fomit-frame-pointer
FAIL: gcc.c-torture/execute/loop-7.c execution, -O3 -fomit-frame-pointer -funroll-loops
FAIL: gcc.c-torture/execute/loop-7.c execution, -O3 -fomit-frame-pointer -funroll-all-loops -finline-functions
FAIL: gcc.c-torture/execute/loop-7.c execution, -O3 -g
FAIL: gcc.c-torture/execute/loop-7.c execution, -Os
FAIL: gcc.c-torture/execute/loop-8.c execution, -O1
FAIL: gcc.c-torture/execute/loop-8.c execution, -O2
FAIL: gcc.c-torture/execute/loop-8.c execution, -Os
FAIL: gcc.dg/20000503-1.c (test for excess errors)
FAIL: gcc.dg/20000724-1.c execution test
FAIL: gcc.dg/20001117-1.c (test for excess errors)
FAIL: gcc.dg/20001127-1.c (test for excess errors)
FAIL: gcc.dg/c99-array-nonobj-1.c (test for excess errors)
FAIL: gcc.dg/sequence-pt-1.c sequence point warning (test for warnings, line 59)
=== gcc Summary ===
# of expected passes 13064
# of unexpected failures 29
# of expected failures 81
# of unsupported tests 21
/home/ronis/Project/notar/objdir/gcc/xgcc version 2.97 20001127 (experimental)
=== g++ tests ===
Running target unix
FAIL: g++.ext/instantiate1.C not instantiated (test for errors, line 18)
FAIL: g++.ext/instantiate1.C not instantiated (test for errors, line 20)
FAIL: g++.other/base1.C cv qualified (test for errors, line 19)
FAIL: g++.other/friend9.C in this context (test for errors, line 15)
FAIL: g++.other/friend9.C (test for excess errors)
FAIL: g++.other/loop2.C caused compiler crash
FAIL: g++.other/parse2.C caused compiler crash
FAIL: g++.pt/incomplete1.C caused compiler crash
=== g++ Summary ===
# of expected passes 6117
# of unexpected failures 8
# of expected failures 101
# of untested testcases 9
/home/ronis/Project/notar/objdir/gcc/testsuite/../g++ version 2.97 20001127 (experimental)
=== g77 tests ===
Running target unix
XPASS: g77.f-torture/execute/20001111.f execution, -O0
FAIL: g77.f-torture/execute/short.f execution, -Os
=== g77 Summary ===
# of expected passes 868
# of unexpected failures 1
# of unexpected successes 1
# of expected failures 7
=== objc tests ===
Running target unix
FAIL: objc/execute/fdecl.m compilation, -O
FAIL: objc/execute/np-1.m compilation, -O
FAIL: objc/execute/np-2.m compilation, -O
=== objc Summary ===
# of expected passes 46
# of unexpected failures 3
# of untested testcases 3
/home/ronis/Project/notar/objdir/gcc/xgcc version 2.97 20001127 (experimental)
Compiler version: 2.97 20001127 (experimental)
Platform: i686-pc-linux-gnu
configure flags: --host=i686-pc-linux-gnu --prefix=/usr --with-gnu-as --enable-shared --with-gnu-ld --enable-threads=posix
BOOT_CFLAGS=
CFLAGS (set before configure)=
CXXFLAGS (set before configure)=
Counting all warnings,
there are 279 warnings in stage3 of this bootstrap.
Number of warnings per file:
41 genrtl.c
28 ../../gcc/gcc/combine.c
17 ../../gcc/gcc/real.c
17 ../../gcc/gcc/expr.c
13 ../../gcc/gcc/config/i386/i386.c
12 ../../gcc/gcc/reg-stack.c
12 ../../gcc/gcc/objc/objc-act.c
10 ../../gcc/gcc/reload1.c
8 ../../gcc/gcc/genrecog.c
7 ../../gcc/gcc/reload.c
6 ../../gcc/gcc/haifa-sched.c
6 ../../gcc/gcc/gcc.c
6 ../../gcc/gcc/fold-const.c
6 ../../gcc/gcc/cse.c
5 ../../gcc/gcc/loop.c
5 ../../gcc/gcc/flow.c
5 ../../gcc/gcc/cp/error.c
5 ../../gcc/gcc/c-common.c
4 ../../gcc/gcc/java/lex.c
4 ../../gcc/gcc/genoutput.c
4 ../../gcc/gcc/dependence.c
3 cxxmain.c
3 ../../gcc/gcc/tree.c
3 ../../gcc/gcc/regclass.c
3 ../../gcc/gcc/gcov.c
3 ../../gcc/gcc/dwarf2out.c
2 insn-extract.c
2 hashtab.c
2 ../../gcc/gcc/varasm.c
2 ../../gcc/gcc/libgcc2.c
2 ../../gcc/gcc/java/jvspec.c
2 ../../gcc/gcc/global.c
2 ../../gcc/gcc/function.c
2 ../../gcc/gcc/diagnostic.c
2 ../../gcc/gcc/c-lex.c
2 ../../gcc/gcc/alias.c
1 ../../gcc/gcc/tradcpp.c
1 ../../gcc/gcc/timevar.c
1 ../../gcc/gcc/ssa.c
1 ../../gcc/gcc/simplify-rtx.c
1 ../../gcc/gcc/rtl.c
1 ../../gcc/gcc/recog.c
1 ../../gcc/gcc/print-tree.c
1 ../../gcc/gcc/objc/lang-specs.h
1 ../../gcc/gcc/mkdeps.c
1 ../../gcc/gcc/ggc-page.c
1 ../../gcc/gcc/genextract.c
1 ../../gcc/gcc/gcse.c
1 ../../gcc/gcc/final.c
1 ../../gcc/gcc/f/lang-specs.h
1 ../../gcc/gcc/expmed.c
1 ../../gcc/gcc/emit-rtl.c
1 ../../gcc/gcc/dwarfout.c
1 ../../gcc/gcc/cppmain.c
1 ../../gcc/gcc/cpplib.c
1 ../../gcc/gcc/cppinit.c
1 ../../gcc/gcc/cp/lang-specs.h
1 ../../gcc/gcc/cp/errfn.c
1 ../../gcc/gcc/collect2.c
Number of warning types:
156 value computed is not used
78 comparison between signed and unsigned
9 \`???' might be used uninitialized in this function
7 string length \`???' is greater than the minimum length \`???' ISO C89 is required to support
6 signed and unsigned type in conditional expression
5 initialization from incompatible pointer type
4 unused variable \`???'
4 passing arg ??? of \`???' from incompatible pointer type
3 function declaration isn't a prototype
1 pointer targets in passing arg ??? of \`???' differ in signedness
1 passing arg ??? of \`???' discards qualifiers from pointer target type
1 no previous prototype for \`???'
1 label \`???' defined but not used
1 integer constant is unsigned in ISO C, signed with -traditional
1 function-like macro \`strcmp' must be used with arguments in traditional C
1 decimal constant is so large that it is unsigned