This is the mail archive of the
gcc-testresults@gcc.gnu.org
mailing list for the GCC project.
Results for 2.97 20001122 (experimental) testsuite on mips-sgi-irix6.2
- To: gcc-testresults at gcc dot gnu dot org
- Subject: Results for 2.97 20001122 (experimental) testsuite on mips-sgi-irix6.2
- From: "Kaveh R. Ghazi" <ghazi at caip dot rutgers dot edu>
- Date: Thu, 23 Nov 2000 12:27:01 -0500 (EST)
Native configuration is mips-sgi-irix6.2
=== objc tests ===
Running target unix/-mabi=64
FAIL: objc/execute/fdecl.m compilation, -O
FAIL: objc/execute/np-1.m compilation, -O
FAIL: objc/execute/np-2.m compilation, -O
=== objc Summary for unix/-mabi=64 ===
# of expected passes 46
# of unexpected failures 3
# of untested testcases 3
Running target unix
FAIL: objc/execute/fdecl.m compilation, -O
FAIL: objc/execute/np-1.m compilation, -O
FAIL: objc/execute/np-2.m compilation, -O
=== objc Summary for unix ===
# of expected passes 46
# of unexpected failures 3
# of untested testcases 3
=== objc Summary ===
# of expected passes 92
# of unexpected failures 6
# of untested testcases 6
/caip/u99/ghazi/gcc-testing/build/gcc/xgcc version 2.97 20001122 (experimental)
=== gcc tests ===
Running target unix/-mabi=64
FAIL: gcc.c-torture/compile/20001116-1.c, -O0
FAIL: gcc.c-torture/compile/20001116-1.c, -O1
FAIL: gcc.c-torture/compile/20001116-1.c, -O2
FAIL: gcc.c-torture/compile/20001116-1.c, -O3 -fomit-frame-pointer
FAIL: gcc.c-torture/compile/20001116-1.c, -O3 -g
FAIL: gcc.c-torture/compile/20001116-1.c, -Os
FAIL: gcc.c-torture/compile/20000224-1.c, -O0
FAIL: gcc.c-torture/compile/20000224-1.c, -O1
FAIL: gcc.c-torture/compile/20000224-1.c, -O2
FAIL: gcc.c-torture/compile/20000224-1.c, -O3 -fomit-frame-pointer
FAIL: gcc.c-torture/compile/20000224-1.c, -O3 -fomit-frame-pointer -funroll-loops
FAIL: gcc.c-torture/compile/20000224-1.c, -O3 -fomit-frame-pointer -funroll-all-loops -finline-functions
FAIL: gcc.c-torture/compile/20000224-1.c, -O3 -g
FAIL: gcc.c-torture/compile/20000224-1.c, -Os
FAIL: gcc.c-torture/compile/970214-1.c, -O0
FAIL: gcc.c-torture/compile/970214-1.c, -O1
FAIL: gcc.c-torture/compile/970214-1.c, -O2
FAIL: gcc.c-torture/compile/970214-1.c, -O3 -fomit-frame-pointer
FAIL: gcc.c-torture/compile/970214-1.c, -O3 -g
FAIL: gcc.c-torture/compile/970214-1.c, -Os
FAIL: gcc.c-torture/execute/20000113-1.c compilation, -O0
FAIL: gcc.c-torture/execute/20000113-1.c compilation, -O1
FAIL: gcc.c-torture/execute/20000113-1.c compilation, -O2
FAIL: gcc.c-torture/execute/20000113-1.c compilation, -O3 -fomit-frame-pointer
FAIL: gcc.c-torture/execute/20000113-1.c compilation, -O3 -g
FAIL: gcc.c-torture/execute/20000113-1.c compilation, -Os
FAIL: gcc.c-torture/execute/20001009-2.c execution, -O0
FAIL: gcc.c-torture/execute/20001009-2.c execution, -O1
FAIL: gcc.c-torture/execute/20001009-2.c execution, -O2
FAIL: gcc.c-torture/execute/20001009-2.c execution, -O3 -fomit-frame-pointer
FAIL: gcc.c-torture/execute/20001009-2.c execution, -O3 -fomit-frame-pointer -funroll-loops
FAIL: gcc.c-torture/execute/20001009-2.c execution, -O3 -fomit-frame-pointer -funroll-all-loops -finline-functions
FAIL: gcc.c-torture/execute/20001009-2.c execution, -O3 -g
FAIL: gcc.c-torture/execute/20001009-2.c execution, -Os
FAIL: gcc.c-torture/execute/970214-1.c compilation, -O0
FAIL: gcc.c-torture/execute/970214-1.c compilation, -O1
FAIL: gcc.c-torture/execute/970214-1.c compilation, -O2
FAIL: gcc.c-torture/execute/970214-1.c compilation, -O3 -fomit-frame-pointer
FAIL: gcc.c-torture/execute/970214-1.c compilation, -O3 -g
FAIL: gcc.c-torture/execute/970214-1.c compilation, -Os
FAIL: gcc.c-torture/execute/970214-2.c compilation, -O0
FAIL: gcc.c-torture/execute/970214-2.c compilation, -O1
FAIL: gcc.c-torture/execute/970214-2.c compilation, -O2
FAIL: gcc.c-torture/execute/970214-2.c compilation, -O3 -fomit-frame-pointer
FAIL: gcc.c-torture/execute/970214-2.c compilation, -O3 -g
FAIL: gcc.c-torture/execute/970214-2.c compilation, -Os
FAIL: gcc.c-torture/execute/981130-1.c compilation, -O2
FAIL: gcc.c-torture/execute/981130-1.c compilation, -Os
FAIL: gcc.c-torture/execute/991014-1.c compilation, -O0
FAIL: gcc.c-torture/execute/991014-1.c compilation, -O1
FAIL: gcc.c-torture/execute/991014-1.c compilation, -O2
FAIL: gcc.c-torture/execute/991014-1.c compilation, -O3 -fomit-frame-pointer
FAIL: gcc.c-torture/execute/991014-1.c compilation, -O3 -g
FAIL: gcc.c-torture/execute/991014-1.c compilation, -Os
FAIL: gcc.c-torture/execute/bf-sign-1.c compilation, -O1
FAIL: gcc.c-torture/execute/bf-sign-1.c compilation, -O2
FAIL: gcc.c-torture/execute/bf-sign-1.c compilation, -O3 -fomit-frame-pointer
FAIL: gcc.c-torture/execute/bf-sign-1.c compilation, -O3 -g
FAIL: gcc.c-torture/execute/bf-sign-1.c compilation, -Os
FAIL: gcc.c-torture/execute/bf64-1.c compilation, -O1
FAIL: gcc.c-torture/execute/bf64-1.c compilation, -O2
FAIL: gcc.c-torture/execute/bf64-1.c compilation, -O3 -fomit-frame-pointer
FAIL: gcc.c-torture/execute/bf64-1.c compilation, -O3 -g
FAIL: gcc.c-torture/execute/bf64-1.c compilation, -Os
FAIL: gcc.c-torture/execute/compndlit-1.c compilation, -O0
FAIL: gcc.c-torture/execute/compndlit-1.c compilation, -O1
FAIL: gcc.c-torture/execute/compndlit-1.c compilation, -O2
FAIL: gcc.c-torture/execute/compndlit-1.c compilation, -O3 -fomit-frame-pointer
FAIL: gcc.c-torture/execute/compndlit-1.c compilation, -O3 -g
FAIL: gcc.c-torture/execute/compndlit-1.c compilation, -Os
FAIL: gcc.c-torture/execute/divconst-2.c execution, -O1
FAIL: gcc.c-torture/execute/divconst-2.c execution, -O2
FAIL: gcc.c-torture/execute/divconst-2.c execution, -Os
FAIL: gcc.c-torture/execute/widechar-1.c compilation, -O0
FAIL: gcc.c-torture/execute/widechar-1.c compilation, -O1
FAIL: gcc.c-torture/execute/widechar-1.c compilation, -O2
FAIL: gcc.c-torture/execute/widechar-1.c compilation, -O3 -fomit-frame-pointer
FAIL: gcc.c-torture/execute/widechar-1.c compilation, -O3 -g
FAIL: gcc.c-torture/execute/widechar-1.c compilation, -Os
FAIL: gcc.c-torture/execute/widechar-2.c compilation, -O0
FAIL: gcc.c-torture/execute/widechar-2.c compilation, -O1
FAIL: gcc.c-torture/execute/widechar-2.c compilation, -O2
FAIL: gcc.c-torture/execute/widechar-2.c compilation, -O3 -fomit-frame-pointer
FAIL: gcc.c-torture/execute/widechar-2.c compilation, -O3 -g
FAIL: gcc.c-torture/execute/widechar-2.c compilation, -Os
FAIL: gcc.c-torture/execute/ieee/20000320-1.c execution, -O0
FAIL: gcc.c-torture/execute/ieee/20000320-1.c execution, -O1
FAIL: gcc.c-torture/execute/ieee/20000320-1.c execution, -O2
FAIL: gcc.c-torture/execute/ieee/20000320-1.c execution, -O3 -fomit-frame-pointer
FAIL: gcc.c-torture/execute/ieee/20000320-1.c execution, -O3 -g
FAIL: gcc.c-torture/execute/ieee/20000320-1.c execution, -Os
XPASS: gcc.c-torture/execute/memcheck/blkarg.c execution, -O0
XPASS: gcc.c-torture/execute/memcheck/blkarg.c execution, -O1
XPASS: gcc.c-torture/execute/memcheck/blkarg.c execution, -O2
XPASS: gcc.c-torture/execute/memcheck/blkarg.c execution, -Os
FAIL: gcc.c-torture/unsorted/loop386.c, -O3 -g
FAIL: gcc.dg/cpp/lexstrng.c (test for excess errors)
FAIL: gcc.dg/cpp/paste2.c (test for excess errors)
FAIL: gcc.dg/20000419-2.c (test for excess errors)
FAIL: gcc.dg/20000926-1.c (test for warnings, line 25)
FAIL: gcc.dg/20001117-1.c (test for excess errors)
FAIL: gcc.dg/c99-array-nonobj-1.c (test for excess errors)
FAIL: gcc.dg/sequence-pt-1.c bogus sequence point warning (test for bogus messages, line 55)
FAIL: gcc.dg/sequence-pt-1.c bogus sequence point warning (test for bogus messages, line 65)
FAIL: gcc.dg/noncompile/940510-1.c (test for errors, line 1)
FAIL: gcc.dg/noncompile/940510-1.c (test for errors, line 1)
FAIL: gcc.dg/noncompile/940510-1.c (test for errors, line 1)
FAIL: gcc.dg/noncompile/940510-1.c (test for errors, line 1)
FAIL: gcc.dg/noncompile/940510-1.c (test for errors, line 1)
FAIL: gcc.dg/noncompile/940510-1.c (test for errors, line 1)
FAIL: alias-1.c
FAIL: wkali-1.c
FAIL: wkali-2b.o
FAIL: linkage.c
=== gcc Summary for unix/-mabi=64 ===
# of expected passes 12773
# of unexpected failures 110
# of unexpected successes 4
# of expected failures 91
# of unresolved testcases 54
# of unsupported tests 51
Running target unix
FAIL: gcc.c-torture/compile/20001116-1.c, -O0
FAIL: gcc.c-torture/compile/20001116-1.c, -O1
FAIL: gcc.c-torture/compile/20001116-1.c, -O2
FAIL: gcc.c-torture/compile/20001116-1.c, -O3 -fomit-frame-pointer
FAIL: gcc.c-torture/compile/20001116-1.c, -O3 -g
FAIL: gcc.c-torture/compile/20001116-1.c, -Os
FAIL: gcc.c-torture/compile/920723-1.c, -O3 -fomit-frame-pointer -funroll-all-loops -finline-functions
FAIL: gcc.c-torture/execute/20000113-1.c compilation, -O0
FAIL: gcc.c-torture/execute/20000113-1.c compilation, -O1
FAIL: gcc.c-torture/execute/20000113-1.c compilation, -O2
FAIL: gcc.c-torture/execute/20000113-1.c compilation, -O3 -fomit-frame-pointer
FAIL: gcc.c-torture/execute/20000113-1.c compilation, -O3 -g
FAIL: gcc.c-torture/execute/20000113-1.c compilation, -Os
FAIL: gcc.c-torture/execute/20001009-2.c execution, -O0
FAIL: gcc.c-torture/execute/20001009-2.c execution, -O1
FAIL: gcc.c-torture/execute/20001009-2.c execution, -O2
FAIL: gcc.c-torture/execute/20001009-2.c execution, -O3 -fomit-frame-pointer
FAIL: gcc.c-torture/execute/20001009-2.c execution, -O3 -fomit-frame-pointer -funroll-loops
FAIL: gcc.c-torture/execute/20001009-2.c execution, -O3 -fomit-frame-pointer -funroll-all-loops -finline-functions
FAIL: gcc.c-torture/execute/20001009-2.c execution, -O3 -g
FAIL: gcc.c-torture/execute/20001009-2.c execution, -Os
FAIL: gcc.c-torture/execute/920410-1.c compilation, -O3 -fomit-frame-pointer
FAIL: gcc.c-torture/execute/920410-1.c compilation, -O3 -g
FAIL: gcc.c-torture/execute/921113-1.c compilation, -O3 -fomit-frame-pointer
FAIL: gcc.c-torture/execute/921113-1.c compilation, -O3 -g
FAIL: gcc.c-torture/execute/921208-2.c compilation, -O3 -fomit-frame-pointer
FAIL: gcc.c-torture/execute/921208-2.c compilation, -O3 -fomit-frame-pointer -funroll-loops
FAIL: gcc.c-torture/execute/921208-2.c compilation, -O3 -fomit-frame-pointer -funroll-all-loops -finline-functions
FAIL: gcc.c-torture/execute/921208-2.c compilation, -O3 -g
FAIL: gcc.c-torture/execute/930106-1.c compilation, -O3 -fomit-frame-pointer
FAIL: gcc.c-torture/execute/930106-1.c compilation, -O3 -g
FAIL: gcc.c-torture/execute/981130-1.c compilation, -O2
FAIL: gcc.c-torture/execute/981130-1.c compilation, -Os
FAIL: gcc.c-torture/execute/991227-1.c compilation, -O0
FAIL: gcc.c-torture/execute/991227-1.c compilation, -O1
FAIL: gcc.c-torture/execute/991227-1.c compilation, -O2
FAIL: gcc.c-torture/execute/991227-1.c compilation, -O3 -fomit-frame-pointer
FAIL: gcc.c-torture/execute/991227-1.c compilation, -O3 -g
FAIL: gcc.c-torture/execute/991227-1.c compilation, -Os
FAIL: gcc.c-torture/execute/bf-sign-1.c compilation, -O1
FAIL: gcc.c-torture/execute/bf-sign-1.c compilation, -O2
FAIL: gcc.c-torture/execute/bf-sign-1.c compilation, -O3 -fomit-frame-pointer
FAIL: gcc.c-torture/execute/bf-sign-1.c compilation, -O3 -g
FAIL: gcc.c-torture/execute/bf-sign-1.c compilation, -Os
FAIL: gcc.c-torture/execute/bf64-1.c compilation, -O1
FAIL: gcc.c-torture/execute/bf64-1.c compilation, -O2
FAIL: gcc.c-torture/execute/bf64-1.c compilation, -O3 -fomit-frame-pointer
FAIL: gcc.c-torture/execute/bf64-1.c compilation, -O3 -g
FAIL: gcc.c-torture/execute/bf64-1.c compilation, -Os
FAIL: gcc.c-torture/execute/compndlit-1.c compilation, -O0
FAIL: gcc.c-torture/execute/compndlit-1.c compilation, -O1
FAIL: gcc.c-torture/execute/compndlit-1.c compilation, -O2
FAIL: gcc.c-torture/execute/compndlit-1.c compilation, -O3 -fomit-frame-pointer
FAIL: gcc.c-torture/execute/compndlit-1.c compilation, -O3 -g
FAIL: gcc.c-torture/execute/compndlit-1.c compilation, -Os
FAIL: gcc.c-torture/execute/memcpy-1.c compilation, -O3 -fomit-frame-pointer
FAIL: gcc.c-torture/execute/memcpy-1.c compilation, -O3 -fomit-frame-pointer -funroll-loops
FAIL: gcc.c-torture/execute/memcpy-1.c compilation, -O3 -fomit-frame-pointer -funroll-all-loops -finline-functions
FAIL: gcc.c-torture/execute/memcpy-1.c compilation, -O3 -g
FAIL: gcc.c-torture/execute/string-opt-5.c compilation, -O2
FAIL: gcc.c-torture/execute/string-opt-5.c compilation, -O3 -fomit-frame-pointer
FAIL: gcc.c-torture/execute/string-opt-5.c compilation, -O3 -g
FAIL: gcc.c-torture/execute/string-opt-5.c compilation, -Os
FAIL: gcc.c-torture/execute/ieee/20000320-1.c execution, -O0
FAIL: gcc.c-torture/execute/ieee/20000320-1.c execution, -O1
FAIL: gcc.c-torture/execute/ieee/20000320-1.c execution, -O2
FAIL: gcc.c-torture/execute/ieee/20000320-1.c execution, -O3 -fomit-frame-pointer
FAIL: gcc.c-torture/execute/ieee/20000320-1.c execution, -O3 -g
FAIL: gcc.c-torture/execute/ieee/20000320-1.c execution, -Os
XPASS: gcc.c-torture/execute/memcheck/blkarg.c execution, -O0
XPASS: gcc.c-torture/execute/memcheck/blkarg.c execution, -O1
XPASS: gcc.c-torture/execute/memcheck/blkarg.c execution, -O2
XPASS: gcc.c-torture/execute/memcheck/blkarg.c execution, -Os
FAIL: gcc.c-torture/unsorted/memtst.c, -O3 -fomit-frame-pointer
FAIL: gcc.c-torture/unsorted/memtst.c, -O3 -fomit-frame-pointer -funroll-loops
FAIL: gcc.c-torture/unsorted/memtst.c, -O3 -fomit-frame-pointer -funroll-all-loops -finline-functions
FAIL: gcc.c-torture/unsorted/memtst.c, -O3 -g
FAIL: gcc.c-torture/unsorted/loop386.c, -O3 -g
FAIL: gcc.c-torture/unsorted/msp.c, -O3 -fomit-frame-pointer
FAIL: gcc.c-torture/unsorted/msp.c, -O3 -g
FAIL: gcc.dg/20000419-2.c (test for excess errors)
FAIL: gcc.dg/20000926-1.c (test for warnings, line 25)
FAIL: gcc.dg/20001117-1.c (test for excess errors)
FAIL: gcc.dg/c99-array-nonobj-1.c (test for excess errors)
FAIL: gcc.dg/sequence-pt-1.c bogus sequence point warning (test for bogus messages, line 55)
FAIL: gcc.dg/sequence-pt-1.c bogus sequence point warning (test for bogus messages, line 65)
FAIL: gcc.dg/noncompile/940510-1.c (test for errors, line 1)
FAIL: gcc.dg/noncompile/940510-1.c (test for errors, line 1)
FAIL: gcc.dg/noncompile/940510-1.c (test for errors, line 1)
FAIL: gcc.dg/noncompile/940510-1.c (test for errors, line 1)
FAIL: gcc.dg/noncompile/940510-1.c (test for errors, line 1)
FAIL: gcc.dg/noncompile/940510-1.c (test for errors, line 1)
FAIL: alias-1.c
FAIL: wkali-1.c
FAIL: wkali-2b.o
FAIL: linkage.c
=== gcc Summary for unix ===
# of expected passes 12799
# of unexpected failures 92
# of unexpected successes 4
# of expected failures 91
# of unresolved testcases 48
# of unsupported tests 51
=== gcc Summary ===
# of expected passes 25572
# of unexpected failures 202
# of unexpected successes 8
# of expected failures 182
# of unresolved testcases 102
# of unsupported tests 102
/caip/u99/ghazi/gcc-testing/build/gcc/xgcc version 2.97 20001122 (experimental)
=== g77 tests ===
Running target unix/-mabi=64
FAIL: g77.f-torture/execute/short.f execution, -Os
=== g77 Summary for unix/-mabi=64 ===
# of expected passes 876
# of unexpected failures 1
Running target unix
FAIL: g77.f-torture/execute/labug1.f compilation, -O3 -g
FAIL: g77.f-torture/execute/short.f execution, -Os
=== g77 Summary for unix ===
# of expected passes 874
# of unexpected failures 2
# of untested testcases 1
=== g77 Summary ===
# of expected passes 1750
# of unexpected failures 3
# of untested testcases 1
=== g++ tests ===
Running target unix/-mabi=64
Compiler version: 2.97 20001122 (experimental)
Platform: mips-sgi-irix6.2
configure flags: --host=mips-sgi-irix6.2 --verbose --enable-checking=misc,tree,rtl,gc