This is the mail archive of the
gcc-testresults@gcc.gnu.org
mailing list for the GCC project.
Results for 2.97 20001122 (experimental) testsuite on i486-suse-linux-gnu
- To: aj at suse dot de, gcc-testresults at gcc dot gnu dot org
- Subject: Results for 2.97 20001122 (experimental) testsuite on i486-suse-linux-gnu
- From: Andreas Jaeger <aj at suse dot de>
- Date: Thu, 23 Nov 2000 11:15:23 +0100
Native configuration is i486-suse-linux-gnu
=== gcc tests ===
Running target unix
FAIL: gcc.c-torture/compile/20001116-1.c, -O0
FAIL: gcc.c-torture/compile/20001116-1.c, -O1
FAIL: gcc.c-torture/compile/20001116-1.c, -O2
FAIL: gcc.c-torture/compile/20001116-1.c, -O3 -fomit-frame-pointer
FAIL: gcc.c-torture/compile/20001116-1.c, -O3 -g
FAIL: gcc.c-torture/compile/20001116-1.c, -Os
FAIL: gcc.c-torture/execute/20001009-1.c execution, -O1
FAIL: gcc.c-torture/execute/20001009-1.c execution, -O2
FAIL: gcc.c-torture/execute/20001009-1.c execution, -O3 -fomit-frame-pointer
FAIL: gcc.c-torture/execute/20001009-1.c execution, -O3 -g
FAIL: gcc.c-torture/execute/20001009-1.c execution, -Os
FAIL: gcc.c-torture/execute/960608-1.c execution, -O3 -fomit-frame-pointer
FAIL: gcc.c-torture/execute/960608-1.c execution, -O3 -g
FAIL: gcc.c-torture/execute/loop-2b.c execution, -O2
FAIL: gcc.c-torture/execute/loop-7.c execution, -O2
FAIL: gcc.c-torture/execute/loop-7.c execution, -O3 -fomit-frame-pointer
FAIL: gcc.c-torture/execute/loop-7.c execution, -O3 -fomit-frame-pointer -funroll-loops
FAIL: gcc.c-torture/execute/loop-7.c execution, -O3 -fomit-frame-pointer -funroll-all-loops -finline-functions
FAIL: gcc.c-torture/execute/loop-7.c execution, -O3 -g
FAIL: gcc.c-torture/execute/loop-7.c execution, -Os
FAIL: gcc.dg/20000503-1.c (test for excess errors)
FAIL: gcc.dg/20000724-1.c execution test
FAIL: gcc.dg/20000926-1.c (test for warnings, line 25)
FAIL: gcc.dg/20001117-1.c (test for excess errors)
FAIL: gcc.dg/991214-1.c (test for excess errors)
FAIL: gcc.dg/sequence-pt-1.c bogus sequence point warning (test for bogus messages, line 55)
FAIL: gcc.dg/sequence-pt-1.c bogus sequence point warning (test for bogus messages, line 65)
FAIL: gcc.dg/noncompile/940510-1.c (test for errors, line 1)
FAIL: gcc.dg/noncompile/940510-1.c (test for errors, line 1)
FAIL: gcc.dg/noncompile/940510-1.c (test for errors, line 1)
FAIL: gcc.dg/noncompile/940510-1.c (test for errors, line 1)
FAIL: gcc.dg/noncompile/940510-1.c (test for errors, line 1)
FAIL: gcc.dg/noncompile/940510-1.c (test for errors, line 1)
FAIL: gcc.misc-tests/mg.c
=== gcc Summary ===
# of expected passes 12979
# of unexpected failures 34
# of expected failures 81
# of unsupported tests 21
/usr/src/packages/BUILD/gcc/obj/gcc/xgcc version 2.97 20001122 (experimental)
=== g++ tests ===
Running target unix
FAIL: g++.ext/instantiate1.C not instantiated (test for errors, line 18)
FAIL: g++.ext/instantiate1.C not instantiated (test for errors, line 20)
FAIL: g++.other/crash24.C (test for excess errors)
FAIL: g++.other/loop2.C caused compiler crash
=== g++ Summary ===
# of expected passes 6104
# of unexpected failures 4
# of expected failures 100
# of untested testcases 9
/usr/src/packages/BUILD/gcc/obj/gcc/testsuite/../g++ version 2.97 20001122 (experimental)
=== g77 tests ===
Running target unix
XPASS: g77.f-torture/execute/20001111.f execution, -O0
FAIL: g77.f-torture/execute/short.f execution, -Os
=== g77 Summary ===
# of expected passes 868
# of unexpected failures 1
# of unexpected successes 1
# of expected failures 7
=== objc tests ===
Running target unix
FAIL: objc/execute/fdecl.m compilation, -O
FAIL: objc/execute/np-1.m compilation, -O
FAIL: objc/execute/np-2.m compilation, -O
=== objc Summary ===
# of expected passes 46
# of unexpected failures 3
# of untested testcases 3
/usr/src/packages/BUILD/gcc/obj/gcc/xgcc version 2.97 20001122 (experimental)
Compiler version: 2.97 20001122 (experimental)
Platform: i486-suse-linux-gnu
configure flags: --host=i486-suse-linux --enable-threads=posix --enable-shared --disable-checking --prefix=/usr --with-local-prefix=/usr/local --infodir=/usr/share/info --mandir=/usr/share/man --enable-nls