This is the mail archive of the
gcc-testresults@gcc.gnu.org
mailing list for the GCC project.
Results for 2.97 20001120 (experimental) testsuite on i386-unknown-freebsd5.0
- To: gcc-testresults at gcc dot gnu dot org
- Subject: Results for 2.97 20001120 (experimental) testsuite on i386-unknown-freebsd5.0
- From: Loren James Rittle <rittle at latour dot rsch dot comm dot mot dot com>
- Date: Wed, 22 Nov 2000 01:56:50 -0600 (CST)
- Reply-to: rittle at rsch dot comm dot mot dot com
[Trivial, apparently approved but pending, libtool patch in source
tree. See http://gcc.gnu.org/ml/libstdc++/2000-11/msg00340.html]
Native configuration is i386-unknown-freebsd5.0
=== gcc tests ===
Running target unix
FAIL: gcc.c-torture/compile/20001116-1.c, -O0
FAIL: gcc.c-torture/compile/20001116-1.c, -O1
FAIL: gcc.c-torture/compile/20001116-1.c, -O2
FAIL: gcc.c-torture/compile/20001116-1.c, -O3 -fomit-frame-pointer
FAIL: gcc.c-torture/compile/20001116-1.c, -O3 -g
FAIL: gcc.c-torture/compile/20001116-1.c, -Os
FAIL: gcc.c-torture/execute/20001009-1.c execution, -O1
FAIL: gcc.c-torture/execute/20001009-1.c execution, -O2
FAIL: gcc.c-torture/execute/20001009-1.c execution, -O3 -fomit-frame-pointer
FAIL: gcc.c-torture/execute/20001009-1.c execution, -O3 -g
FAIL: gcc.c-torture/execute/20001009-1.c execution, -Os
FAIL: gcc.c-torture/execute/960608-1.c execution, -O3 -fomit-frame-pointer
FAIL: gcc.c-torture/execute/960608-1.c execution, -O3 -g
FAIL: gcc.c-torture/execute/loop-2b.c execution, -O2
FAIL: gcc.c-torture/execute/loop-7.c execution, -O2
FAIL: gcc.c-torture/execute/loop-7.c execution, -O3 -fomit-frame-pointer
FAIL: gcc.c-torture/execute/loop-7.c execution, -O3 -fomit-frame-pointer -funroll-loops
FAIL: gcc.c-torture/execute/loop-7.c execution, -O3 -fomit-frame-pointer -funroll-all-loops -finline-functions
FAIL: gcc.c-torture/execute/loop-7.c execution, -O3 -g
FAIL: gcc.c-torture/execute/loop-7.c execution, -Os
XPASS: gcc.c-torture/execute/ieee/mzero2.c execution, -O0
XPASS: gcc.c-torture/execute/ieee/mzero2.c execution, -O1
XPASS: gcc.c-torture/execute/ieee/mzero2.c execution, -O2
XPASS: gcc.c-torture/execute/ieee/mzero2.c execution, -O3 -fomit-frame-pointer
XPASS: gcc.c-torture/execute/ieee/mzero2.c execution, -O3 -g
XPASS: gcc.c-torture/execute/ieee/mzero2.c execution, -Os
XPASS: gcc.c-torture/execute/ieee/rbug.c execution, -O3 -fomit-frame-pointer
XPASS: gcc.c-torture/execute/ieee/rbug.c execution, -O3 -g
FAIL: gcc.dg/20000926-1.c (test for warnings, line 25)
FAIL: gcc.dg/20001117-1.c (test for excess errors)
FAIL: gcc.dg/991214-1.c (test for excess errors)
FAIL: gcc.dg/c99-array-nonobj-1.c (test for excess errors)
FAIL: gcc.dg/sequence-pt-1.c bogus sequence point warning (test for bogus messages, line 55)
FAIL: gcc.dg/sequence-pt-1.c bogus sequence point warning (test for bogus messages, line 65)
FAIL: gcc.dg/noncompile/940510-1.c (test for errors, line 1)
FAIL: gcc.dg/noncompile/940510-1.c (test for errors, line 1)
FAIL: gcc.dg/noncompile/940510-1.c (test for errors, line 1)
FAIL: gcc.dg/noncompile/940510-1.c (test for errors, line 1)
FAIL: gcc.dg/noncompile/940510-1.c (test for errors, line 1)
FAIL: gcc.dg/noncompile/940510-1.c (test for errors, line 1)
=== gcc Summary for unix ===
# of expected passes 12921
# of unexpected failures 32
# of unexpected successes 8
# of expected failures 85
# of unsupported tests 24
Running target unix/-pthread -fpic
FAIL: gcc.c-torture/compile/20000804-1.c, -O0
FAIL: gcc.c-torture/compile/20001116-1.c, -O0
FAIL: gcc.c-torture/compile/20001116-1.c, -O1
FAIL: gcc.c-torture/compile/20001116-1.c, -O2
FAIL: gcc.c-torture/compile/20001116-1.c, -O3 -fomit-frame-pointer
FAIL: gcc.c-torture/compile/20001116-1.c, -O3 -g
FAIL: gcc.c-torture/compile/20001116-1.c, -Os
FAIL: gcc.c-torture/execute/20001009-1.c execution, -O1
FAIL: gcc.c-torture/execute/20001009-1.c execution, -O2
FAIL: gcc.c-torture/execute/20001009-1.c execution, -O3 -fomit-frame-pointer
FAIL: gcc.c-torture/execute/20001009-1.c execution, -O3 -g
FAIL: gcc.c-torture/execute/20001009-1.c execution, -Os
FAIL: gcc.c-torture/execute/960608-1.c execution, -O3 -fomit-frame-pointer
FAIL: gcc.c-torture/execute/960608-1.c execution, -O3 -g
FAIL: gcc.c-torture/execute/conversion.c execution, -O3 -fomit-frame-pointer
FAIL: gcc.c-torture/execute/conversion.c execution, -O3 -g
FAIL: gcc.c-torture/execute/loop-7.c execution, -O2
FAIL: gcc.c-torture/execute/loop-7.c execution, -O3 -fomit-frame-pointer
FAIL: gcc.c-torture/execute/loop-7.c execution, -O3 -fomit-frame-pointer -funroll-loops
FAIL: gcc.c-torture/execute/loop-7.c execution, -O3 -fomit-frame-pointer -funroll-all-loops -finline-functions
FAIL: gcc.c-torture/execute/loop-7.c execution, -O3 -g
FAIL: gcc.c-torture/execute/loop-7.c execution, -Os
XPASS: gcc.c-torture/execute/ieee/mzero2.c execution, -O0
XPASS: gcc.c-torture/execute/ieee/mzero2.c execution, -O1
XPASS: gcc.c-torture/execute/ieee/mzero2.c execution, -O2
XPASS: gcc.c-torture/execute/ieee/mzero2.c execution, -O3 -fomit-frame-pointer
XPASS: gcc.c-torture/execute/ieee/mzero2.c execution, -O3 -g
XPASS: gcc.c-torture/execute/ieee/mzero2.c execution, -Os
FAIL: gcc.dg/20000926-1.c (test for warnings, line 25)
FAIL: gcc.dg/20001117-1.c (test for excess errors)
FAIL: gcc.dg/991214-1.c (test for excess errors)
FAIL: gcc.dg/asm-names.c (test for excess errors)
FAIL: gcc.dg/c99-array-nonobj-1.c (test for excess errors)
FAIL: gcc.dg/sequence-pt-1.c bogus sequence point warning (test for bogus messages, line 55)
FAIL: gcc.dg/sequence-pt-1.c bogus sequence point warning (test for bogus messages, line 65)
FAIL: gcc.dg/noncompile/940510-1.c (test for errors, line 1)
FAIL: gcc.dg/noncompile/940510-1.c (test for errors, line 1)
FAIL: gcc.dg/noncompile/940510-1.c (test for errors, line 1)
FAIL: gcc.dg/noncompile/940510-1.c (test for errors, line 1)
FAIL: gcc.dg/noncompile/940510-1.c (test for errors, line 1)
FAIL: gcc.dg/noncompile/940510-1.c (test for errors, line 1)
=== gcc Summary for unix/-pthread -fpic ===
# of expected passes 12918
# of unexpected failures 35
# of unexpected successes 6
# of expected failures 87
# of unsupported tests 24
=== gcc Summary ===
# of expected passes 25839
# of unexpected failures 67
# of unexpected successes 14
# of expected failures 172
# of unsupported tests 48
/d/home/ljrittle/tmp/gcc-build-ref5-1121/gcc/xgcc version 2.97 20001120 (experimental)
=== g++ tests ===
Running target unix
FAIL: g++.ext/instantiate1.C not instantiated (test for errors, line 18)
FAIL: g++.ext/instantiate1.C not instantiated (test for errors, line 20)
XPASS: g++.mike/p6610a.C Execution test
XPASS: g++.other/decl4.C - (test for bogus messages, line 8)
FAIL: g++.other/loop2.C caused compiler crash
FAIL: g++.robertl/eb39.C (test for excess errors)
XPASS: g++.robertl/eb55.C (test for excess errors)
=== g++ Summary for unix ===
# of expected passes 6084
# of unexpected failures 4
# of unexpected successes 3
# of expected failures 102
# of untested testcases 15
Running target unix/-pthread -fpic
FAIL: g++.eh/badalloc1.C Execution test
FAIL: g++.ext/instantiate1.C not instantiated (test for errors, line 18)
FAIL: g++.ext/instantiate1.C not instantiated (test for errors, line 20)
XPASS: g++.mike/p6610a.C Execution test
FAIL: g++.other/crash18.C (test for excess errors)
XPASS: g++.other/decl4.C - (test for bogus messages, line 8)
FAIL: g++.other/loop2.C caused compiler crash
FAIL: g++.robertl/eb39.C (test for excess errors)
XPASS: g++.robertl/eb55.C (test for excess errors)
=== g++ Summary for unix/-pthread -fpic ===
# of expected passes 6082
# of unexpected failures 6
# of unexpected successes 3
# of expected failures 102
# of untested testcases 15
=== g++ Summary ===
# of expected passes 12166
# of unexpected failures 10
# of unexpected successes 6
# of expected failures 204
# of untested testcases 30
/d/home/ljrittle/tmp/gcc-build-ref5-1121/gcc/testsuite/../g++ version 2.97 20001120 (experimental)
=== g77 tests ===
Running target unix
XPASS: g77.f-torture/execute/20001111.f execution, -O0
FAIL: g77.f-torture/execute/short.f execution, -Os
=== g77 Summary for unix ===
# of expected passes 868
# of unexpected failures 1
# of unexpected successes 1
# of expected failures 7
Running target unix/-pthread -fpic
XPASS: g77.f-torture/execute/20001111.f execution, -O0
XPASS: g77.f-torture/execute/20001111.f execution, -O1
=== g77 Summary for unix/-pthread -fpic ===
# of expected passes 869
# of unexpected successes 2
# of expected failures 6
=== g77 Summary ===
# of expected passes 1737
# of unexpected failures 1
# of unexpected successes 3
# of expected failures 13
=== objc tests ===
Running target unix
FAIL: objc/execute/bf-1.m compilation, -O
FAIL: objc/execute/bf-10.m compilation, -O
FAIL: objc/execute/bf-11.m compilation, -O
FAIL: objc/execute/bf-12.m compilation, -O
FAIL: objc/execute/bf-13.m compilation, -O
FAIL: objc/execute/bf-14.m compilation, -O
FAIL: objc/execute/bf-15.m compilation, -O
FAIL: objc/execute/bf-16.m compilation, -O
FAIL: objc/execute/bf-17.m compilation, -O
FAIL: objc/execute/bf-18.m compilation, -O
FAIL: objc/execute/bf-19.m compilation, -O
FAIL: objc/execute/bf-2.m compilation, -O
FAIL: objc/execute/bf-20.m compilation, -O
FAIL: objc/execute/bf-3.m compilation, -O
FAIL: objc/execute/bf-4.m compilation, -O
FAIL: objc/execute/bf-5.m compilation, -O
FAIL: objc/execute/bf-6.m compilation, -O
FAIL: objc/execute/bf-7.m compilation, -O
FAIL: objc/execute/bf-8.m compilation, -O
FAIL: objc/execute/bf-9.m compilation, -O
FAIL: objc/execute/np-1.m compilation, -O
FAIL: objc/execute/np-2.m compilation, -O
FAIL: objc/execute/paste.m compilation, -O
FAIL: objc/execute/string1.m compilation, -O
FAIL: objc/execute/string2.m compilation, -O
=== objc Summary for unix ===
# of unexpected failures 25
# of untested testcases 25
Running target unix/-pthread -fpic
FAIL: objc/execute/np-1.m compilation, -O
FAIL: objc/execute/np-2.m compilation, -O
=== objc Summary for unix/-pthread -fpic ===
# of expected passes 46
# of unexpected failures 2
# of untested testcases 2
=== objc Summary ===
# of expected passes 46
# of unexpected failures 27
# of untested testcases 27
/d/home/ljrittle/tmp/gcc-build-ref5-1121/gcc/xgcc version 2.97 20001120 (experimental)
Compiler version: 2.97 20001120 (experimental)
Platform: i386-unknown-freebsd5.0
configure flags: --host=i386-unknown-freebsd5.0 --enable-shared --enable-threads=posix --prefix=/home/ljrittle/tmp/install-ref5 --with-gnu-as --with-as=/usr/bin/as --with-gnu-ld --with-ld=/usr/bin/ld
BOOT_CFLAGS=-g -O2