This is the mail archive of the
gcc-testresults@gcc.gnu.org
mailing list for the GCC project.
Results for 2.97 20001117 (experimental) testsuite on sparc-sun-solaris2.7
- To: gcc-testresults at gcc dot gnu dot org
- Subject: Results for 2.97 20001117 (experimental) testsuite on sparc-sun-solaris2.7
- From: "Kaveh R. Ghazi" <ghazi at caip dot rutgers dot edu>
- Date: Sat, 18 Nov 2000 19:24:59 -0500 (EST)
Native configuration is sparc-sun-solaris2.7
=== gcc tests ===
Running target unix/-fPIC
FAIL: gcc.c-torture/compile/941019-1.c, -O3 -fomit-frame-pointer
FAIL: gcc.c-torture/compile/941019-1.c, -O3 -g
FAIL: gcc.c-torture/compile/941019-1.c, -O3 -fssa
FAIL: gcc.c-torture/compile/20001116-1.c, -O0
FAIL: gcc.c-torture/compile/20001116-1.c, -O1
FAIL: gcc.c-torture/compile/20001116-1.c, -O2
FAIL: gcc.c-torture/compile/20001116-1.c, -O3 -fomit-frame-pointer
FAIL: gcc.c-torture/compile/20001116-1.c, -O3 -g
FAIL: gcc.c-torture/compile/20001116-1.c, -O3 -fssa
FAIL: gcc.c-torture/compile/20001116-1.c, -Os
FAIL: gcc.c-torture/compile/930603-1.c, -O3 -fomit-frame-pointer
FAIL: gcc.c-torture/compile/930603-1.c, -O3 -g
FAIL: gcc.c-torture/compile/930603-1.c, -O3 -fssa
FAIL: gcc.c-torture/compile/920501-4.c, -O3 -fomit-frame-pointer
FAIL: gcc.c-torture/compile/920501-4.c, -O3 -fomit-frame-pointer -funroll-loops
FAIL: gcc.c-torture/compile/920501-4.c, -O3 -fomit-frame-pointer -funroll-all-loops -finline-functions
FAIL: gcc.c-torture/compile/920501-4.c, -O3 -g
FAIL: gcc.c-torture/compile/920501-4.c, -O3 -fssa
FAIL: gcc.c-torture/compile/981007-1.c, -O3 -fomit-frame-pointer
FAIL: gcc.c-torture/compile/981007-1.c, -O3 -g
FAIL: gcc.c-torture/compile/981007-1.c, -O3 -fssa
FAIL: gcc.c-torture/execute/20000113-1.c compilation, -O0
FAIL: gcc.c-torture/execute/20000113-1.c compilation, -O1
FAIL: gcc.c-torture/execute/20000113-1.c compilation, -O2
FAIL: gcc.c-torture/execute/20000113-1.c compilation, -O3 -fomit-frame-pointer
FAIL: gcc.c-torture/execute/20000113-1.c compilation, -O3 -g
FAIL: gcc.c-torture/execute/20000113-1.c compilation, -O3 -fssa
FAIL: gcc.c-torture/execute/20000113-1.c compilation, -Os
FAIL: gcc.c-torture/execute/20001009-2.c execution, -O0
FAIL: gcc.c-torture/execute/20001009-2.c execution, -O1
FAIL: gcc.c-torture/execute/20001009-2.c execution, -O2
FAIL: gcc.c-torture/execute/20001009-2.c execution, -O3 -fomit-frame-pointer
FAIL: gcc.c-torture/execute/20001009-2.c execution, -O3 -fomit-frame-pointer -funroll-loops
FAIL: gcc.c-torture/execute/20001009-2.c execution, -O3 -fomit-frame-pointer -funroll-all-loops -finline-functions
FAIL: gcc.c-torture/execute/20001009-2.c execution, -O3 -g
FAIL: gcc.c-torture/execute/20001009-2.c execution, -O3 -fssa
FAIL: gcc.c-torture/execute/20001009-2.c execution, -Os
FAIL: gcc.c-torture/execute/20001115-1.c execution, -O0
FAIL: gcc.c-torture/execute/20001115-1.c execution, -O1
FAIL: gcc.c-torture/execute/20001115-1.c execution, -O2
FAIL: gcc.c-torture/execute/20001115-1.c execution, -O3 -fomit-frame-pointer
FAIL: gcc.c-torture/execute/20001115-1.c execution, -O3 -g
FAIL: gcc.c-torture/execute/20001115-1.c execution, -O3 -fssa
FAIL: gcc.c-torture/execute/20001115-1.c execution, -Os
FAIL: gcc.c-torture/execute/920625-1.c compilation, -O3 -fomit-frame-pointer
FAIL: gcc.c-torture/execute/920625-1.c compilation, -O3 -fomit-frame-pointer -funroll-loops
FAIL: gcc.c-torture/execute/920625-1.c compilation, -O3 -fomit-frame-pointer -funroll-all-loops -finline-functions
FAIL: gcc.c-torture/execute/920625-1.c compilation, -O3 -g
FAIL: gcc.c-torture/execute/920625-1.c compilation, -O3 -fssa
FAIL: gcc.c-torture/execute/921112-1.c compilation, -O3 -fomit-frame-pointer
FAIL: gcc.c-torture/execute/921112-1.c compilation, -O3 -g
FAIL: gcc.c-torture/execute/921112-1.c compilation, -O3 -fssa
FAIL: gcc.c-torture/execute/930622-2.c execution, -O0
FAIL: gcc.c-torture/execute/930622-2.c execution, -O1
FAIL: gcc.c-torture/execute/930622-2.c execution, -O2
FAIL: gcc.c-torture/execute/930622-2.c compilation, -O3 -fomit-frame-pointer
FAIL: gcc.c-torture/execute/930622-2.c compilation, -O3 -g
FAIL: gcc.c-torture/execute/930622-2.c compilation, -O3 -fssa
FAIL: gcc.c-torture/execute/930622-2.c execution, -Os
FAIL: gcc.c-torture/execute/960215-1.c execution, -O1
FAIL: gcc.c-torture/execute/960215-1.c compilation, -O3 -fomit-frame-pointer
FAIL: gcc.c-torture/execute/960215-1.c compilation, -O3 -g
FAIL: gcc.c-torture/execute/960215-1.c compilation, -O3 -fssa
FAIL: gcc.c-torture/execute/960405-1.c compilation, -O3 -fomit-frame-pointer
FAIL: gcc.c-torture/execute/960405-1.c compilation, -O3 -g
FAIL: gcc.c-torture/execute/960405-1.c compilation, -O3 -fssa
FAIL: gcc.c-torture/execute/960513-1.c execution, -O1
FAIL: gcc.c-torture/execute/960513-1.c compilation, -O3 -fomit-frame-pointer
FAIL: gcc.c-torture/execute/960513-1.c compilation, -O3 -g
FAIL: gcc.c-torture/execute/960513-1.c compilation, -O3 -fssa
FAIL: gcc.c-torture/execute/990130-1.c compilation, -O3 -fssa
FAIL: gcc.c-torture/execute/991118-1.c compilation, -O3 -fomit-frame-pointer
FAIL: gcc.c-torture/execute/991118-1.c compilation, -O3 -g
FAIL: gcc.c-torture/execute/991118-1.c compilation, -O3 -fssa
FAIL: gcc.c-torture/execute/bf-sign-1.c compilation, -O1
FAIL: gcc.c-torture/execute/bf-sign-1.c compilation, -O2
FAIL: gcc.c-torture/execute/bf-sign-1.c compilation, -O3 -fomit-frame-pointer
FAIL: gcc.c-torture/execute/bf-sign-1.c compilation, -O3 -g
FAIL: gcc.c-torture/execute/bf-sign-1.c compilation, -O3 -fssa
FAIL: gcc.c-torture/execute/bf-sign-1.c compilation, -Os
FAIL: gcc.c-torture/execute/bf64-1.c compilation, -O3 -fomit-frame-pointer
FAIL: gcc.c-torture/execute/bf64-1.c compilation, -O3 -g
FAIL: gcc.c-torture/execute/bf64-1.c compilation, -O3 -fssa
FAIL: gcc.c-torture/execute/compndlit-1.c compilation, -O0
FAIL: gcc.c-torture/execute/compndlit-1.c compilation, -O1
FAIL: gcc.c-torture/execute/compndlit-1.c compilation, -O2
FAIL: gcc.c-torture/execute/compndlit-1.c compilation, -O3 -fomit-frame-pointer
FAIL: gcc.c-torture/execute/compndlit-1.c compilation, -O3 -g
FAIL: gcc.c-torture/execute/compndlit-1.c compilation, -O3 -fssa
FAIL: gcc.c-torture/execute/compndlit-1.c compilation, -Os
FAIL: gcc.c-torture/execute/loop-7.c execution, -O2
FAIL: gcc.c-torture/execute/loop-7.c execution, -O3 -fomit-frame-pointer
FAIL: gcc.c-torture/execute/loop-7.c execution, -O3 -fomit-frame-pointer -funroll-loops
FAIL: gcc.c-torture/execute/loop-7.c execution, -O3 -fomit-frame-pointer -funroll-all-loops -finline-functions
FAIL: gcc.c-torture/execute/loop-7.c execution, -O3 -g
FAIL: gcc.c-torture/execute/loop-7.c execution, -O3 -fssa
FAIL: gcc.c-torture/execute/loop-7.c execution, -Os
FAIL: gcc.c-torture/execute/memcpy-bi.c compilation, -O3 -fomit-frame-pointer
FAIL: gcc.c-torture/execute/memcpy-bi.c compilation, -O3 -fomit-frame-pointer -funroll-loops
FAIL: gcc.c-torture/execute/memcpy-bi.c compilation, -O3 -fomit-frame-pointer -funroll-all-loops -finline-functions
FAIL: gcc.c-torture/execute/memcpy-bi.c compilation, -O3 -g
FAIL: gcc.c-torture/execute/memcpy-bi.c compilation, -O3 -fssa
FAIL: gcc.c-torture/execute/regstack-1.c execution, -O1
FAIL: gcc.c-torture/execute/regstack-1.c compilation, -O3 -fomit-frame-pointer
FAIL: gcc.c-torture/execute/regstack-1.c compilation, -O3 -g
FAIL: gcc.c-torture/execute/regstack-1.c compilation, -O3 -fssa
FAIL: gcc.c-torture/execute/struct-ret-1.c compilation, -O3 -fomit-frame-pointer
FAIL: gcc.c-torture/execute/struct-ret-1.c compilation, -O3 -g
FAIL: gcc.c-torture/execute/struct-ret-1.c compilation, -O3 -fssa
FAIL: gcc.c-torture/execute/va-arg-5.c compilation, -O3 -fomit-frame-pointer
FAIL: gcc.c-torture/execute/va-arg-5.c compilation, -O3 -g
FAIL: gcc.c-torture/execute/va-arg-5.c compilation, -O3 -fssa
FAIL: gcc.c-torture/execute/va-arg-6.c compilation, -O3 -fomit-frame-pointer
FAIL: gcc.c-torture/execute/va-arg-6.c compilation, -O3 -g
FAIL: gcc.c-torture/execute/va-arg-6.c compilation, -O3 -fssa
FAIL: gcc.c-torture/execute/ieee/fp-cmp-3.c compilation, -O3 -fomit-frame-pointer
FAIL: gcc.c-torture/execute/ieee/fp-cmp-3.c compilation, -O3 -fomit-frame-pointer -funroll-loops
FAIL: gcc.c-torture/execute/ieee/fp-cmp-3.c compilation, -O3 -fomit-frame-pointer -funroll-all-loops -finline-functions
FAIL: gcc.c-torture/execute/ieee/fp-cmp-3.c compilation, -O3 -g
FAIL: gcc.c-torture/execute/ieee/fp-cmp-3.c compilation, -O3 -fssa
FAIL: gcc.c-torture/execute/memcheck/blkarg.c compilation, -O3 -fomit-frame-pointer
FAIL: gcc.c-torture/execute/memcheck/blkarg.c compilation, -O3 -g
FAIL: gcc.c-torture/execute/memcheck/blkarg.c compilation, -O3 -fssa
FAIL: gcc.c-torture/unsorted/s.c, -O3 -fomit-frame-pointer
FAIL: gcc.c-torture/unsorted/s.c, -O3 -g
FAIL: gcc.c-torture/unsorted/s.c, -O3 -fssa
FAIL: gcc.c-torture/unsorted/structret.c, -O3 -fomit-frame-pointer
FAIL: gcc.c-torture/unsorted/structret.c, -O3 -g
FAIL: gcc.c-torture/unsorted/structret.c, -O3 -fssa
FAIL: gcc.c-torture/unsorted/xdi.c, -O3 -fomit-frame-pointer
FAIL: gcc.c-torture/unsorted/xdi.c, -O3 -g
FAIL: gcc.c-torture/unsorted/xdi.c, -O3 -fssa
FAIL: gcc.c-torture/unsorted/dimove.c, -O3 -fomit-frame-pointer
FAIL: gcc.c-torture/unsorted/dimove.c, -O3 -g
FAIL: gcc.c-torture/unsorted/dimove.c, -O3 -fssa
FAIL: gcc.c-torture/unsorted/bcopy.c, -O3 -fomit-frame-pointer
FAIL: gcc.c-torture/unsorted/bcopy.c, -O3 -fomit-frame-pointer -funroll-loops
FAIL: gcc.c-torture/unsorted/bcopy.c, -O3 -fomit-frame-pointer -funroll-all-loops -finline-functions
FAIL: gcc.c-torture/unsorted/bcopy.c, -O3 -g
FAIL: gcc.c-torture/unsorted/bcopy.c, -O3 -fssa
FAIL: gcc.dg/cpp/if-2.c wide charconst recognition (test for bogus messages, line 9)
FAIL: gcc.dg/20001013-1.c (test for excess errors)
FAIL: gcc.dg/c99-array-nonobj-1.c (test for excess errors)
XPASS: gcc.dg/c99-func-3.c execution test
FAIL: gcc.dg/sequence-pt-1.c bogus sequence point warning (test for bogus messages, line 55)
FAIL: gcc.dg/sequence-pt-1.c bogus sequence point warning (test for bogus messages, line 65)
FAIL: gcc.dg/ultrasp1.c (test for excess errors)
FAIL: gcc.dg/ultrasp2.c (test for excess errors)
FAIL: gcc.misc-tests/gcov-1.c (test for excess errors)
FAIL: gcc.misc-tests/gcov-1.c execution test
FAIL: gcov-1.c:1:is 4:should be 11
FAIL: gcov-1.c:1:is 5:should be 10
FAIL: gcov-1.c:1:is 7:should be 1
FAIL: gcc.misc-tests/gcov-2.c (test for excess errors) (PRMS 8294)
FAIL: gcc.misc-tests/gcov-2.c execution test (PRMS 8294)
=== gcc Summary for unix/-fPIC ===
# of expected passes 14370
# of unexpected failures 154
# of unexpected successes 1
# of expected failures 76
# of unresolved testcases 75
# of unsupported tests 47
Running target unix/-fpic
FAIL: gcc.c-torture/compile/941019-1.c, -O3 -fomit-frame-pointer
FAIL: gcc.c-torture/compile/941019-1.c, -O3 -g
FAIL: gcc.c-torture/compile/941019-1.c, -O3 -fssa
FAIL: gcc.c-torture/compile/20001116-1.c, -O0
FAIL: gcc.c-torture/compile/20001116-1.c, -O1
FAIL: gcc.c-torture/compile/20001116-1.c, -O2
FAIL: gcc.c-torture/compile/20001116-1.c, -O3 -fomit-frame-pointer
FAIL: gcc.c-torture/compile/20001116-1.c, -O3 -g
FAIL: gcc.c-torture/compile/20001116-1.c, -O3 -fssa
FAIL: gcc.c-torture/compile/20001116-1.c, -Os
FAIL: gcc.c-torture/compile/930603-1.c, -O3 -fomit-frame-pointer
FAIL: gcc.c-torture/compile/930603-1.c, -O3 -g
FAIL: gcc.c-torture/compile/930603-1.c, -O3 -fssa
FAIL: gcc.c-torture/compile/950922-1.c, -O3 -fomit-frame-pointer
FAIL: gcc.c-torture/compile/950922-1.c, -O3 -fomit-frame-pointer -funroll-loops
FAIL: gcc.c-torture/compile/950922-1.c, -O3 -fomit-frame-pointer -funroll-all-loops -finline-functions
FAIL: gcc.c-torture/compile/950922-1.c, -O3 -g
FAIL: gcc.c-torture/compile/950922-1.c, -O3 -fssa
FAIL: gcc.c-torture/compile/920501-4.c, -O3 -fomit-frame-pointer
FAIL: gcc.c-torture/compile/920501-4.c, -O3 -fomit-frame-pointer -funroll-loops
FAIL: gcc.c-torture/compile/920501-4.c, -O3 -fomit-frame-pointer -funroll-all-loops -finline-functions
FAIL: gcc.c-torture/compile/920501-4.c, -O3 -g
FAIL: gcc.c-torture/compile/920501-4.c, -O3 -fssa
FAIL: gcc.c-torture/compile/981007-1.c, -O3 -fomit-frame-pointer
FAIL: gcc.c-torture/compile/981007-1.c, -O3 -g
FAIL: gcc.c-torture/compile/981007-1.c, -O3 -fssa
FAIL: gcc.c-torture/execute/20000113-1.c compilation, -O0
FAIL: gcc.c-torture/execute/20000113-1.c compilation, -O1
FAIL: gcc.c-torture/execute/20000113-1.c compilation, -O2
FAIL: gcc.c-torture/execute/20000113-1.c compilation, -O3 -fomit-frame-pointer
FAIL: gcc.c-torture/execute/20000113-1.c compilation, -O3 -g
FAIL: gcc.c-torture/execute/20000113-1.c compilation, -O3 -fssa
FAIL: gcc.c-torture/execute/20000113-1.c compilation, -Os
FAIL: gcc.c-torture/execute/20001009-2.c execution, -O0
FAIL: gcc.c-torture/execute/20001009-2.c execution, -O1
FAIL: gcc.c-torture/execute/20001009-2.c execution, -O2
FAIL: gcc.c-torture/execute/20001009-2.c execution, -O3 -fomit-frame-pointer
FAIL: gcc.c-torture/execute/20001009-2.c execution, -O3 -fomit-frame-pointer -funroll-loops
FAIL: gcc.c-torture/execute/20001009-2.c execution, -O3 -fomit-frame-pointer -funroll-all-loops -finline-functions
FAIL: gcc.c-torture/execute/20001009-2.c execution, -O3 -g
FAIL: gcc.c-torture/execute/20001009-2.c execution, -O3 -fssa
FAIL: gcc.c-torture/execute/20001009-2.c execution, -Os
FAIL: gcc.c-torture/execute/20001115-1.c execution, -O0
FAIL: gcc.c-torture/execute/20001115-1.c execution, -O1
FAIL: gcc.c-torture/execute/20001115-1.c execution, -O2
FAIL: gcc.c-torture/execute/20001115-1.c execution, -O3 -fomit-frame-pointer
FAIL: gcc.c-torture/execute/20001115-1.c execution, -O3 -g
FAIL: gcc.c-torture/execute/20001115-1.c execution, -O3 -fssa
FAIL: gcc.c-torture/execute/20001115-1.c execution, -Os
FAIL: gcc.c-torture/execute/920625-1.c compilation, -O3 -fomit-frame-pointer
FAIL: gcc.c-torture/execute/920625-1.c compilation, -O3 -fomit-frame-pointer -funroll-loops
FAIL: gcc.c-torture/execute/920625-1.c compilation, -O3 -fomit-frame-pointer -funroll-all-loops -finline-functions
FAIL: gcc.c-torture/execute/920625-1.c compilation, -O3 -g
FAIL: gcc.c-torture/execute/920625-1.c compilation, -O3 -fssa
FAIL: gcc.c-torture/execute/921112-1.c compilation, -O3 -fomit-frame-pointer
FAIL: gcc.c-torture/execute/921112-1.c compilation, -O3 -g
FAIL: gcc.c-torture/execute/921112-1.c compilation, -O3 -fssa
FAIL: gcc.c-torture/execute/930622-2.c execution, -O0
FAIL: gcc.c-torture/execute/930622-2.c execution, -O1
FAIL: gcc.c-torture/execute/930622-2.c execution, -O2
FAIL: gcc.c-torture/execute/930622-2.c compilation, -O3 -fomit-frame-pointer
FAIL: gcc.c-torture/execute/930622-2.c compilation, -O3 -g
FAIL: gcc.c-torture/execute/930622-2.c compilation, -O3 -fssa
FAIL: gcc.c-torture/execute/930622-2.c execution, -Os
FAIL: gcc.c-torture/execute/960215-1.c execution, -O1
FAIL: gcc.c-torture/execute/960215-1.c compilation, -O3 -fomit-frame-pointer
FAIL: gcc.c-torture/execute/960215-1.c compilation, -O3 -g
FAIL: gcc.c-torture/execute/960215-1.c compilation, -O3 -fssa
FAIL: gcc.c-torture/execute/960405-1.c compilation, -O3 -fomit-frame-pointer
FAIL: gcc.c-torture/execute/960405-1.c compilation, -O3 -g
FAIL: gcc.c-torture/execute/960405-1.c compilation, -O3 -fssa
FAIL: gcc.c-torture/execute/960513-1.c execution, -O1
FAIL: gcc.c-torture/execute/960513-1.c compilation, -O3 -fomit-frame-pointer
FAIL: gcc.c-torture/execute/960513-1.c compilation, -O3 -g
FAIL: gcc.c-torture/execute/960513-1.c compilation, -O3 -fssa
FAIL: gcc.c-torture/execute/990130-1.c compilation, -O3 -fssa
FAIL: gcc.c-torture/execute/991118-1.c compilation, -O3 -fomit-frame-pointer
FAIL: gcc.c-torture/execute/991118-1.c compilation, -O3 -g
FAIL: gcc.c-torture/execute/991118-1.c compilation, -O3 -fssa
FAIL: gcc.c-torture/execute/bf-sign-1.c compilation, -O1
FAIL: gcc.c-torture/execute/bf-sign-1.c compilation, -O2
FAIL: gcc.c-torture/execute/bf-sign-1.c compilation, -O3 -fomit-frame-pointer
FAIL: gcc.c-torture/execute/bf-sign-1.c compilation, -O3 -g
FAIL: gcc.c-torture/execute/bf-sign-1.c compilation, -O3 -fssa
FAIL: gcc.c-torture/execute/bf-sign-1.c compilation, -Os
FAIL: gcc.c-torture/execute/bf64-1.c compilation, -O3 -fomit-frame-pointer
FAIL: gcc.c-torture/execute/bf64-1.c compilation, -O3 -g
FAIL: gcc.c-torture/execute/bf64-1.c compilation, -O3 -fssa
FAIL: gcc.c-torture/execute/compndlit-1.c compilation, -O0
FAIL: gcc.c-torture/execute/compndlit-1.c compilation, -O1
FAIL: gcc.c-torture/execute/compndlit-1.c compilation, -O2
FAIL: gcc.c-torture/execute/compndlit-1.c compilation, -O3 -fomit-frame-pointer
FAIL: gcc.c-torture/execute/compndlit-1.c compilation, -O3 -g
FAIL: gcc.c-torture/execute/compndlit-1.c compilation, -O3 -fssa
FAIL: gcc.c-torture/execute/compndlit-1.c compilation, -Os
FAIL: gcc.c-torture/execute/loop-7.c execution, -O2
FAIL: gcc.c-torture/execute/loop-7.c execution, -O3 -fomit-frame-pointer
FAIL: gcc.c-torture/execute/loop-7.c execution, -O3 -fomit-frame-pointer -funroll-loops
FAIL: gcc.c-torture/execute/loop-7.c execution, -O3 -fomit-frame-pointer -funroll-all-loops -finline-functions
FAIL: gcc.c-torture/execute/loop-7.c execution, -O3 -g
FAIL: gcc.c-torture/execute/loop-7.c execution, -O3 -fssa
FAIL: gcc.c-torture/execute/loop-7.c execution, -Os
FAIL: gcc.c-torture/execute/memcpy-bi.c compilation, -O3 -fomit-frame-pointer
FAIL: gcc.c-torture/execute/memcpy-bi.c compilation, -O3 -fomit-frame-pointer -funroll-loops
FAIL: gcc.c-torture/execute/memcpy-bi.c compilation, -O3 -fomit-frame-pointer -funroll-all-loops -finline-functions
FAIL: gcc.c-torture/execute/memcpy-bi.c compilation, -O3 -g
FAIL: gcc.c-torture/execute/memcpy-bi.c compilation, -O3 -fssa
FAIL: gcc.c-torture/execute/regstack-1.c execution, -O1
FAIL: gcc.c-torture/execute/regstack-1.c compilation, -O3 -fomit-frame-pointer
FAIL: gcc.c-torture/execute/regstack-1.c compilation, -O3 -g
FAIL: gcc.c-torture/execute/regstack-1.c compilation, -O3 -fssa
FAIL: gcc.c-torture/execute/struct-ret-1.c compilation, -O3 -fomit-frame-pointer
FAIL: gcc.c-torture/execute/struct-ret-1.c compilation, -O3 -g
FAIL: gcc.c-torture/execute/struct-ret-1.c compilation, -O3 -fssa
FAIL: gcc.c-torture/execute/va-arg-5.c compilation, -O3 -fomit-frame-pointer
FAIL: gcc.c-torture/execute/va-arg-5.c compilation, -O3 -g
FAIL: gcc.c-torture/execute/va-arg-5.c compilation, -O3 -fssa
FAIL: gcc.c-torture/execute/va-arg-6.c compilation, -O3 -fomit-frame-pointer
FAIL: gcc.c-torture/execute/va-arg-6.c compilation, -O3 -g
FAIL: gcc.c-torture/execute/va-arg-6.c compilation, -O3 -fssa
FAIL: gcc.c-torture/execute/ieee/fp-cmp-3.c compilation, -O3 -fomit-frame-pointer
FAIL: gcc.c-torture/execute/ieee/fp-cmp-3.c compilation, -O3 -fomit-frame-pointer -funroll-loops
FAIL: gcc.c-torture/execute/ieee/fp-cmp-3.c compilation, -O3 -fomit-frame-pointer -funroll-all-loops -finline-functions
FAIL: gcc.c-torture/execute/ieee/fp-cmp-3.c compilation, -O3 -g
FAIL: gcc.c-torture/execute/ieee/fp-cmp-3.c compilation, -O3 -fssa
FAIL: gcc.c-torture/execute/memcheck/blkarg.c compilation, -O3 -fomit-frame-pointer
FAIL: gcc.c-torture/execute/memcheck/blkarg.c compilation, -O3 -g
FAIL: gcc.c-torture/execute/memcheck/blkarg.c compilation, -O3 -fssa
FAIL: gcc.c-torture/unsorted/s.c, -O3 -fomit-frame-pointer
FAIL: gcc.c-torture/unsorted/s.c, -O3 -g
FAIL: gcc.c-torture/unsorted/s.c, -O3 -fssa
FAIL: gcc.c-torture/unsorted/structret.c, -O3 -fomit-frame-pointer
FAIL: gcc.c-torture/unsorted/structret.c, -O3 -g
FAIL: gcc.c-torture/unsorted/structret.c, -O3 -fssa
FAIL: gcc.c-torture/unsorted/xdi.c, -O3 -fomit-frame-pointer
FAIL: gcc.c-torture/unsorted/xdi.c, -O3 -g
FAIL: gcc.c-torture/unsorted/xdi.c, -O3 -fssa
FAIL: gcc.c-torture/unsorted/dimove.c, -O3 -fomit-frame-pointer
FAIL: gcc.c-torture/unsorted/dimove.c, -O3 -g
FAIL: gcc.c-torture/unsorted/dimove.c, -O3 -fssa
FAIL: gcc.c-torture/unsorted/bcopy.c, -O3 -fomit-frame-pointer
FAIL: gcc.c-torture/unsorted/bcopy.c, -O3 -fomit-frame-pointer -funroll-loops
FAIL: gcc.c-torture/unsorted/bcopy.c, -O3 -fomit-frame-pointer -funroll-all-loops -finline-functions
FAIL: gcc.c-torture/unsorted/bcopy.c, -O3 -g
FAIL: gcc.c-torture/unsorted/bcopy.c, -O3 -fssa
FAIL: gcc.dg/cpp/if-2.c wide charconst recognition (test for bogus messages, line 9)
FAIL: gcc.dg/20001013-1.c (test for excess errors)
FAIL: gcc.dg/c99-array-nonobj-1.c (test for excess errors)
XPASS: gcc.dg/c99-func-3.c execution test
FAIL: gcc.dg/sequence-pt-1.c bogus sequence point warning (test for bogus messages, line 55)
FAIL: gcc.dg/sequence-pt-1.c bogus sequence point warning (test for bogus messages, line 65)
FAIL: gcc.dg/ultrasp1.c (test for excess errors)
FAIL: gcc.dg/ultrasp2.c (test for excess errors)
FAIL: gcc.misc-tests/gcov-1.c (test for excess errors)
FAIL: gcc.misc-tests/gcov-1.c execution test
FAIL: gcov-1.c:1:is 4:should be 11
FAIL: gcov-1.c:1:is 5:should be 10
FAIL: gcov-1.c:1:is 7:should be 1
FAIL: gcc.misc-tests/gcov-2.c (test for excess errors) (PRMS 8294)
FAIL: gcc.misc-tests/gcov-2.c execution test (PRMS 8294)
=== gcc Summary for unix/-fpic ===
# of expected passes 14365
# of unexpected failures 159
# of unexpected successes 1
# of expected failures 76
# of unresolved testcases 75
# of unsupported tests 47
Running target unix
FAIL: gcc.c-torture/compile/941019-1.c, -O3 -fomit-frame-pointer
FAIL: gcc.c-torture/compile/941019-1.c, -O3 -g
FAIL: gcc.c-torture/compile/941019-1.c, -O3 -fssa
FAIL: gcc.c-torture/compile/20001116-1.c, -O0
FAIL: gcc.c-torture/compile/20001116-1.c, -O1
FAIL: gcc.c-torture/compile/20001116-1.c, -O2
FAIL: gcc.c-torture/compile/20001116-1.c, -O3 -fomit-frame-pointer
FAIL: gcc.c-torture/compile/20001116-1.c, -O3 -g
FAIL: gcc.c-torture/compile/20001116-1.c, -O3 -fssa
FAIL: gcc.c-torture/compile/20001116-1.c, -Os
FAIL: gcc.c-torture/compile/930603-1.c, -O3 -fomit-frame-pointer
FAIL: gcc.c-torture/compile/930603-1.c, -O3 -g
FAIL: gcc.c-torture/compile/930603-1.c, -O3 -fssa
FAIL: gcc.c-torture/compile/920501-4.c, -O3 -fomit-frame-pointer
FAIL: gcc.c-torture/compile/920501-4.c, -O3 -fomit-frame-pointer -funroll-loops
FAIL: gcc.c-torture/compile/920501-4.c, -O3 -fomit-frame-pointer -funroll-all-loops -finline-functions
FAIL: gcc.c-torture/compile/920501-4.c, -O3 -g
FAIL: gcc.c-torture/compile/920501-4.c, -O3 -fssa
FAIL: gcc.c-torture/compile/981007-1.c, -O3 -fomit-frame-pointer
FAIL: gcc.c-torture/compile/981007-1.c, -O3 -g
FAIL: gcc.c-torture/compile/981007-1.c, -O3 -fssa
FAIL: gcc.c-torture/execute/20000113-1.c compilation, -O0
FAIL: gcc.c-torture/execute/20000113-1.c compilation, -O1
FAIL: gcc.c-torture/execute/20000113-1.c compilation, -O2
FAIL: gcc.c-torture/execute/20000113-1.c compilation, -O3 -fomit-frame-pointer
FAIL: gcc.c-torture/execute/20000113-1.c compilation, -O3 -g
FAIL: gcc.c-torture/execute/20000113-1.c compilation, -O3 -fssa
FAIL: gcc.c-torture/execute/20000113-1.c compilation, -Os
FAIL: gcc.c-torture/execute/20001009-2.c execution, -O0
FAIL: gcc.c-torture/execute/20001009-2.c execution, -O1
FAIL: gcc.c-torture/execute/20001009-2.c execution, -O2
FAIL: gcc.c-torture/execute/20001009-2.c execution, -O3 -fomit-frame-pointer
FAIL: gcc.c-torture/execute/20001009-2.c execution, -O3 -fomit-frame-pointer -funroll-loops
FAIL: gcc.c-torture/execute/20001009-2.c execution, -O3 -fomit-frame-pointer -funroll-all-loops -finline-functions
FAIL: gcc.c-torture/execute/20001009-2.c execution, -O3 -g
FAIL: gcc.c-torture/execute/20001009-2.c execution, -O3 -fssa
FAIL: gcc.c-torture/execute/20001009-2.c execution, -Os
FAIL: gcc.c-torture/execute/20001115-1.c execution, -O0
FAIL: gcc.c-torture/execute/20001115-1.c execution, -O1
FAIL: gcc.c-torture/execute/20001115-1.c execution, -O2
FAIL: gcc.c-torture/execute/20001115-1.c execution, -O3 -fomit-frame-pointer
FAIL: gcc.c-torture/execute/20001115-1.c execution, -O3 -g
FAIL: gcc.c-torture/execute/20001115-1.c execution, -O3 -fssa
FAIL: gcc.c-torture/execute/20001115-1.c execution, -Os
FAIL: gcc.c-torture/execute/920625-1.c compilation, -O3 -fomit-frame-pointer
FAIL: gcc.c-torture/execute/920625-1.c compilation, -O3 -fomit-frame-pointer -funroll-loops
FAIL: gcc.c-torture/execute/920625-1.c compilation, -O3 -fomit-frame-pointer -funroll-all-loops -finline-functions
FAIL: gcc.c-torture/execute/920625-1.c compilation, -O3 -g
FAIL: gcc.c-torture/execute/920625-1.c compilation, -O3 -fssa
FAIL: gcc.c-torture/execute/921112-1.c compilation, -O3 -fomit-frame-pointer
FAIL: gcc.c-torture/execute/921112-1.c compilation, -O3 -g
FAIL: gcc.c-torture/execute/921112-1.c compilation, -O3 -fssa
FAIL: gcc.c-torture/execute/930622-2.c execution, -O0
FAIL: gcc.c-torture/execute/930622-2.c execution, -O1
FAIL: gcc.c-torture/execute/930622-2.c execution, -O2
FAIL: gcc.c-torture/execute/930622-2.c compilation, -O3 -fomit-frame-pointer
FAIL: gcc.c-torture/execute/930622-2.c compilation, -O3 -g
FAIL: gcc.c-torture/execute/930622-2.c compilation, -O3 -fssa
FAIL: gcc.c-torture/execute/930622-2.c execution, -Os
FAIL: gcc.c-torture/execute/960215-1.c execution, -O1
FAIL: gcc.c-torture/execute/960215-1.c compilation, -O3 -fomit-frame-pointer
FAIL: gcc.c-torture/execute/960215-1.c compilation, -O3 -g
FAIL: gcc.c-torture/execute/960215-1.c compilation, -O3 -fssa
FAIL: gcc.c-torture/execute/960405-1.c compilation, -O3 -fomit-frame-pointer
FAIL: gcc.c-torture/execute/960405-1.c compilation, -O3 -g
FAIL: gcc.c-torture/execute/960405-1.c compilation, -O3 -fssa
FAIL: gcc.c-torture/execute/960513-1.c execution, -O1
FAIL: gcc.c-torture/execute/960513-1.c compilation, -O3 -fomit-frame-pointer
FAIL: gcc.c-torture/execute/960513-1.c compilation, -O3 -g
FAIL: gcc.c-torture/execute/960513-1.c compilation, -O3 -fssa
FAIL: gcc.c-torture/execute/990130-1.c compilation, -O3 -fssa
FAIL: gcc.c-torture/execute/991118-1.c compilation, -O3 -fomit-frame-pointer
FAIL: gcc.c-torture/execute/991118-1.c compilation, -O3 -g
FAIL: gcc.c-torture/execute/991118-1.c compilation, -O3 -fssa
FAIL: gcc.c-torture/execute/bf-sign-1.c compilation, -O1
FAIL: gcc.c-torture/execute/bf-sign-1.c compilation, -O2
FAIL: gcc.c-torture/execute/bf-sign-1.c compilation, -O3 -fomit-frame-pointer
FAIL: gcc.c-torture/execute/bf-sign-1.c compilation, -O3 -g
FAIL: gcc.c-torture/execute/bf-sign-1.c compilation, -O3 -fssa
FAIL: gcc.c-torture/execute/bf-sign-1.c compilation, -Os
FAIL: gcc.c-torture/execute/bf64-1.c compilation, -O3 -fomit-frame-pointer
FAIL: gcc.c-torture/execute/bf64-1.c compilation, -O3 -g
FAIL: gcc.c-torture/execute/bf64-1.c compilation, -O3 -fssa
FAIL: gcc.c-torture/execute/compndlit-1.c compilation, -O0
FAIL: gcc.c-torture/execute/compndlit-1.c compilation, -O1
FAIL: gcc.c-torture/execute/compndlit-1.c compilation, -O2
FAIL: gcc.c-torture/execute/compndlit-1.c compilation, -O3 -fomit-frame-pointer
FAIL: gcc.c-torture/execute/compndlit-1.c compilation, -O3 -g
FAIL: gcc.c-torture/execute/compndlit-1.c compilation, -O3 -fssa
FAIL: gcc.c-torture/execute/compndlit-1.c compilation, -Os
FAIL: gcc.c-torture/execute/loop-7.c execution, -O2
FAIL: gcc.c-torture/execute/loop-7.c execution, -O3 -fomit-frame-pointer
FAIL: gcc.c-torture/execute/loop-7.c execution, -O3 -fomit-frame-pointer -funroll-loops
FAIL: gcc.c-torture/execute/loop-7.c execution, -O3 -fomit-frame-pointer -funroll-all-loops -finline-functions
FAIL: gcc.c-torture/execute/loop-7.c execution, -O3 -g
FAIL: gcc.c-torture/execute/loop-7.c execution, -O3 -fssa
FAIL: gcc.c-torture/execute/loop-7.c execution, -Os
FAIL: gcc.c-torture/execute/memcpy-bi.c compilation, -O3 -fomit-frame-pointer
FAIL: gcc.c-torture/execute/memcpy-bi.c compilation, -O3 -fomit-frame-pointer -funroll-loops
FAIL: gcc.c-torture/execute/memcpy-bi.c compilation, -O3 -fomit-frame-pointer -funroll-all-loops -finline-functions
FAIL: gcc.c-torture/execute/memcpy-bi.c compilation, -O3 -g
FAIL: gcc.c-torture/execute/memcpy-bi.c compilation, -O3 -fssa
FAIL: gcc.c-torture/execute/regstack-1.c execution, -O1
FAIL: gcc.c-torture/execute/regstack-1.c compilation, -O3 -fomit-frame-pointer
FAIL: gcc.c-torture/execute/regstack-1.c compilation, -O3 -g
FAIL: gcc.c-torture/execute/regstack-1.c compilation, -O3 -fssa
FAIL: gcc.c-torture/execute/struct-ret-1.c compilation, -O3 -fomit-frame-pointer
FAIL: gcc.c-torture/execute/struct-ret-1.c compilation, -O3 -g
FAIL: gcc.c-torture/execute/struct-ret-1.c compilation, -O3 -fssa
FAIL: gcc.c-torture/execute/va-arg-5.c compilation, -O3 -fomit-frame-pointer
FAIL: gcc.c-torture/execute/va-arg-5.c compilation, -O3 -g
FAIL: gcc.c-torture/execute/va-arg-5.c compilation, -O3 -fssa
FAIL: gcc.c-torture/execute/va-arg-6.c compilation, -O3 -fomit-frame-pointer
FAIL: gcc.c-torture/execute/va-arg-6.c compilation, -O3 -g
FAIL: gcc.c-torture/execute/va-arg-6.c compilation, -O3 -fssa
FAIL: gcc.c-torture/execute/ieee/fp-cmp-3.c compilation, -O3 -fomit-frame-pointer
FAIL: gcc.c-torture/execute/ieee/fp-cmp-3.c compilation, -O3 -fomit-frame-pointer -funroll-loops
FAIL: gcc.c-torture/execute/ieee/fp-cmp-3.c compilation, -O3 -fomit-frame-pointer -funroll-all-loops -finline-functions
FAIL: gcc.c-torture/execute/ieee/fp-cmp-3.c compilation, -O3 -g
FAIL: gcc.c-torture/execute/ieee/fp-cmp-3.c compilation, -O3 -fssa
FAIL: gcc.c-torture/execute/memcheck/blkarg.c compilation, -O3 -fomit-frame-pointer
FAIL: gcc.c-torture/execute/memcheck/blkarg.c compilation, -O3 -g
FAIL: gcc.c-torture/execute/memcheck/blkarg.c compilation, -O3 -fssa
FAIL: gcc.c-torture/unsorted/s.c, -O3 -fomit-frame-pointer
FAIL: gcc.c-torture/unsorted/s.c, -O3 -g
FAIL: gcc.c-torture/unsorted/s.c, -O3 -fssa
FAIL: gcc.c-torture/unsorted/structret.c, -O3 -fomit-frame-pointer
FAIL: gcc.c-torture/unsorted/structret.c, -O3 -g
FAIL: gcc.c-torture/unsorted/structret.c, -O3 -fssa
FAIL: gcc.c-torture/unsorted/xdi.c, -O3 -fomit-frame-pointer
FAIL: gcc.c-torture/unsorted/xdi.c, -O3 -g
FAIL: gcc.c-torture/unsorted/xdi.c, -O3 -fssa
FAIL: gcc.c-torture/unsorted/dimove.c, -O3 -fomit-frame-pointer
FAIL: gcc.c-torture/unsorted/dimove.c, -O3 -g
FAIL: gcc.c-torture/unsorted/dimove.c, -O3 -fssa
FAIL: gcc.c-torture/unsorted/bcopy.c, -O3 -fomit-frame-pointer
FAIL: gcc.c-torture/unsorted/bcopy.c, -O3 -fomit-frame-pointer -funroll-loops
FAIL: gcc.c-torture/unsorted/bcopy.c, -O3 -fomit-frame-pointer -funroll-all-loops -finline-functions
FAIL: gcc.c-torture/unsorted/bcopy.c, -O3 -g
FAIL: gcc.c-torture/unsorted/bcopy.c, -O3 -fssa
FAIL: gcc.dg/cpp/if-2.c wide charconst recognition (test for bogus messages, line 9)
FAIL: gcc.dg/20001013-1.c (test for excess errors)
FAIL: gcc.dg/c99-array-nonobj-1.c (test for excess errors)
XPASS: gcc.dg/c99-func-3.c execution test
FAIL: gcc.dg/sequence-pt-1.c bogus sequence point warning (test for bogus messages, line 55)
FAIL: gcc.dg/sequence-pt-1.c bogus sequence point warning (test for bogus messages, line 65)
FAIL: gcc.dg/ultrasp1.c (test for excess errors)
FAIL: gcc.dg/ultrasp2.c (test for excess errors)
=== gcc Summary for unix ===
# of expected passes 14375
# of unexpected failures 147
# of unexpected successes 1
# of expected failures 76
# of unresolved testcases 75
# of unsupported tests 47
=== gcc Summary ===
# of expected passes 43110
# of unexpected failures 460
# of unexpected successes 3
# of expected failures 228
# of unresolved testcases 225
# of unsupported tests 141
/teal/caip5/ghazi/gcc-testing/build/gcc/xgcc version 2.97 20001117 (experimental)
=== g++ tests ===
Running target unix/-fPIC
FAIL: g++.dg/special/conpr-1.C execution test
FAIL: g++.dg/special/conpr-2.C execution test
FAIL: g++.dg/special/conpr-3.C execution test
FAIL: g++.dg/special/conpr-3.C execution test
FAIL: g++.ext/initp1.C Execution test
FAIL: g++.ext/instantiate1.C not instantiated (test for errors, line 18)
FAIL: g++.ext/instantiate1.C not instantiated (test for errors, line 20)
FAIL: g++.ext/instantiate2.C not instantiated (test for errors, line 16)
FAIL: g++.ext/instantiate3.C not instantiated (test for errors, line 13)
FAIL: g++.law/profile1.C (test for excess errors)
FAIL: g++.law/profile1.C Execution test
FAIL: g++.other/crash18.C (test for excess errors)
FAIL: g++.other/loop2.C caused compiler crash
FAIL: g++.robertl/eb39.C (test for excess errors)
XPASS: g++.robertl/eb55.C (test for excess errors)
FAIL: g++.robertl/eb83.C (test for excess errors)
FAIL: g++.robertl/eb83.C Execution test
FAIL: g++.robertl/eb91.C (test for excess errors)
=== g++ Summary for unix/-fPIC ===
# of expected passes 6064
# of unexpected failures 17
# of unexpected successes 1
# of expected failures 104
# of untested testcases 17
Running target unix/-fpic
FAIL: g++.dg/special/conpr-1.C execution test
FAIL: g++.dg/special/conpr-2.C execution test
FAIL: g++.dg/special/conpr-3.C execution test
FAIL: g++.dg/special/conpr-3.C execution test
FAIL: g++.ext/initp1.C Execution test
FAIL: g++.ext/instantiate1.C not instantiated (test for errors, line 18)
FAIL: g++.ext/instantiate1.C not instantiated (test for errors, line 20)
FAIL: g++.ext/instantiate2.C not instantiated (test for errors, line 16)
FAIL: g++.ext/instantiate3.C not instantiated (test for errors, line 13)
FAIL: g++.law/profile1.C (test for excess errors)
FAIL: g++.law/profile1.C Execution test
FAIL: g++.other/crash18.C (test for excess errors)
FAIL: g++.other/loop2.C caused compiler crash
FAIL: g++.robertl/eb39.C (test for excess errors)
XPASS: g++.robertl/eb55.C (test for excess errors)
FAIL: g++.robertl/eb83.C (test for excess errors)
FAIL: g++.robertl/eb83.C Execution test
FAIL: g++.robertl/eb91.C (test for excess errors)
=== g++ Summary for unix/-fpic ===
# of expected passes 6064
# of unexpected failures 17
# of unexpected successes 1
# of expected failures 104
# of untested testcases 17
Running target unix
FAIL: g++.dg/special/conpr-1.C execution test
FAIL: g++.dg/special/conpr-2.C execution test
FAIL: g++.dg/special/conpr-3.C execution test
FAIL: g++.dg/special/conpr-3.C execution test
FAIL: g++.ext/initp1.C Execution test
FAIL: g++.ext/instantiate1.C not instantiated (test for errors, line 18)
FAIL: g++.ext/instantiate1.C not instantiated (test for errors, line 20)
FAIL: g++.ext/instantiate2.C not instantiated (test for errors, line 16)
FAIL: g++.ext/instantiate3.C not instantiated (test for errors, line 13)
FAIL: g++.other/crash18.C (test for excess errors)
FAIL: g++.other/loop2.C caused compiler crash
FAIL: g++.robertl/eb39.C (test for excess errors)
XPASS: g++.robertl/eb55.C (test for excess errors)
FAIL: g++.robertl/eb91.C (test for excess errors)
=== g++ Summary for unix ===
# of expected passes 6068
# of unexpected failures 13
# of unexpected successes 1
# of expected failures 104
# of untested testcases 17
=== g++ Summary ===
# of expected passes 18196
# of unexpected failures 47
# of unexpected successes 3
# of expected failures 312
# of untested testcases 51
/teal/caip5/ghazi/gcc-testing/build/gcc/testsuite/../g++ version 2.97 20001117 (experimental)
=== g77 tests ===
Running target unix/-fPIC
FAIL: g77.f-torture/compile/980310-3.f, -O3 -g
FAIL: g77.f-torture/compile/980310-3.f, -O3 -fssa
FAIL: g77.f-torture/compile/980310-4.f, -O3 -g
FAIL: g77.f-torture/compile/980310-4.f, -O3 -fssa
FAIL: g77.f-torture/execute/19990325-1.f compilation, -O3 -g
FAIL: g77.f-torture/execute/19990325-1.f compilation, -O3 -fssa
=== g77 Summary for unix/-fPIC ===
# of expected passes 1002
# of unexpected failures 6
# of untested testcases 2
Running target unix/-fpic
FAIL: g77.f-torture/compile/980310-3.f, -O3 -g
FAIL: g77.f-torture/compile/980310-3.f, -O3 -fssa
FAIL: g77.f-torture/compile/980310-4.f, -O3 -g
FAIL: g77.f-torture/compile/980310-4.f, -O3 -fssa
FAIL: g77.f-torture/execute/19990325-1.f compilation, -O3 -g
FAIL: g77.f-torture/execute/19990325-1.f compilation, -O3 -fssa
=== g77 Summary for unix/-fpic ===
# of expected passes 1002
# of unexpected failures 6
# of untested testcases 2
Running target unix
FAIL: g77.f-torture/compile/980310-3.f, -O3 -g
FAIL: g77.f-torture/compile/980310-3.f, -O3 -fssa
FAIL: g77.f-torture/compile/980310-4.f, -O3 -g
FAIL: g77.f-torture/compile/980310-4.f, -O3 -fssa
FAIL: g77.f-torture/execute/19990325-1.f compilation, -O3 -g
FAIL: g77.f-torture/execute/19990325-1.f compilation, -O3 -fssa
=== g77 Summary for unix ===
# of expected passes 1002
# of unexpected failures 6
# of untested testcases 2
=== g77 Summary ===
# of expected passes 3006
# of unexpected failures 18
# of untested testcases 6
=== objc tests ===
Running target unix/-fPIC
FAIL: objc/execute/bf-1.m compilation, -O
FAIL: objc/execute/bf-10.m compilation, -O
FAIL: objc/execute/bf-11.m compilation, -O
FAIL: objc/execute/bf-12.m compilation, -O
FAIL: objc/execute/bf-13.m compilation, -O
FAIL: objc/execute/bf-14.m compilation, -O
FAIL: objc/execute/bf-15.m compilation, -O
FAIL: objc/execute/bf-16.m compilation, -O
FAIL: objc/execute/bf-17.m compilation, -O
FAIL: objc/execute/bf-18.m compilation, -O
FAIL: objc/execute/bf-19.m compilation, -O
FAIL: objc/execute/bf-2.m compilation, -O
FAIL: objc/execute/bf-20.m compilation, -O
FAIL: objc/execute/bf-3.m compilation, -O
FAIL: objc/execute/bf-4.m compilation, -O
FAIL: objc/execute/bf-5.m compilation, -O
FAIL: objc/execute/bf-6.m compilation, -O
FAIL: objc/execute/bf-7.m compilation, -O
FAIL: objc/execute/bf-8.m compilation, -O
FAIL: objc/execute/bf-9.m compilation, -O
FAIL: objc/execute/np-1.m compilation, -O
FAIL: objc/execute/np-2.m compilation, -O
FAIL: objc/execute/string1.m compilation, -O
FAIL: objc/execute/string2.m compilation, -O
=== objc Summary for unix/-fPIC ===
# of unexpected failures 24
# of untested testcases 24
Running target unix/-fpic
FAIL: objc/execute/bf-1.m compilation, -O
FAIL: objc/execute/bf-10.m compilation, -O
FAIL: objc/execute/bf-11.m compilation, -O
FAIL: objc/execute/bf-12.m compilation, -O
FAIL: objc/execute/bf-13.m compilation, -O
FAIL: objc/execute/bf-14.m compilation, -O
FAIL: objc/execute/bf-15.m compilation, -O
FAIL: objc/execute/bf-16.m compilation, -O
FAIL: objc/execute/bf-17.m compilation, -O
FAIL: objc/execute/bf-18.m compilation, -O
FAIL: objc/execute/bf-19.m compilation, -O
FAIL: objc/execute/bf-2.m compilation, -O
FAIL: objc/execute/bf-20.m compilation, -O
FAIL: objc/execute/bf-3.m compilation, -O
FAIL: objc/execute/bf-4.m compilation, -O
FAIL: objc/execute/bf-5.m compilation, -O
FAIL: objc/execute/bf-6.m compilation, -O
FAIL: objc/execute/bf-7.m compilation, -O
FAIL: objc/execute/bf-8.m compilation, -O
FAIL: objc/execute/bf-9.m compilation, -O
FAIL: objc/execute/np-1.m compilation, -O
FAIL: objc/execute/np-2.m compilation, -O
FAIL: objc/execute/string1.m compilation, -O
FAIL: objc/execute/string2.m compilation, -O
=== objc Summary for unix/-fpic ===
# of unexpected failures 24
# of untested testcases 24
Running target unix
FAIL: objc/execute/bf-1.m compilation, -O
FAIL: objc/execute/bf-10.m compilation, -O
FAIL: objc/execute/bf-11.m compilation, -O
FAIL: objc/execute/bf-12.m compilation, -O
FAIL: objc/execute/bf-13.m compilation, -O
FAIL: objc/execute/bf-14.m compilation, -O
FAIL: objc/execute/bf-15.m compilation, -O
FAIL: objc/execute/bf-16.m compilation, -O
FAIL: objc/execute/bf-17.m compilation, -O
FAIL: objc/execute/bf-18.m compilation, -O
FAIL: objc/execute/bf-19.m compilation, -O
FAIL: objc/execute/bf-2.m compilation, -O
FAIL: objc/execute/bf-20.m compilation, -O
FAIL: objc/execute/bf-3.m compilation, -O
FAIL: objc/execute/bf-4.m compilation, -O
FAIL: objc/execute/bf-5.m compilation, -O
FAIL: objc/execute/bf-6.m compilation, -O
FAIL: objc/execute/bf-7.m compilation, -O
FAIL: objc/execute/bf-8.m compilation, -O
FAIL: objc/execute/bf-9.m compilation, -O
FAIL: objc/execute/np-1.m compilation, -O
FAIL: objc/execute/np-2.m compilation, -O
FAIL: objc/execute/string1.m compilation, -O
FAIL: objc/execute/string2.m compilation, -O
=== objc Summary for unix ===
# of unexpected failures 24
# of untested testcases 24
=== objc Summary ===
# of unexpected failures 72
# of untested testcases 72
/teal/caip5/ghazi/gcc-testing/build/gcc/xgcc version 2.97 20001117 (experimental)
Compiler version: 2.97 20001117 (experimental)
Platform: sparc-sun-solaris2.7
configure flags: --host=sparc-sun-solaris2.7 --verbose --enable-checking=misc,tree,rtl,gc