This is the mail archive of the
gcc-testresults@gcc.gnu.org
mailing list for the GCC project.
Results for 2.97 20001113 (experimental) testsuite on i686-pc-linux-gnu
- To: gcc-testresults at gcc dot gnu dot org
- Subject: Results for 2.97 20001113 (experimental) testsuite on i686-pc-linux-gnu
- From: David W Schuler <schuld at plan9 dot btv dot ibm dot com>
- Date: Thu, 16 Nov 2000 09:45:31 -0500
Native configuration is i686-pc-linux-gnu
=== gcc tests ===
Running target unix
FAIL: gcc.c-torture/execute/20001009-1.c execution, -O1
FAIL: gcc.c-torture/execute/20001009-1.c execution, -O2
FAIL: gcc.c-torture/execute/20001009-1.c execution, -O3 -fomit-frame-pointer
FAIL: gcc.c-torture/execute/20001009-1.c execution, -O3 -g
FAIL: gcc.c-torture/execute/20001009-1.c execution, -O3 -fssa
FAIL: gcc.c-torture/execute/20001009-1.c execution, -Os
FAIL: gcc.c-torture/execute/20001009-2.c execution, -O0
FAIL: gcc.c-torture/execute/20001009-2.c execution, -O1
FAIL: gcc.c-torture/execute/20001009-2.c execution, -O2
FAIL: gcc.c-torture/execute/20001009-2.c execution, -O3 -fomit-frame-pointer
FAIL: gcc.c-torture/execute/20001009-2.c execution, -O3 -fomit-frame-pointer -funroll-loops
FAIL: gcc.c-torture/execute/20001009-2.c execution, -O3 -fomit-frame-pointer -funroll-all-loops -finline-functions
FAIL: gcc.c-torture/execute/20001009-2.c execution, -O3 -g
FAIL: gcc.c-torture/execute/20001009-2.c execution, -O3 -fssa
FAIL: gcc.c-torture/execute/20001009-2.c execution, -Os
FAIL: gcc.c-torture/execute/960608-1.c execution, -O3 -fomit-frame-pointer
FAIL: gcc.c-torture/execute/960608-1.c execution, -O3 -g
FAIL: gcc.c-torture/execute/960608-1.c execution, -O3 -fssa
FAIL: gcc.c-torture/execute/loop-2b.c execution, -O2
FAIL: gcc.c-torture/execute/loop-7.c execution, -O2
FAIL: gcc.c-torture/execute/loop-7.c execution, -O3 -fomit-frame-pointer
FAIL: gcc.c-torture/execute/loop-7.c execution, -O3 -fomit-frame-pointer -funroll-loops
FAIL: gcc.c-torture/execute/loop-7.c execution, -O3 -fomit-frame-pointer -funroll-all-loops -finline-functions
FAIL: gcc.c-torture/execute/loop-7.c execution, -O3 -g
FAIL: gcc.c-torture/execute/loop-7.c execution, -O3 -fssa
FAIL: gcc.c-torture/execute/loop-7.c execution, -Os
FAIL: gcc.dg/20000503-1.c (test for excess errors)
FAIL: gcc.dg/20000614-2.c execution test
FAIL: gcc.dg/20000724-1.c execution test
FAIL: gcc.dg/991214-1.c (test for excess errors)
FAIL: gcc.dg/c99-array-nonobj-1.c (test for excess errors)
FAIL: gcc.dg/sequence-pt-1.c bogus sequence point warning (test for bogus messages, line 55)
FAIL: gcc.dg/sequence-pt-1.c bogus sequence point warning (test for bogus messages, line 65)
FAIL: gcc.dg/special/weak-1.c execution test
=== gcc Summary ===
# of expected passes 14536
# of unexpected failures 34
# of expected failures 85
# of unsupported tests 22
/usr/local/src/EGCS/egcs-linux/gcc/xgcc version 2.97 20001113 (experimental)
=== g++ tests ===
Running target unix
FAIL: g++.dg/special/conpr-1.C execution test
FAIL: g++.dg/special/conpr-2.C execution test
FAIL: g++.dg/special/conpr-3.C execution test
FAIL: g++.dg/special/conpr-3.C execution test
FAIL: g++.ext/initp1.C Execution test
FAIL: g++.ext/instantiate1.C not instantiated (test for errors, line 18)
FAIL: g++.ext/instantiate1.C not instantiated (test for errors, line 20)
FAIL: g++.other/crash18.C (test for excess errors)
FAIL: g++.other/loop2.C caused compiler crash
XPASS: g++.robertl/eb55.C (test for excess errors)
=== g++ Summary ===
# of expected passes 6074
# of unexpected failures 9
# of unexpected successes 1
# of expected failures 104
# of untested testcases 9
/usr/local/src/EGCS/egcs-linux/gcc/testsuite/../g++ version 2.97 20001113 (experimental)
=== g77 tests ===
Running target unix
XPASS: g77.f-torture/execute/20001111.f execution, -O0
FAIL: g77.f-torture/execute/short.f execution, -Os
=== g77 Summary ===
# of expected passes 1000
# of unexpected failures 1
# of unexpected successes 1
# of expected failures 8
=== objc tests ===
Running target unix
FAIL: objc/execute/np-1.m compilation, -O
FAIL: objc/execute/np-2.m compilation, -O
=== objc Summary ===
# of expected passes 44
# of unexpected failures 2
# of untested testcases 2
/usr/local/src/EGCS/egcs-linux/gcc/xgcc version 2.97 20001113 (experimental)
Compiler version: 2.97 20001113 (experimental)
Platform: i686-pc-linux-gnu
configure flags: --host=i686-pc-linux-gnu --prefix=/usr/local/egcs --enable-haifa --enable-multilib
Counting all warnings,
there are 295 warnings in stage3 of this bootstrap.
Number of warnings per file:
41 genrtl.c
28 ../../egcs/gcc/combine.c
17 ../../egcs/gcc/real.c
17 ../../egcs/gcc/expr.c
13 ../../egcs/gcc/config/i386/i386.c
12 ../../egcs/gcc/reg-stack.c
12 ../../egcs/gcc/objc/objc-act.c
11 ../../egcs/gcc/cse.c
10 ../../egcs/gcc/reload1.c
8 ../../egcs/gcc/genrecog.c
7 ../../egcs/gcc/reload.c
6 ../../egcs/gcc/haifa-sched.c
6 ../../egcs/gcc/gcc.c
6 ../../egcs/gcc/fold-const.c
6 ../../egcs/gcc/cp/error.c
5 ../../egcs/gcc/loop.c
5 ../../egcs/gcc/flow.c
5 ../../egcs/gcc/c-common.c
4 ../../egcs/gcc/tree.c
4 ../../egcs/gcc/genoutput.c
4 ../../egcs/gcc/dependence.c
3 cxxmain.c
3 ../../egcs/gcc/regclass.c
3 ../../egcs/gcc/libgcc2.c
3 ../../egcs/gcc/gcov.c
2 make[3]
2 insn-extract.c
2 ../../egcs/gcc/varasm.c
2 ../../egcs/gcc/java/lex.c
2 ../../egcs/gcc/java/jvspec.c
2 ../../egcs/gcc/global.c
2 ../../egcs/gcc/function.c
2 ../../egcs/gcc/f/com.c
2 ../../egcs/gcc/diagnostic.c
2 ../../egcs/gcc/cp/search.c
2 ../../egcs/gcc/cp/optimize.c
2 ../../egcs/gcc/cp/class.c
2 ../../egcs/gcc/c-lex.c
2 ../../egcs/gcc/alias.c
1 make[2]
1 make[1]
1 ../../egcs/gcc/tradcpp.c
1 ../../egcs/gcc/timevar.c
1 ../../egcs/gcc/ssa.c
1 ../../egcs/gcc/simplify-rtx.c
1 ../../egcs/gcc/rtl.c
1 ../../egcs/gcc/recog.c
1 ../../egcs/gcc/print-tree.c
1 ../../egcs/gcc/objc/lang-specs.h
1 ../../egcs/gcc/mkdeps.c
1 ../../egcs/gcc/java/parse.y
1 ../../egcs/gcc/java/jcf-parse.c
1 ../../egcs/gcc/ggc-page.c
1 ../../egcs/gcc/genextract.c
1 ../../egcs/gcc/gcse.c
1 ../../egcs/gcc/frame-dwarf2.c
1 ../../egcs/gcc/final.c
1 ../../egcs/gcc/f/lang-specs.h
1 ../../egcs/gcc/expmed.c
1 ../../egcs/gcc/emit-rtl.c
1 ../../egcs/gcc/dwarfout.c
1 ../../egcs/gcc/cpplib.c
1 ../../egcs/gcc/cppinit.c
1 ../../egcs/gcc/cp/lang-specs.h
1 ../../egcs/gcc/cp/errfn.c
1 ../../egcs/gcc/cp/decl.c
1 ../../egcs/gcc/collect2.c
Number of warning types:
173 value computed is not used
77 comparison between signed and unsigned
13 ??? might be used uninitialized in this function
7 string length ??? is greater than the minimum length ??? ISO C89 is required to support
6 signed and unsigned type in conditional expression
5 initialization from incompatible pointer type
4 Clock skew detected. Your build may be incomplete.
3 unused variable ???
2 function declaration isnt a prototype
1 pointer targets in passing arg ??? of ??? differ in signedness
1 passing arg ??? of ??? discards qualifiers from pointer target type
1 no previous prototype for ???
1 label ??? defined but not used
1 function-like macro strcmp must be used with arguments in traditional C