This is the mail archive of the
gcc-testresults@gcc.gnu.org
mailing list for the GCC project.
Results for 2.97 20001113 (experimental) testsuite on i586-sco-sysv5uw7.1.0
- To: gcc-testresults at gcc dot gnu dot org
- Subject: Results for 2.97 20001113 (experimental) testsuite on i586-sco-sysv5uw7.1.0
- From: RDBrown at mira dot net
- Date: Thu, 16 Nov 2000 10:31:20 +1100
Native configuration is i586-sco-sysv5uw7.1.0
(Two incomplete tests of mine have crept in)
=== gcc tests ===
Running target unix
FAIL: gcc.c-torture/compile/920928-2.c, -O0
FAIL: gcc.c-torture/compile/920928-2.c, -O1
FAIL: gcc.c-torture/compile/920928-2.c, -O2
FAIL: gcc.c-torture/compile/920928-2.c, -O3 -fomit-frame-pointer
FAIL: gcc.c-torture/compile/920928-2.c, -O3 -fomit-frame-pointer -funroll-loops
FAIL: gcc.c-torture/compile/920928-2.c, -O3 -fomit-frame-pointer -funroll-all-loops -finline-functions
FAIL: gcc.c-torture/compile/920928-2.c, -O3 -g
FAIL: gcc.c-torture/compile/920928-2.c, -O3 -fssa
FAIL: gcc.c-torture/compile/920928-2.c, -Os
FAIL: gcc.c-torture/compile/950816-1.c, -O0
FAIL: gcc.c-torture/compile/950816-2.c, -O0
FAIL: gcc.c-torture/execute/20001009-1.c execution, -O1
FAIL: gcc.c-torture/execute/20001009-1.c execution, -O2
FAIL: gcc.c-torture/execute/20001009-1.c execution, -O3 -fomit-frame-pointer
FAIL: gcc.c-torture/execute/20001009-1.c execution, -O3 -g
FAIL: gcc.c-torture/execute/20001009-1.c execution, -O3 -fssa
FAIL: gcc.c-torture/execute/20001009-1.c execution, -Os
FAIL: gcc.c-torture/execute/20001009-2.c execution, -O0
FAIL: gcc.c-torture/execute/20001009-2.c execution, -O1
FAIL: gcc.c-torture/execute/20001009-2.c execution, -O2
FAIL: gcc.c-torture/execute/20001009-2.c execution, -O3 -fomit-frame-pointer
FAIL: gcc.c-torture/execute/20001009-2.c execution, -O3 -fomit-frame-pointer -funroll-loops
FAIL: gcc.c-torture/execute/20001009-2.c execution, -O3 -fomit-frame-pointer -funroll-all-loops -finline-functions
FAIL: gcc.c-torture/execute/20001009-2.c execution, -O3 -g
FAIL: gcc.c-torture/execute/20001009-2.c execution, -O3 -fssa
FAIL: gcc.c-torture/execute/20001009-2.c execution, -Os
FAIL: gcc.c-torture/execute/960608-1.c execution, -O3 -fomit-frame-pointer
FAIL: gcc.c-torture/execute/960608-1.c execution, -O3 -g
FAIL: gcc.c-torture/execute/960608-1.c execution, -O3 -fssa
FAIL: gcc.c-torture/execute/eeprof-1.c compilation, -O0
FAIL: gcc.c-torture/execute/eeprof-1.c compilation, -O1
FAIL: gcc.c-torture/execute/eeprof-1.c compilation, -O2
FAIL: gcc.c-torture/execute/eeprof-1.c compilation, -O3 -fomit-frame-pointer
FAIL: gcc.c-torture/execute/eeprof-1.c compilation, -O3 -g
FAIL: gcc.c-torture/execute/eeprof-1.c compilation, -O3 -fssa
FAIL: gcc.c-torture/execute/eeprof-1.c compilation, -Os
FAIL: gcc.c-torture/execute/loop-2b.c execution, -O2
FAIL: gcc.c-torture/execute/loop-7.c execution, -O2
FAIL: gcc.c-torture/execute/loop-7.c execution, -O3 -fomit-frame-pointer
FAIL: gcc.c-torture/execute/loop-7.c execution, -O3 -fomit-frame-pointer -funroll-loops
FAIL: gcc.c-torture/execute/loop-7.c execution, -O3 -fomit-frame-pointer -funroll-all-loops -finline-functions
FAIL: gcc.c-torture/execute/loop-7.c execution, -O3 -g
FAIL: gcc.c-torture/execute/loop-7.c execution, -O3 -fssa
FAIL: gcc.c-torture/execute/loop-7.c execution, -Os
FAIL: gcc.c-torture/unsorted/loop386.c, -O3 -g
FAIL: gcc.dg/20000503-1.c (test for excess errors)
FAIL: gcc.dg/20000609-1.c (test for excess errors)
FAIL: gcc.dg/20000614-2.c execution test
FAIL: gcc.dg/991214-1.c (test for excess errors)
FAIL: gcc.dg/bf-rdb2.c struct has no named members (test for errors, line 6)
FAIL: gcc.dg/bf-rdb2.c struct has no named members (test for errors, line 7)
FAIL: gcc.dg/bf-rdb2.c struct has no named members (test for errors, line 8)
FAIL: gcc.dg/bf-rdb2.c bit-field \`a' type invalid in ISO C (test for errors, line 10)
FAIL: gcc.dg/bf-rdb2.c bit-field \`a' type invalid in ISO C (test for errors, line 11)
FAIL: gcc.dg/bf-rdb2.c bit-field \`a' type invalid in ISO C (test for errors, line 12)
FAIL: gcc.dg/bf-rdb2.c bit-field \`a' type invalid in ISO C (test for errors, line 12)
FAIL: gcc.dg/bf-rdb2.c bit-field \`a' type invalid in ISO C (test for errors, line 13)
FAIL: gcc.dg/bf-rdb2.c bit-field \`a' type invalid in ISO C (test for errors, line 14)
FAIL: gcc.dg/bf-rdb2.c bit-field \`a' type invalid in ISO C (test for errors, line 15)
FAIL: gcc.dg/bf-rdb2.c bit-field \`a' type invalid in ISO C (test for errors, line 16)
FAIL: gcc.dg/bf-rdb2.c bit-field \`a' type invalid in ISO C (test for errors, line 17)
FAIL: gcc.dg/bf-rdb2.c bit-field \`a' type invalid in ISO C (test for errors, line 18)
FAIL: gcc.dg/bf-rdb2.c bit-field \`a' type invalid in ISO C (test for errors, line 19)
FAIL: gcc.dg/bf-rdb2.c bit-field \`a' type invalid in ISO C (test for errors, line 20)
FAIL: gcc.dg/bf-rdb2.c bit-field \`a' type invalid in ISO C (test for errors, line 21)
FAIL: gcc.dg/bf-rdb2.c bit-field \`a' type invalid in ISO C (test for errors, line 22)
FAIL: gcc.dg/bf-rdb2.c bit-field \`a' type invalid in ISO C (test for errors, line 22)
FAIL: gcc.dg/bf-rdb2.c bit-field \`a' type invalid in ISO C (test for errors, line 23)
FAIL: gcc.dg/bf-rdb2.c bit-field \`a' type invalid in ISO C (test for errors, line 24)
FAIL: gcc.dg/bf-rdb2.c bit-field \`a' type invalid in ISO C (test for errors, line 25)
FAIL: gcc.dg/bf-rdb2.c bit-field \`a' type invalid in ISO C (test for errors, line 26)
FAIL: gcc.dg/bf-rdb2.c bit-field \`a' type invalid in ISO C (test for errors, line 27)
FAIL: gcc.dg/bf-rdb2.c bit-field \`a' type invalid in ISO C (test for errors, line 28)
FAIL: gcc.dg/bf-rdb2.c bit-field \`a' type invalid in ISO C (test for errors, line 29)
FAIL: gcc.dg/bf-rdb2.c bit-field \`a' type invalid in ISO C (test for errors, line 30)
FAIL: gcc.dg/bf-rdb2.c ISO C forbids zero-size array \`a' (test for errors, line 32)
FAIL: gcc.dg/bf-rdb2.c (test for excess errors)
FAIL: gcc.dg/c99-array-nonobj-1.c (test for excess errors)
FAIL: gcc.dg/sequence-pt-1.c bogus sequence point warning (test for bogus messages, line 55)
FAIL: gcc.dg/sequence-pt-1.c bogus sequence point warning (test for bogus messages, line 65)
FAIL: gcc.dg/special/weak-1.c (test for excess errors)
FAIL: gcc.dg/special/weak-2.c (test for excess errors)
FAIL: gcc.dg/special/wkali-2.c (test for excess errors)
=== gcc Summary ===
# of expected passes 14480
# of unexpected failures 83
# of expected failures 85
# of unresolved testcases 7
# of unsupported tests 25
/devel/src/gcc-20001113.chk/gcc/xgcc version 2.97 20001113 (experimental)
=== g++ tests ===
Running target unix
=== g77 tests ===
Running target unix
XPASS: g77.f-torture/execute/20001111.f execution, -O0
FAIL: g77.f-torture/execute/short.f execution, -Os
=== g77 Summary for unix ===
# of expected passes 1000
# of unexpected failures 1
# of unexpected successes 1
# of expected failures 8
Running target unix/-march=i486
XPASS: g77.f-torture/execute/20001111.f execution, -O0
FAIL: g77.f-torture/execute/short.f execution, -Os
=== g77 Summary for unix/-march=i486 ===
# of expected passes 1000
# of unexpected failures 1
# of unexpected successes 1
# of expected failures 8
Running target unix/-march=i386
XPASS: g77.f-torture/execute/20001111.f execution, -O0
FAIL: g77.f-torture/execute/short.f execution, -Os
=== g77 Summary for unix/-march=i386 ===
# of expected passes 1000
# of unexpected failures 1
# of unexpected successes 1
# of expected failures 8
=== g77 Summary ===
# of expected passes 3000
# of unexpected failures 3
# of unexpected successes 3
# of expected failures 24
=== objc tests ===
Running target unix
FAIL: objc/execute/np-1.m compilation, -O
FAIL: objc/execute/np-2.m compilation, -O
=== objc Summary for unix ===
# of expected passes 44
# of unexpected failures 2
# of untested testcases 2
Running target unix/-march=i486
FAIL: objc/execute/np-1.m compilation, -O
FAIL: objc/execute/np-2.m compilation, -O
=== objc Summary for unix/-march=i486 ===
# of expected passes 44
# of unexpected failures 2
# of untested testcases 2
Running target unix/-march=i386
FAIL: objc/execute/np-1.m compilation, -O
FAIL: objc/execute/np-2.m compilation, -O
=== objc Summary for unix/-march=i386 ===
# of expected passes 44
# of unexpected failures 2
# of untested testcases 2
=== objc Summary ===
# of expected passes 132
# of unexpected failures 6
# of untested testcases 6
/devel/src/gcc-20001113.chk/gcc/xgcc version 2.97 20001113 (experimental)
Compiler version: 2.97 20001113 (experimental)
Platform: i586-sco-sysv5uw7.1.0
configure flags: --host=i586-sco-sysv5uw7.1.0 --enable-checking --with-gnu-as --with-gnu-ld
Counting all warnings,
there are 1303 warnings in stage3 of this bootstrap.
Number of warnings per file:
209 ../../gcc-20001113/gcc/flow.c
157 ../../gcc-20001113/gcc/expr.c
123 ../../gcc-20001113/gcc/haifa-sched.c
101 ../../gcc-20001113/gcc/config/i386/i386.c
76 ../../gcc-20001113/gcc/stmt.c
55 ../../gcc-20001113/gcc/bb-reorder.c
49 ../../gcc-20001113/gcc/gcse.c
40 ../../gcc-20001113/gcc/c-typeck.c
37 ../../gcc-20001113/gcc/basic-block.h
28 ../../gcc-20001113/gcc/combine.c
27 ../../gcc-20001113/gcc/except.c
25 ../../gcc-20001113/gcc/varasm.c
22 ../../gcc-20001113/gcc/loop.c
20 ../../gcc-20001113/gcc/lcm.c
19 ../../gcc-20001113/gcc/ifcvt.c
19 ../../gcc-20001113/gcc/dwarfout.c
19 ../../gcc-20001113/gcc/c-dump.c
18 ../../gcc-20001113/gcc/stor-layout.c
17 ../../gcc-20001113/gcc/cpphash.c
14 ../../gcc-20001113/gcc/toplev.c
14 ../../gcc-20001113/gcc/objc/objc-act.c
14 ../../gcc-20001113/gcc/alias.c
12 ../../gcc-20001113/gcc/ssa.c
12 ../../gcc-20001113/gcc/reg-stack.c
12 ../../gcc-20001113/gcc/dce.c
11 ../../gcc-20001113/gcc/sbitmap.c
11 ../../gcc-20001113/gcc/profile.c
11 ../../gcc-20001113/gcc/genrecog.c
10 ../../gcc-20001113/gcc/predict.c
10 ../../gcc-20001113/gcc/cse.c
8 ../../gcc-20001113/gcc/regclass.c
8 ../../gcc-20001113/gcc/genoutput.c
7 ../../gcc-20001113/gcc/c-common.c
6 ../../gcc-20001113/gcc/tree.c
6 ../../gcc-20001113/gcc/jump.c
6 ../../gcc-20001113/gcc/genattrtab.c
6 ../../gcc-20001113/gcc/cppmain.c
5 ../../gcc-20001113/gcc/hash.c
5 ../../gcc-20001113/gcc/dependence.c
5 ../../gcc-20001113/gcc/cp/error.c
4 obstack.c
4 ../../gcc-20001113/gcc/reload.c
4 ../../gcc-20001113/gcc/optabs.c
4 ../../gcc-20001113/gcc/java/lex.c
4 ../../gcc-20001113/gcc/dwarf2out.c
3 ../../gcc-20001113/gcc/gcc.c
3 ../../gcc-20001113/gcc/cpplib.c
2 ../../gcc-20001113/gcc/libgcc2.c
2 ../../gcc-20001113/gcc/integrate.c
2 ../../gcc-20001113/gcc/function.c
2 ../../gcc-20001113/gcc/fold-const.c
2 ../../gcc-20001113/gcc/final.c
2 ../../gcc-20001113/gcc/c-dump.h
1 ../../gcc-20001113/gcc/reload1.c
1 ../../gcc-20001113/gcc/print-rtl.c
1 ../../gcc-20001113/gcc/objc/lang-specs.h
1 ../../gcc-20001113/gcc/local-alloc.c
1 ../../gcc-20001113/gcc/java/jvspec.c
1 ../../gcc-20001113/gcc/f/lang-specs.h
1 ../../gcc-20001113/gcc/expmed.c
1 ../../gcc-20001113/gcc/cp/search.c
1 ../../gcc-20001113/gcc/cp/lang-specs.h
1 ../../gcc-20001113/gcc/cp/errfn.c
1 ../../../gcc-20001113/gcc/intl/localealias.c
Number of warning types:
1147 function-like macro \`index' must be used with arguments in traditional C
100 comparison between signed and unsigned
13 \`???' might be used uninitialized in this function
7 string length \`???' is greater than the minimum length \`???' ISO C89 is required to support
6 signed and unsigned type in conditional expression
6 ??? format, ??? arg (arg ???)
5 initialization from incompatible pointer type
4 passing arg ??? of \`???' from incompatible pointer type
4 large integer implicitly truncated to unsigned type
3 unused variable \`???'
2 function declaration isn't a prototype
1 value computed is not used
1 pointer targets in passing arg ??? of \`???' differ in signedness
1 passing arg ??? of \`???' discards qualifiers from pointer target type
1 no previous prototype for \`???'
1 label \`???' defined but not used
1 implicit declaration of function \`???'