This is the mail archive of the
gcc-testresults@gcc.gnu.org
mailing list for the GCC project.
Results for 2.97 20001113 (experimental) testsuite on mips-sgi-irix6.5
- To: "'gcc-testresults at gcc dot gnu dot org'" <gcc-testresults at gcc dot gnu dot org>
- Subject: Results for 2.97 20001113 (experimental) testsuite on mips-sgi-irix6.5
- From: "Billinghurst, David (CRTS)" <David dot Billinghurst at riotinto dot com>
- Date: Tue, 14 Nov 2000 04:39:14 -0000
First build with libstdc++-v3
o libstdc++-v3 seemed to build ok
o c++ tests will not run as bash not present
Native configuration is mips-sgi-irix6.5
=== objc tests ===
Running target unix
FAIL: objc/execute/np-1.m compilation, -O
FAIL: objc/execute/np-2.m compilation, -O
=== objc Summary for unix ===
# of expected passes 44
# of unexpected failures 2
# of untested testcases 2
Running target unix/-mabi=64
FAIL: objc/execute/np-1.m compilation, -O
FAIL: objc/execute/np-2.m compilation, -O
=== objc Summary for unix/-mabi=64 ===
# of expected passes 44
# of unexpected failures 2
# of untested testcases 2
=== objc Summary ===
# of expected passes 88
# of unexpected failures 4
# of untested testcases 4
/exd4/billingd/obj/gcc-parallel/gcc/xgcc version 2.97 20001113
(experimental)
=== gcc tests ===
Running target unix
FAIL: gcc.c-torture/compile/920723-1.c, -O3 -fomit-frame-pointer
-funroll-all-loops -finline-functions
FAIL: gcc.c-torture/execute/20000917-1.c compilation, -O3 -fssa
FAIL: gcc.c-torture/execute/20001009-2.c execution, -O0
FAIL: gcc.c-torture/execute/20001009-2.c execution, -O1
FAIL: gcc.c-torture/execute/20001009-2.c execution, -O2
FAIL: gcc.c-torture/execute/20001009-2.c execution, -O3
-fomit-frame-pointer
FAIL: gcc.c-torture/execute/20001009-2.c execution, -O3
-fomit-frame-pointer -funroll-loops
FAIL: gcc.c-torture/execute/20001009-2.c execution, -O3
-fomit-frame-pointer -funroll-all-loops -finline-functions
FAIL: gcc.c-torture/execute/20001009-2.c execution, -O3 -g
FAIL: gcc.c-torture/execute/20001009-2.c execution, -O3 -fssa
FAIL: gcc.c-torture/execute/20001009-2.c execution, -Os
FAIL: gcc.c-torture/execute/920410-1.c compilation, -O3
-fomit-frame-pointer
FAIL: gcc.c-torture/execute/920410-1.c compilation, -O3 -g
FAIL: gcc.c-torture/execute/920410-1.c compilation, -O3 -fssa
FAIL: gcc.c-torture/execute/921113-1.c compilation, -O3
-fomit-frame-pointer
FAIL: gcc.c-torture/execute/921113-1.c compilation, -O3 -g
FAIL: gcc.c-torture/execute/921113-1.c compilation, -O3 -fssa
FAIL: gcc.c-torture/execute/921208-2.c compilation, -O3
-fomit-frame-pointer
FAIL: gcc.c-torture/execute/921208-2.c compilation, -O3
-fomit-frame-pointer -funroll-loops
FAIL: gcc.c-torture/execute/921208-2.c compilation, -O3
-fomit-frame-pointer -funroll-all-loops -finline-functions
FAIL: gcc.c-torture/execute/921208-2.c compilation, -O3 -g
FAIL: gcc.c-torture/execute/921208-2.c compilation, -O3 -fssa
FAIL: gcc.c-torture/execute/930106-1.c compilation, -O3
-fomit-frame-pointer
FAIL: gcc.c-torture/execute/930106-1.c compilation, -O3 -g
FAIL: gcc.c-torture/execute/930106-1.c compilation, -O3 -fssa
FAIL: gcc.c-torture/execute/memcpy-1.c compilation, -O3
-fomit-frame-pointer
FAIL: gcc.c-torture/execute/memcpy-1.c compilation, -O3
-fomit-frame-pointer -funroll-loops
FAIL: gcc.c-torture/execute/memcpy-1.c compilation, -O3
-fomit-frame-pointer -funroll-all-loops -finline-functions
FAIL: gcc.c-torture/execute/memcpy-1.c compilation, -O3 -g
FAIL: gcc.c-torture/execute/memcpy-1.c compilation, -O3 -fssa
FAIL: gcc.c-torture/execute/ieee/20000320-1.c execution, -O0
FAIL: gcc.c-torture/execute/ieee/20000320-1.c execution, -O1
FAIL: gcc.c-torture/execute/ieee/20000320-1.c execution, -O2
FAIL: gcc.c-torture/execute/ieee/20000320-1.c execution, -O3
-fomit-frame-pointer
FAIL: gcc.c-torture/execute/ieee/20000320-1.c execution, -O3 -g
FAIL: gcc.c-torture/execute/ieee/20000320-1.c execution, -O3 -fssa
FAIL: gcc.c-torture/execute/ieee/20000320-1.c execution, -Os
XPASS: gcc.c-torture/execute/memcheck/blkarg.c execution, -O0
XPASS: gcc.c-torture/execute/memcheck/blkarg.c execution, -O1
XPASS: gcc.c-torture/execute/memcheck/blkarg.c execution, -O2
XPASS: gcc.c-torture/execute/memcheck/blkarg.c execution, -Os
FAIL: gcc.c-torture/unsorted/memtst.c, -O3 -fomit-frame-pointer
FAIL: gcc.c-torture/unsorted/memtst.c, -O3 -fomit-frame-pointer
-funroll-loops
FAIL: gcc.c-torture/unsorted/memtst.c, -O3 -fomit-frame-pointer
-funroll-all-loops -finline-functions
FAIL: gcc.c-torture/unsorted/memtst.c, -O3 -g
FAIL: gcc.c-torture/unsorted/memtst.c, -O3 -fssa
FAIL: gcc.c-torture/unsorted/loop386.c, -O3 -g
FAIL: gcc.c-torture/unsorted/msp.c, -O3 -fomit-frame-pointer
FAIL: gcc.c-torture/unsorted/msp.c, -O3 -g
FAIL: gcc.c-torture/unsorted/msp.c, -O3 -fssa
FAIL: gcc.dg/20000419-2.c (test for excess errors)
FAIL: gcc.dg/c99-array-nonobj-1.c (test for excess errors)
XPASS: gcc.dg/c99-func-3.c execution test
FAIL: gcc.dg/sequence-pt-1.c bogus sequence point warning (test for bogus
messages, line 55)
FAIL: gcc.dg/sequence-pt-1.c bogus sequence point warning (test for bogus
messages, line 65)
FAIL: alias-1.c
FAIL: wkali-1.c
FAIL: wkali-2b.o
=== gcc Summary for unix ===
# of expected passes 14421
# of unexpected failures 53
# of unexpected successes 5
# of expected failures 96
# of unresolved testcases 20
# of unsupported tests 51
Running target unix/-mabi=64
FAIL: gcc.c-torture/compile/970214-1.c, -O0
FAIL: gcc.c-torture/compile/970214-1.c, -O1
FAIL: gcc.c-torture/compile/970214-1.c, -O2
FAIL: gcc.c-torture/compile/970214-1.c, -O3 -fomit-frame-pointer
FAIL: gcc.c-torture/compile/970214-1.c, -O3 -g
FAIL: gcc.c-torture/compile/970214-1.c, -O3 -fssa
FAIL: gcc.c-torture/compile/970214-1.c, -Os
FAIL: gcc.c-torture/execute/20000917-1.c compilation, -O3 -fssa
FAIL: gcc.c-torture/execute/20001009-2.c execution, -O0
FAIL: gcc.c-torture/execute/20001009-2.c execution, -O1
FAIL: gcc.c-torture/execute/20001009-2.c execution, -O2
FAIL: gcc.c-torture/execute/20001009-2.c execution, -O3
-fomit-frame-pointer
FAIL: gcc.c-torture/execute/20001009-2.c execution, -O3
-fomit-frame-pointer -funroll-loops
FAIL: gcc.c-torture/execute/20001009-2.c execution, -O3
-fomit-frame-pointer -funroll-all-loops -finline-functions
FAIL: gcc.c-torture/execute/20001009-2.c execution, -O3 -g
FAIL: gcc.c-torture/execute/20001009-2.c execution, -O3 -fssa
FAIL: gcc.c-torture/execute/20001009-2.c execution, -Os
FAIL: gcc.c-torture/execute/970214-1.c compilation, -O0
FAIL: gcc.c-torture/execute/970214-1.c compilation, -O1
FAIL: gcc.c-torture/execute/970214-1.c compilation, -O2
FAIL: gcc.c-torture/execute/970214-1.c compilation, -O3
-fomit-frame-pointer
FAIL: gcc.c-torture/execute/970214-1.c compilation, -O3 -g
FAIL: gcc.c-torture/execute/970214-1.c compilation, -O3 -fssa
FAIL: gcc.c-torture/execute/970214-1.c compilation, -Os
FAIL: gcc.c-torture/execute/970214-2.c compilation, -O0
FAIL: gcc.c-torture/execute/970214-2.c compilation, -O1
FAIL: gcc.c-torture/execute/970214-2.c compilation, -O2
FAIL: gcc.c-torture/execute/970214-2.c compilation, -O3
-fomit-frame-pointer
FAIL: gcc.c-torture/execute/970214-2.c compilation, -O3 -g
FAIL: gcc.c-torture/execute/970214-2.c compilation, -O3 -fssa
FAIL: gcc.c-torture/execute/970214-2.c compilation, -Os
FAIL: gcc.c-torture/execute/991014-1.c compilation, -O0
FAIL: gcc.c-torture/execute/991014-1.c compilation, -O1
FAIL: gcc.c-torture/execute/991014-1.c compilation, -O2
FAIL: gcc.c-torture/execute/991014-1.c compilation, -O3
-fomit-frame-pointer
FAIL: gcc.c-torture/execute/991014-1.c compilation, -O3 -g
FAIL: gcc.c-torture/execute/991014-1.c compilation, -O3 -fssa
FAIL: gcc.c-torture/execute/991014-1.c compilation, -Os
FAIL: gcc.c-torture/execute/divconst-2.c execution, -O1
FAIL: gcc.c-torture/execute/divconst-2.c execution, -O2
FAIL: gcc.c-torture/execute/divconst-2.c execution, -Os
FAIL: gcc.c-torture/execute/widechar-1.c compilation, -O0
FAIL: gcc.c-torture/execute/widechar-1.c compilation, -O1
FAIL: gcc.c-torture/execute/widechar-1.c compilation, -O2
FAIL: gcc.c-torture/execute/widechar-1.c compilation, -O3
-fomit-frame-pointer
FAIL: gcc.c-torture/execute/widechar-1.c compilation, -O3 -g
FAIL: gcc.c-torture/execute/widechar-1.c compilation, -O3 -fssa
FAIL: gcc.c-torture/execute/widechar-1.c compilation, -Os
FAIL: gcc.c-torture/execute/widechar-2.c compilation, -O0
FAIL: gcc.c-torture/execute/widechar-2.c compilation, -O1
FAIL: gcc.c-torture/execute/widechar-2.c compilation, -O2
FAIL: gcc.c-torture/execute/widechar-2.c compilation, -O3
-fomit-frame-pointer
FAIL: gcc.c-torture/execute/widechar-2.c compilation, -O3 -g
FAIL: gcc.c-torture/execute/widechar-2.c compilation, -O3 -fssa
FAIL: gcc.c-torture/execute/widechar-2.c compilation, -Os
FAIL: gcc.c-torture/execute/ieee/20000320-1.c execution, -O0
FAIL: gcc.c-torture/execute/ieee/20000320-1.c execution, -O1
FAIL: gcc.c-torture/execute/ieee/20000320-1.c execution, -O2
FAIL: gcc.c-torture/execute/ieee/20000320-1.c execution, -O3
-fomit-frame-pointer
FAIL: gcc.c-torture/execute/ieee/20000320-1.c execution, -O3 -g
FAIL: gcc.c-torture/execute/ieee/20000320-1.c execution, -O3 -fssa
FAIL: gcc.c-torture/execute/ieee/20000320-1.c execution, -Os
XPASS: gcc.c-torture/execute/memcheck/blkarg.c execution, -O0
XPASS: gcc.c-torture/execute/memcheck/blkarg.c execution, -O1
XPASS: gcc.c-torture/execute/memcheck/blkarg.c execution, -O2
XPASS: gcc.c-torture/execute/memcheck/blkarg.c execution, -Os
FAIL: gcc.c-torture/unsorted/loop386.c, -O3 -g
FAIL: gcc.dg/cpp/lexstrng.c (test for excess errors)
FAIL: gcc.dg/cpp/paste2.c (test for excess errors)
FAIL: gcc.dg/20000419-2.c (test for excess errors)
FAIL: gcc.dg/c99-array-nonobj-1.c (test for excess errors)
XPASS: gcc.dg/c99-func-3.c execution test
FAIL: gcc.dg/sequence-pt-1.c bogus sequence point warning (test for bogus
messages, line 55)
FAIL: gcc.dg/sequence-pt-1.c bogus sequence point warning (test for bogus
messages, line 65)
FAIL: alias-1.c
FAIL: wkali-1.c
FAIL: wkali-2b.o
FAIL: linkage.c
=== gcc Summary for unix/-mabi=64 ===
# of expected passes 14383
# of unexpected failures 73
# of unexpected successes 5
# of expected failures 96
# of unresolved testcases 36
# of unsupported tests 51
=== gcc Summary ===
# of expected passes 28804
# of unexpected failures 126
# of unexpected successes 10
# of expected failures 192
# of unresolved testcases 56
# of unsupported tests 102
/exd4/billingd/obj/gcc-parallel/gcc/xgcc version 2.97 20001113
(experimental)
=== g77 tests ===
Running target unix
FAIL: g77.f-torture/execute/labug1.f compilation, -O3 -g
FAIL: g77.f-torture/execute/labug1.f compilation, -O3 -fssa
FAIL: g77.f-torture/execute/short.f execution, -Os
=== g77 Summary for unix ===
# of expected passes 1005
# of unexpected failures 3
# of untested testcases 2
Running target unix/-mabi=64
FAIL: g77.f-torture/execute/short.f execution, -Os
=== g77 Summary for unix/-mabi=64 ===
# of expected passes 1009
# of unexpected failures 1
=== g77 Summary ===
# of expected passes 2014
# of unexpected failures 4
# of untested testcases 2
=== g++ tests ===
Running target unix
Compiler version: 2.97 20001113 (experimental)
Platform: mips-sgi-irix6.5
configure flags: --host=mips-sgi-irix6.5 --enable-shared --enable-haifa
--enable-pthreads --prefix=/exd4/billingd/tmp/gcc
Counting all warnings,
there are 235 warnings in stage3 of this bootstrap.
Number of warnings per file:
104 /exd4/billingd/src/gcc/include/getopt.h
27 /exd4/billingd/src/gcc/gcc/combine.c
15 /exd4/billingd/src/gcc/gcc/expr.c
11 /exd4/billingd/src/gcc/gcc/cse.c
10 /exd4/billingd/src/gcc/gcc/config/mips/mips.md
9 /exd4/billingd/src/gcc/gcc/config/mips/mips.c
6 /exd4/billingd/src/gcc/gcc/gcc.c
5 /exd4/billingd/src/gcc/gcc/loop.c
5 /exd4/billingd/src/gcc/gcc/c-common.c
5 /exd4/billingd/src/gcc/gcc/cp/error.c
4 /exd4/billingd/src/gcc/gcc/reload.c
4 /exd4/billingd/src/gcc/gcc/libgcc2.c
4 /exd4/billingd/src/gcc/gcc/java/lex.c
4 obstack.c
2 /exd4/billingd/src/gcc/gcc/reload1.c
2 /exd4/billingd/src/gcc/gcc/function.c
2 /exd4/billingd/src/gcc/gcc/fold-const.c
2 /exd4/billingd/src/gcc/gcc/alias.c
2 fp-bit.c
2 dp-bit.c
1 /exd4/billingd/src/gcc/gcc/objc/lang-specs.h
1 /exd4/billingd/src/gcc/gcc/java/jvspec.c
1 /exd4/billingd/src/gcc/gcc/haifa-sched.c
1 /exd4/billingd/src/gcc/gcc/f/lang-specs.h
1 /exd4/billingd/src/gcc/gcc/final.c
1 /exd4/billingd/src/gcc/gcc/expmed.c
1 /exd4/billingd/src/gcc/gcc/dwarf2out.c
1 /exd4/billingd/src/gcc/gcc/cp/search.c
1 /exd4/billingd/src/gcc/gcc/cp/lang-specs.h
1 /exd4/billingd/src/gcc/gcc/cp/errfn.c
Number of warning types:
107 function declaration isn't a prototype
58 comparison between signed and unsigned
15 \`???' might be used uninitialized in this function
14 signed and unsigned type in conditional expression
10 string length \`???' is greater than the minimum length \`???' ISO C89
is required to support
6 operand 1 missing mode?
5 initialization from incompatible pointer type
4 passing arg ??? of \`???' from incompatible pointer type
4 operand 0 missing mode?
4 no previous prototype for \`???'
4 large integer implicitly truncated to unsigned type
2 alignment of \`???' is greater than maximum object file alignment.
Using 8.
1 value computed is not used
1 pointer targets in passing arg ??? of \`???' differ in signedness