This is the mail archive of the
gcc-testresults@gcc.gnu.org
mailing list for the GCC project.
Results for 2.97 20001024 (experimental) testsuite on i686-pc-cygwin
- To: gcc-testresults at gcc dot gnu dot org
- Subject: Results for 2.97 20001024 (experimental) testsuite on i686-pc-cygwin
- From: tprinceusa at mindspring dot com
- Date: Tue, 24 Oct 2000 20:52:41 -0400
Native configuration is i686-pc-cygwin
=== g++ tests ===
Running target unix
FAIL: g++.dg/special/conpr-1.C (test for excess errors)
FAIL: conpr-2a.o
FAIL: conpr-3a.o
FAIL: g++.benjamin/15071.C Execution test
FAIL: g++.brendan/copy9.C Execution test
FAIL: g++.brendan/ctors1.C Execution test
FAIL: g++.brendan/ctors2.C Execution test
FAIL: g++.brendan/ptolemy2.C Execution test
=== g++ Summary ===
# of expected passes 674
# of unexpected failures 8
# of expected failures 5
# of untested testcases 4
gcc version 2.97 20001024 (experimental)
=== g77 tests ===
Running target unix
FAIL: g77.f-torture/execute/short.f execution, -Os
=== g77 Summary ===
# of expected passes 991
# of unexpected failures 1
=== gcc tests ===
Running target unix
FAIL: gcc.c-torture/execute/20000906-1.c execution, -Os
FAIL: gcc.c-torture/execute/20001009-1.c execution, -O1
FAIL: gcc.c-torture/execute/20001009-1.c execution, -O2
FAIL: gcc.c-torture/execute/20001009-1.c execution, -O3 -fomit-frame-pointer
FAIL: gcc.c-torture/execute/20001009-1.c execution, -O3 -g
FAIL: gcc.c-torture/execute/20001009-1.c execution, -O3 -fssa
FAIL: gcc.c-torture/execute/20001009-1.c execution, -Os
FAIL: gcc.c-torture/execute/20001009-2.c execution, -O0
FAIL: gcc.c-torture/execute/20001009-2.c execution, -O1
FAIL: gcc.c-torture/execute/20001009-2.c execution, -O2
FAIL: gcc.c-torture/execute/20001009-2.c execution, -O3 -fomit-frame-pointer
FAIL: gcc.c-torture/execute/20001009-2.c execution, -O3 -fomit-frame-pointer -funroll-loops
FAIL: gcc.c-torture/execute/20001009-2.c execution, -O3 -fomit-frame-pointer -funroll-all-loops -finline-functions
FAIL: gcc.c-torture/execute/20001009-2.c execution, -O3 -g
FAIL: gcc.c-torture/execute/20001009-2.c execution, -O3 -fssa
FAIL: gcc.c-torture/execute/20001009-2.c execution, -Os
FAIL: gcc.c-torture/execute/20001011-1.c execution, -O0
FAIL: gcc.c-torture/execute/20001011-1.c execution, -O1
FAIL: gcc.c-torture/execute/20001011-1.c execution, -O2
FAIL: gcc.c-torture/execute/20001011-1.c execution, -O3 -fomit-frame-pointer
FAIL: gcc.c-torture/execute/20001011-1.c execution, -O3 -g
FAIL: gcc.c-torture/execute/20001011-1.c execution, -O3 -fssa
FAIL: gcc.c-torture/execute/20001011-1.c execution, -Os
FAIL: gcc.c-torture/execute/loop-2b.c execution, -O2
FAIL: gcc.dg/cpp/19940712-1.c (test for errors, line 4)
FAIL: gcc.dg/cpp/19940712-1.c (test for errors, line 8)
FAIL: gcc.dg/cpp/19940712-1.c (test for errors, line 8)
FAIL: gcc.dg/cpp/19940712-1.c (test for errors, line 9)
FAIL: gcc.dg/cpp/19940712-1.c (test for excess errors)
FAIL: gcc.dg/cpp/if-2.c wide charconst recognition (test for bogus messages, line 9)
FAIL: gcc.dg/20000614-1.c execution test
FAIL: gcc.dg/20000614-2.c execution test
FAIL: gcc.dg/20000807-1.c (test for excess errors)
FAIL: gcc.dg/20000904-1.c (test for excess errors)
FAIL: gcc.dg/20001009-1.c (test for excess errors)
FAIL: gcc.dg/990213-2.c (test for excess errors)
FAIL: gcc.dg/990214-1.c (test for excess errors)
FAIL: gcc.dg/991214-1.c (test for excess errors)
FAIL: gcc.dg/asm-fs-1.c scan-assembler-not
FAIL: gcc.dg/asm-fs-1.c scan-assembler-not
FAIL: gcc.dg/c99-array-nonobj-1.c (test for excess errors)
FAIL: gcc.dg/format-va-1.c wrong type in format warning (test for bogus messages, line 11)
FAIL: gcc.dg/format-va-1.c format error (test for warnings, line 11)
FAIL: gcc.dg/sequence-pt-1.c bogus sequence point warning (test for bogus messages, line 49)
=== gcc Summary ===
# of expected passes 13831
# of unexpected failures 44
# of expected failures 87
=== objc tests ===
Running target unix
FAIL: objc/execute/bf-1.m execution, -O
FAIL: objc/execute/bf-10.m execution, -O
FAIL: objc/execute/bf-11.m execution, -O
FAIL: objc/execute/bf-12.m execution, -O
FAIL: objc/execute/bf-13.m execution, -O
FAIL: objc/execute/bf-14.m execution, -O
FAIL: objc/execute/bf-15.m execution, -O
FAIL: objc/execute/bf-16.m execution, -O
FAIL: objc/execute/bf-17.m execution, -O
FAIL: objc/execute/bf-18.m execution, -O
FAIL: objc/execute/bf-19.m execution, -O
FAIL: objc/execute/bf-2.m execution, -O
FAIL: objc/execute/bf-20.m execution, -O
FAIL: objc/execute/bf-3.m execution, -O
FAIL: objc/execute/bf-4.m execution, -O
FAIL: objc/execute/bf-5.m execution, -O
FAIL: objc/execute/bf-6.m execution, -O
FAIL: objc/execute/bf-7.m execution, -O
FAIL: objc/execute/bf-8.m execution, -O
FAIL: objc/execute/bf-9.m execution, -O
FAIL: objc/execute/np-1.m compilation, -O
FAIL: objc/execute/np-2.m compilation, -O
FAIL: objc/execute/string1.m execution, -O
FAIL: objc/execute/string2.m execution, -O
=== objc Summary ===
# of expected passes 22
# of unexpected failures 24
# of untested testcases 2
gcc version 2.97 20001024 (experimental)
=== libio tests ===
Running target unix
FAIL: hounddog.cc execution
FAIL: hounddog.cc execution -b0
FAIL: hounddog.cc execution -b2
FAIL: putbackdog.cc execution
FAIL: putbackdog.cc execution -b0
FAIL: putbackdog.cc execution -b2
FAIL: tFile.cc compilation
FAIL: tFile.cc compilation -b0
FAIL: tFile.cc compilation -b3
FAIL: tiomanip.cc execution
FAIL: tiomisc.cc execution
=== libio Summary ===
# of expected passes 15
# of unexpected failures 11
# of expected failures 14
Compiler version: 2.97 20001024 (experimental)
Platform: i686-pc-cygwin
configure flags: --host=i686-pc-cygwin