This is the mail archive of the
gcc-testresults@gcc.gnu.org
mailing list for the GCC project.
Results for 2.97 20001011 (experimental) testsuite on i686-unknown-freebsd3.4
- To: gcc-testresults at gcc dot gnu dot org
- Subject: Results for 2.97 20001011 (experimental) testsuite on i686-unknown-freebsd3.4
- From: Loren James Rittle <rittle at latour dot rsch dot comm dot mot dot com>
- Date: Thu, 12 Oct 2000 14:40:31 -0500 (CDT)
- Reply-to: rittle at rsch dot comm dot mot dot com
Native configuration is i686-unknown-freebsd3.4
=== libio tests ===
Running target unix
=== libio Summary for unix ===
# of expected passes 40
Running target unix/-pthread -fpic
=== libio Summary for unix/-pthread -fpic ===
# of expected passes 40
=== libio Summary ===
# of expected passes 80
=== libstdc++ tests ===
Running target unix
=== libstdc++ Summary for unix ===
# of expected passes 30
Running target unix/-pthread -fpic
=== libstdc++ Summary for unix/-pthread -fpic ===
# of expected passes 30
=== libstdc++ Summary ===
# of expected passes 60
=== gcc tests ===
Running target unix
FAIL: gcc.c-torture/execute/20001009-1.c execution, -O1
FAIL: gcc.c-torture/execute/20001009-1.c execution, -O2
FAIL: gcc.c-torture/execute/20001009-1.c execution, -O3 -fomit-frame-pointer
FAIL: gcc.c-torture/execute/20001009-1.c execution, -O3 -g
FAIL: gcc.c-torture/execute/20001009-1.c execution, -O3 -fssa
FAIL: gcc.c-torture/execute/20001009-1.c execution, -Os
FAIL: gcc.c-torture/execute/20001009-2.c execution, -O0
FAIL: gcc.c-torture/execute/20001009-2.c execution, -O1
FAIL: gcc.c-torture/execute/20001009-2.c execution, -O2
FAIL: gcc.c-torture/execute/20001009-2.c execution, -O3 -fomit-frame-pointer
FAIL: gcc.c-torture/execute/20001009-2.c execution, -O3 -fomit-frame-pointer -funroll-loops
FAIL: gcc.c-torture/execute/20001009-2.c execution, -O3 -fomit-frame-pointer -funroll-all-loops -finline-functions
FAIL: gcc.c-torture/execute/20001009-2.c execution, -O3 -g
FAIL: gcc.c-torture/execute/20001009-2.c execution, -O3 -fssa
FAIL: gcc.c-torture/execute/20001009-2.c execution, -Os
FAIL: gcc.c-torture/execute/20001011-1.c execution, -O0
FAIL: gcc.c-torture/execute/20001011-1.c execution, -O1
FAIL: gcc.c-torture/execute/20001011-1.c execution, -O2
FAIL: gcc.c-torture/execute/20001011-1.c execution, -O3 -fomit-frame-pointer
FAIL: gcc.c-torture/execute/20001011-1.c execution, -O3 -g
FAIL: gcc.c-torture/execute/20001011-1.c execution, -O3 -fssa
FAIL: gcc.c-torture/execute/20001011-1.c execution, -Os
FAIL: gcc.c-torture/execute/loop-2b.c execution, -O2
FAIL: gcc.c-torture/execute/ieee/hugeval.c execution, -O0
XPASS: gcc.c-torture/execute/ieee/rbug.c execution, -O3 -fomit-frame-pointer
XPASS: gcc.c-torture/execute/ieee/rbug.c execution, -O3 -g
XPASS: gcc.c-torture/execute/ieee/rbug.c execution, -O3 -fssa
FAIL: gcc.dg/20000614-1.c execution test
FAIL: gcc.dg/991214-1.c (test for excess errors)
FAIL: gcc.dg/c99-array-nonobj-1.c func [] arg (test for errors, line 26)
FAIL: gcc.dg/c99-array-nonobj-1.c (test for excess errors)
FAIL: gcc.dg/format-va-1.c wrong type in format warning (test for bogus messages, line 11)
FAIL: gcc.dg/format-va-1.c format error (test for warnings, line 11)
=== gcc Summary for unix ===
# of expected passes 14041
# of unexpected failures 30
# of unexpected successes 3
# of expected failures 88
# of unsupported tests 21
Running target unix/-pthread -fpic
FAIL: gcc.c-torture/compile/20000804-1.c, -O0
FAIL: gcc.c-torture/execute/20000205-1.c compilation, -O1
FAIL: gcc.c-torture/execute/20000205-1.c compilation, -O2
FAIL: gcc.c-torture/execute/20000205-1.c compilation, -O3 -fomit-frame-pointer
FAIL: gcc.c-torture/execute/20000205-1.c compilation, -O3 -fomit-frame-pointer -funroll-loops
FAIL: gcc.c-torture/execute/20000205-1.c compilation, -O3 -fomit-frame-pointer -funroll-all-loops -finline-functions
FAIL: gcc.c-torture/execute/20000205-1.c compilation, -O3 -g
FAIL: gcc.c-torture/execute/20000205-1.c compilation, -O3 -fssa
FAIL: gcc.c-torture/execute/20000205-1.c compilation, -Os
FAIL: gcc.c-torture/execute/20001009-1.c execution, -O1
FAIL: gcc.c-torture/execute/20001009-1.c execution, -O2
FAIL: gcc.c-torture/execute/20001009-1.c execution, -O3 -fomit-frame-pointer
FAIL: gcc.c-torture/execute/20001009-1.c execution, -O3 -g
FAIL: gcc.c-torture/execute/20001009-1.c execution, -O3 -fssa
FAIL: gcc.c-torture/execute/20001009-1.c execution, -Os
FAIL: gcc.c-torture/execute/20001009-2.c execution, -O0
FAIL: gcc.c-torture/execute/20001009-2.c execution, -O1
FAIL: gcc.c-torture/execute/20001009-2.c execution, -O2
FAIL: gcc.c-torture/execute/20001009-2.c execution, -O3 -fomit-frame-pointer
FAIL: gcc.c-torture/execute/20001009-2.c execution, -O3 -fomit-frame-pointer -funroll-loops
FAIL: gcc.c-torture/execute/20001009-2.c execution, -O3 -fomit-frame-pointer -funroll-all-loops -finline-functions
FAIL: gcc.c-torture/execute/20001009-2.c execution, -O3 -g
FAIL: gcc.c-torture/execute/20001009-2.c execution, -O3 -fssa
FAIL: gcc.c-torture/execute/20001009-2.c execution, -Os
FAIL: gcc.c-torture/execute/20001011-1.c execution, -O0
FAIL: gcc.c-torture/execute/20001011-1.c execution, -O1
FAIL: gcc.c-torture/execute/20001011-1.c execution, -O2
FAIL: gcc.c-torture/execute/20001011-1.c execution, -O3 -fomit-frame-pointer
FAIL: gcc.c-torture/execute/20001011-1.c execution, -O3 -g
FAIL: gcc.c-torture/execute/20001011-1.c execution, -O3 -fssa
FAIL: gcc.c-torture/execute/20001011-1.c execution, -Os
FAIL: gcc.c-torture/execute/conversion.c execution, -O3 -fomit-frame-pointer
FAIL: gcc.c-torture/execute/conversion.c execution, -O3 -g
FAIL: gcc.c-torture/execute/conversion.c execution, -O3 -fssa
FAIL: gcc.c-torture/execute/ieee/hugeval.c execution, -O0
FAIL: gcc.dg/20000614-1.c execution test
FAIL: gcc.dg/20000614-2.c execution test
FAIL: gcc.dg/991214-1.c (test for excess errors)
FAIL: gcc.dg/asm-names.c (test for excess errors)
FAIL: gcc.dg/c99-array-nonobj-1.c func [] arg (test for errors, line 26)
FAIL: gcc.dg/c99-array-nonobj-1.c (test for excess errors)
FAIL: gcc.dg/format-va-1.c wrong type in format warning (test for bogus messages, line 11)
FAIL: gcc.dg/format-va-1.c format error (test for warnings, line 11)
=== gcc Summary for unix/-pthread -fpic ===
# of expected passes 14020
# of unexpected failures 43
# of expected failures 91
# of unresolved testcases 8
# of unsupported tests 21
=== gcc Summary ===
# of expected passes 28061
# of unexpected failures 73
# of unexpected successes 3
# of expected failures 179
# of unresolved testcases 8
# of unsupported tests 42
/usr/tmp/gcc-build-latour-1011-v2/gcc/xgcc version 2.97 20001011 (experimental)
=== g++ tests ===
Running target unix
FAIL: g++.ext/instantiate1.C not instantiated (test for errors, line 18)
FAIL: g++.ext/instantiate1.C not instantiated (test for errors, line 20)
FAIL: g++.other/loop2.C caused compiler crash
=== g++ Summary for unix ===
# of expected passes 6027
# of unexpected failures 3
# of expected failures 94
# of untested testcases 14
Running target unix/-pthread -fpic
FAIL: g++.eh/badalloc1.C Execution test
FAIL: g++.other/crash18.C (test for excess errors)
FAIL: g++.other/loop2.C caused compiler crash
=== g++ Summary for unix/-pthread -fpic ===
# of expected passes 6027
# of unexpected failures 3
# of expected failures 94
# of untested testcases 14
=== g++ Summary ===
# of expected passes 12054
# of unexpected failures 6
# of expected failures 188
# of untested testcases 28
/usr/tmp/gcc-build-latour-1011-v2/gcc/testsuite/../g++ version 2.97 20001011 (experimental)
=== g77 tests ===
Running target unix
FAIL: g77.f-torture/execute/short.f execution, -Os
=== g77 Summary for unix ===
# of expected passes 991
# of unexpected failures 1
Running target unix/-pthread -fpic
=== g77 Summary for unix/-pthread -fpic ===
# of expected passes 992
=== g77 Summary ===
# of expected passes 1983
# of unexpected failures 1
=== objc tests ===
Running target unix
FAIL: objc/execute/bf-1.m compilation, -O
FAIL: objc/execute/bf-10.m compilation, -O
FAIL: objc/execute/bf-11.m compilation, -O
FAIL: objc/execute/bf-12.m compilation, -O
FAIL: objc/execute/bf-13.m compilation, -O
FAIL: objc/execute/bf-14.m compilation, -O
FAIL: objc/execute/bf-15.m compilation, -O
FAIL: objc/execute/bf-16.m compilation, -O
FAIL: objc/execute/bf-17.m compilation, -O
FAIL: objc/execute/bf-18.m compilation, -O
FAIL: objc/execute/bf-19.m compilation, -O
FAIL: objc/execute/bf-2.m compilation, -O
FAIL: objc/execute/bf-20.m compilation, -O
FAIL: objc/execute/bf-3.m compilation, -O
FAIL: objc/execute/bf-4.m compilation, -O
FAIL: objc/execute/bf-5.m compilation, -O
FAIL: objc/execute/bf-6.m compilation, -O
FAIL: objc/execute/bf-7.m compilation, -O
FAIL: objc/execute/bf-8.m compilation, -O
FAIL: objc/execute/bf-9.m compilation, -O
FAIL: objc/execute/np-1.m compilation, -O
FAIL: objc/execute/np-2.m compilation, -O
FAIL: objc/execute/string1.m compilation, -O
FAIL: objc/execute/string2.m compilation, -O
=== objc Summary for unix ===
# of unexpected failures 24
# of untested testcases 24
Running target unix/-pthread -fpic
FAIL: objc/execute/np-1.m compilation, -O
FAIL: objc/execute/np-2.m compilation, -O
=== objc Summary for unix/-pthread -fpic ===
# of expected passes 44
# of unexpected failures 2
# of untested testcases 2
=== objc Summary ===
# of expected passes 44
# of unexpected failures 26
# of untested testcases 26
/usr/tmp/gcc-build-latour-1011-v2/gcc/xgcc version 2.97 20001011 (experimental)
Compiler version: 2.97 20001011 (experimental)
Platform: i686-unknown-freebsd3.4
configure flags: --host=i686-unknown-freebsd3.4 --enable-shared --enable-threads --prefix=/usr/local/beta-gcc --with-gnu-as --with-as=/usr/local/beta-gcc/bin/as --with-gnu-ld --with-ld=/usr/local/beta-gcc/bin/ld
BOOT_CFLAGS=-g -O2