This is the mail archive of the
gcc-testresults@gcc.gnu.org
mailing list for the GCC project.
Results for 2.97 20001002 (experimental) testsuite on alpha-dec-osf4.0e
- To: gcc-testresults at gcc dot gnu dot org
- Subject: Results for 2.97 20001002 (experimental) testsuite on alpha-dec-osf4.0e
- From: RDBrown at mira dot net
- Date: Thu, 05 Oct 2000 10:03:05 +1100
Native configuration is alpha-dec-osf4.0e
=== libio tests ===
Running target unix
=== libio Summary ===
# of expected passes 40
=== libstdc++ tests ===
Running target unix
=== libstdc++ Summary ===
# of expected passes 30
=== gcc tests ===
Running target unix
FAIL: gcc.c-torture/execute/ieee/20000320-1.c execution, -O0
FAIL: gcc.c-torture/execute/ieee/20000320-1.c execution, -O1
FAIL: gcc.c-torture/execute/ieee/20000320-1.c execution, -O2
FAIL: gcc.c-torture/execute/ieee/20000320-1.c execution, -O3 -fomit-frame-pointer
FAIL: gcc.c-torture/execute/ieee/20000320-1.c execution, -O3 -g
FAIL: gcc.c-torture/execute/ieee/20000320-1.c execution, -O3 -fssa
FAIL: gcc.c-torture/execute/ieee/20000320-1.c execution, -Os
FAIL: gcc.c-torture/execute/ieee/fp-cmp-2.c execution, -O0
FAIL: gcc.c-torture/execute/ieee/fp-cmp-2.c execution, -O1
FAIL: gcc.c-torture/execute/ieee/fp-cmp-2.c execution, -O2
FAIL: gcc.c-torture/execute/ieee/fp-cmp-2.c execution, -O3 -fomit-frame-pointer
FAIL: gcc.c-torture/execute/ieee/fp-cmp-2.c execution, -O3 -fomit-frame-pointer -funroll-loops
FAIL: gcc.c-torture/execute/ieee/fp-cmp-2.c execution, -O3 -fomit-frame-pointer -funroll-all-loops -finline-functions
FAIL: gcc.c-torture/execute/ieee/fp-cmp-2.c execution, -O3 -g
FAIL: gcc.c-torture/execute/ieee/fp-cmp-2.c execution, -O3 -fssa
FAIL: gcc.c-torture/execute/ieee/fp-cmp-2.c execution, -Os
FAIL: gcc.c-torture/execute/ieee/fp-cmp-4.c execution, -O0
FAIL: gcc.c-torture/execute/ieee/fp-cmp-4.c execution, -O1
FAIL: gcc.c-torture/execute/ieee/fp-cmp-4.c execution, -O2
FAIL: gcc.c-torture/execute/ieee/fp-cmp-4.c execution, -O3 -fomit-frame-pointer
FAIL: gcc.c-torture/execute/ieee/fp-cmp-4.c execution, -O3 -fomit-frame-pointer -funroll-loops
FAIL: gcc.c-torture/execute/ieee/fp-cmp-4.c execution, -O3 -fomit-frame-pointer -funroll-all-loops -finline-functions
FAIL: gcc.c-torture/execute/ieee/fp-cmp-4.c execution, -O3 -g
FAIL: gcc.c-torture/execute/ieee/fp-cmp-4.c execution, -O3 -fssa
FAIL: gcc.c-torture/execute/ieee/fp-cmp-4.c execution, -Os
FAIL: gcc.c-torture/execute/ieee/hugeval.c execution, -O0
FAIL: gcc.c-torture/execute/ieee/hugeval.c execution, -O1
FAIL: gcc.c-torture/execute/ieee/hugeval.c execution, -O2
FAIL: gcc.c-torture/execute/ieee/hugeval.c execution, -O3 -fomit-frame-pointer
FAIL: gcc.c-torture/execute/ieee/hugeval.c execution, -O3 -g
FAIL: gcc.c-torture/execute/ieee/hugeval.c execution, -O3 -fssa
FAIL: gcc.c-torture/execute/ieee/hugeval.c execution, -Os
FAIL: gcc.c-torture/execute/ieee/mzero2.c execution, -O0
FAIL: gcc.c-torture/execute/ieee/mzero2.c execution, -O1
FAIL: gcc.c-torture/execute/ieee/mzero2.c execution, -O2
FAIL: gcc.c-torture/execute/ieee/mzero2.c execution, -O3 -fomit-frame-pointer
FAIL: gcc.c-torture/execute/ieee/mzero2.c execution, -O3 -g
FAIL: gcc.c-torture/execute/ieee/mzero2.c execution, -O3 -fssa
FAIL: gcc.c-torture/execute/ieee/mzero2.c execution, -Os
XPASS: gcc.c-torture/execute/memcheck/blkarg.c execution, -O0
XPASS: gcc.c-torture/execute/memcheck/blkarg.c execution, -O1
XPASS: gcc.c-torture/execute/memcheck/blkarg.c execution, -O2
XPASS: gcc.c-torture/execute/memcheck/blkarg.c execution, -Os
FAIL: gcc.dg/20000419-2.c (test for excess errors)
FAIL: gcc.dg/c99-array-nonobj-1.c func [] arg (test for errors, line 26)
FAIL: gcc.dg/c99-array-nonobj-1.c (test for excess errors)
FAIL: gcc.dg/noreturn-1.c this function should not get any warnings (test for bogus messages, line 52)
FAIL: gcc.dg/noreturn-1.c detect return from tail call (test for warnings, line 59)
=== gcc Summary ===
# of expected passes 13930
# of unexpected failures 44
# of unexpected successes 4
# of expected failures 74
# of unresolved testcases 3
# of unsupported tests 47
/user/rand/rdb/src/egcs-20001002.chk/gcc/xgcc version 2.97 20001002 (experimental)
=== g++ tests ===
Running target unix
FAIL: g++.eh/badalloc1.C Execution test
FAIL: g++.ext/instantiate1.C not instantiated (test for errors, line 18)
FAIL: g++.ext/instantiate1.C not instantiated (test for errors, line 20)
FAIL: g++.ext/instantiate2.C not instantiated (test for errors, line 16)
FAIL: g++.ext/instantiate3.C not instantiated (test for errors, line 13)
FAIL: g++.other/crash18.C caused compiler crash
FAIL: g++.other/loop2.C caused compiler crash
FAIL: g++.pt/memtemp77.C Execution test
FAIL: g++.pt/static8.C (test for excess errors)
=== g++ Summary ===
# of expected passes 6002
# of unexpected failures 9
# of expected failures 99
# of untested testcases 18
/user/rand/rdb/src/egcs-20001002.chk/gcc/testsuite/../g++ version 2.97 20001002 (experimental)
=== g77 tests ===
Running target unix
=== g77 Summary ===
# of expected passes 992
=== objc tests ===
Running target unix
=== objc Summary ===
# of expected passes 44
/user/rand/rdb/src/egcs-20001002.chk/gcc/xgcc version 2.97 20001002 (experimental)
Compiler version: 2.97 20001002 (experimental)
Platform: alpha-dec-osf4.0e
configure flags: --host=alpha-dec-osf4.0e --enable-checking
Counting all warnings,
there are 267 warnings in stage3 of this bootstrap.
Number of warnings per file:
86 ../../egcs-20001002/include/getopt.h
35 ../../../egcs-20001002/gcc/java/verify.c
22 ../../../egcs-20001002/gcc/f/target.c
18 ../../egcs-20001002/gcc/cpphash.h
13 ../../egcs-20001002/gcc/mips-tfile.c
9 ../../egcs-20001002/gcc/reload.c
8 ../../egcs-20001002/gcc/sdbout.c
8 ../../egcs-20001002/gcc/libgcc2.c
6 ../../egcs-20001002/gcc/loop.c
6 ../../egcs-20001002/gcc/gcc.c
6 ../../egcs-20001002/gcc/combine.c
6 ../../../egcs-20001002/gcc/f/expr.c
5 ../../egcs-20001002/gcc/cse.c
5 ../../../egcs-20001002/gcc/cp/error.c
4 ../../egcs-20001002/gcc/cpplex.c
4 ../../../egcs-20001002/gcc/java/jcf-reader.c
3 ../../egcs-20001002/gcc/final.c
3 ../../egcs-20001002/gcc/config/alpha/alpha.c
2 ../../egcs-20001002/gcc/expr.c
2 ../../egcs-20001002/gcc/cppinit.c
1 ../../egcs-20001002/gcc/regclass.c
1 ../../egcs-20001002/gcc/print-rtl.c
1 ../../egcs-20001002/gcc/objc/objc-parse.y
1 ../../egcs-20001002/gcc/mips-tdump.c
1 ../../egcs-20001002/gcc/java/jvspec.c
1 ../../egcs-20001002/gcc/gcse.c
1 ../../egcs-20001002/gcc/fold-const.c
1 ../../egcs-20001002/gcc/f/lang-specs.h
1 ../../egcs-20001002/gcc/cppexp.c
1 ../../egcs-20001002/gcc/collect2.c
1 ../../egcs-20001002/gcc/c-parse.y
1 ../../../egcs-20001002/gcc/java/jcf-write.c
1 ../../../egcs-20001002/gcc/java/jcf-parse.c
1 ../../../egcs-20001002/gcc/cp/spew.c
1 ../../../egcs-20001002/gcc/cp/search.c
1 ../../../egcs-20001002/gcc/cp/errfn.c
Number of warning types:
94 function declaration isn't a prototype
64 value computed is not used
25 traditional C rejects the 'u' suffix
14 comparison between signed and unsigned
12 signed and unsigned type in conditional expression
10 \`???' might be used uninitialized in this function
7 ??? format, ??? arg (arg ???)
6 initialization discards qualifiers from pointer target type
6 assignment discards qualifiers from pointer target type
5 initialization from incompatible pointer type
4 implicit declaration of function \`???'
4 \`???' defined but not used
3 string length \`???' is greater than the minimum length \`???' ISO C89 is required to support
2 width of integer constant changes with -traditional
2 no previous prototype for \`???'
2 assignment from incompatible pointer type
1 unused variable \`???'
1 unused parameter \`???'
1 pointer targets in passing arg ??? of \`???' differ in signedness
1 overflow in implicit constant conversion
1 missing initializer
1 \`long' switch expression not converted to \`int' in ISO C
1 (near initialization for \`???')