This is the mail archive of the
gcc-testresults@gcc.gnu.org
mailing list for the GCC project.
Results for 2.97 20001001 (experimental) testsuite on i386-unknown-linux-gnu
- To: gcc-testresults at gcc dot gnu dot org
- Subject: Results for 2.97 20001001 (experimental) testsuite on i386-unknown-linux-gnu
- From: Automatic Build System <build at netwinder dot org>
- Date: Mon, 2 Oct 2000 04:17:15 -0400
Native configuration is i386-unknown-linux-gnu
=== libio tests ===
Running target unix
=== libio Summary ===
# of expected passes 40
=== libstdc++ tests ===
Running target unix
=== libstdc++ Summary ===
# of expected passes 30
=== gcc tests ===
Running target unix
FAIL: gcc.c-torture/execute/loop-2b.c execution, -O2
FAIL: gcc.dg/20000503-1.c (test for excess errors)
FAIL: gcc.dg/20000614-1.c execution test
FAIL: gcc.dg/20000614-2.c execution test
FAIL: gcc.dg/20000724-1.c execution test
FAIL: gcc.dg/991209-1.c (test for excess errors)
FAIL: gcc.dg/991214-1.c (test for excess errors)
FAIL: gcc.dg/c99-array-nonobj-1.c func [] arg (test for errors, line 26)
FAIL: gcc.dg/c99-array-nonobj-1.c (test for excess errors)
FAIL: gcc.dg/format-va-1.c wrong type in format warning (test for bogus messages, line 11)
FAIL: gcc.dg/format-va-1.c format error (test for warnings, line 11)
FAIL: gcc.dg/noreturn-1.c this function should not get any warnings (test for bogus messages, line 52)
FAIL: gcc.dg/noreturn-1.c detect return from tail call (test for warnings, line 59)
FAIL: gcc.dg/noreturn-2.c noreturn does return (test for bogus messages, line 12)
FAIL: gcc.dg/return-type-2.c warning for falling off end of non-void function (test for bogus messages, line 24)
FAIL: gcc.dg/return-type-2.c warning for falling off end of non-void function (test for bogus messages, line 42)
FAIL: gcc.misc-tests/mg.c
=== gcc Summary ===
# of expected passes 14016
# of unexpected failures 17
# of expected failures 80
# of unsupported tests 17
/home/build-rpm/BUILD/obj-gcc-20001002/gcc/xgcc version 2.97 20001001 (experimental)
=== g++ tests ===
Running target unix
FAIL: g++.ext/instantiate1.C not instantiated (test for errors, line 18)
FAIL: g++.ext/instantiate1.C not instantiated (test for errors, line 20)
FAIL: g++.other/loop2.C caused compiler crash
FAIL: g++.pt/memtemp77.C Execution test
=== g++ Summary ===
# of expected passes 6027
# of unexpected failures 4
# of expected failures 94
# of untested testcases 8
/home/build-rpm/BUILD/obj-gcc-20001002/gcc/testsuite/../g++ version 2.97 20001001 (experimental)
=== g77 tests ===
Running target unix
FAIL: g77.f-torture/execute/short.f execution, -Os
=== g77 Summary ===
# of expected passes 991
# of unexpected failures 1
=== objc tests ===
Running target unix
=== objc Summary ===
# of expected passes 44
/home/build-rpm/BUILD/obj-gcc-20001002/gcc/xgcc version 2.97 20001001 (experimental)
Compiler version: 2.97 20001001 (experimental)
Platform: i386-unknown-linux-gnu
configure flags: --host=i386-unknown-linux-gnu --prefix=/usr/local --enable-checking --enable-shared --enable-threads=posix --without-cvs