This is the mail archive of the
gcc-testresults@gcc.gnu.org
mailing list for the GCC project.
Results for 2.96 20000918 (experimental) testsuite on i586-sco-sysv5uw7.1.0
- To: gcc-testresults at gcc dot gnu dot org
- Subject: Results for 2.96 20000918 (experimental) testsuite on i586-sco-sysv5uw7.1.0
- From: RDBrown at mira dot net
- Date: Wed, 20 Sep 2000 11:03:18 +1100
Native configuration is i586-sco-sysv5uw7.1.0
=== libio tests ===
Running target unix
=== libio Summary for unix ===
# of expected passes 40
Running target unix/-march=i486
=== libio Summary for unix/-march=i486 ===
# of expected passes 40
Running target unix/-march=i386
=== libio Summary for unix/-march=i386 ===
# of expected passes 40
=== libio Summary ===
# of expected passes 120
=== libstdc++ tests ===
Running target unix
=== libstdc++ Summary for unix ===
# of expected passes 30
Running target unix/-march=i486
=== libstdc++ Summary for unix/-march=i486 ===
# of expected passes 30
Running target unix/-march=i386
=== libstdc++ Summary for unix/-march=i386 ===
# of expected passes 30
=== libstdc++ Summary ===
# of expected passes 90
=== gcc tests ===
Running target unix
FAIL: gcc.c-torture/compile/920928-2.c, -O0
FAIL: gcc.c-torture/compile/920928-2.c, -O1
FAIL: gcc.c-torture/compile/920928-2.c, -O2
FAIL: gcc.c-torture/compile/920928-2.c, -O3 -fomit-frame-pointer
FAIL: gcc.c-torture/compile/920928-2.c, -O3 -fomit-frame-pointer -funroll-loops
FAIL: gcc.c-torture/compile/920928-2.c, -O3 -fomit-frame-pointer -funroll-all-loops -finline-functions
FAIL: gcc.c-torture/compile/920928-2.c, -O3 -g
FAIL: gcc.c-torture/compile/920928-2.c, -O3 -fssa
FAIL: gcc.c-torture/compile/920928-2.c, -Os
FAIL: gcc.c-torture/compile/950816-1.c, -O0
FAIL: gcc.c-torture/compile/950816-2.c, -O0
FAIL: gcc.c-torture/execute/20000225-1.c execution, -O2
FAIL: gcc.c-torture/execute/20000225-1.c execution, -O3 -fomit-frame-pointer
FAIL: gcc.c-torture/execute/20000225-1.c execution, -O3 -fomit-frame-pointer -funroll-loops
FAIL: gcc.c-torture/execute/20000225-1.c execution, -O3 -fomit-frame-pointer -funroll-all-loops -finline-functions
FAIL: gcc.c-torture/execute/20000225-1.c execution, -O3 -g
FAIL: gcc.c-torture/execute/20000225-1.c execution, -O3 -fssa
FAIL: gcc.c-torture/execute/20000225-1.c execution, -Os
FAIL: gcc.c-torture/execute/20000731-2.c execution, -O3 -fomit-frame-pointer -funroll-all-loops -finline-functions
FAIL: gcc.c-torture/execute/20000801-1.c execution, -O2
FAIL: gcc.c-torture/execute/20000801-1.c execution, -O3 -fomit-frame-pointer
FAIL: gcc.c-torture/execute/20000801-1.c execution, -O3 -fomit-frame-pointer -funroll-loops
FAIL: gcc.c-torture/execute/20000801-1.c execution, -O3 -fomit-frame-pointer -funroll-all-loops -finline-functions
FAIL: gcc.c-torture/execute/20000801-1.c execution, -O3 -g
FAIL: gcc.c-torture/execute/20000801-1.c execution, -Os
FAIL: gcc.c-torture/execute/20000801-2.c execution, -O3 -fomit-frame-pointer -funroll-all-loops -finline-functions
FAIL: gcc.c-torture/execute/20000818-1.c compilation, -O3 -fomit-frame-pointer -funroll-all-loops -finline-functions
FAIL: gcc.c-torture/execute/20000906-1.c execution, -O2
FAIL: gcc.c-torture/execute/20000906-1.c execution, -Os
FAIL: gcc.c-torture/execute/eeprof-1.c compilation, -O0
FAIL: gcc.c-torture/execute/eeprof-1.c compilation, -O1
FAIL: gcc.c-torture/execute/eeprof-1.c compilation, -O2
FAIL: gcc.c-torture/execute/eeprof-1.c compilation, -O3 -fomit-frame-pointer
FAIL: gcc.c-torture/execute/eeprof-1.c compilation, -O3 -g
FAIL: gcc.c-torture/execute/eeprof-1.c compilation, -O3 -fssa
FAIL: gcc.c-torture/execute/eeprof-1.c compilation, -Os
FAIL: gcc.c-torture/unsorted/loop386.c, -O3 -g
FAIL: gcc.dg/20000503-1.c (test for excess errors)
FAIL: gcc.dg/20000609-1.c (test for excess errors)
FAIL: gcc.dg/20000614-1.c execution test
FAIL: gcc.dg/20000614-2.c execution test
FAIL: gcc.dg/20000807-1.c (test for excess errors)
FAIL: gcc.dg/991214-1.c (test for excess errors)
FAIL: gcc.dg/c99-array-nonobj-1.c func [] arg (test for errors, line 26)
FAIL: gcc.dg/c99-array-nonobj-1.c (test for excess errors)
FAIL: gcc.dg/compare2.c case 10 (test for bogus messages, line 29)
FAIL: gcc.dg/format-va-1.c wrong type in format warning (test for bogus messages, line 11)
FAIL: gcc.dg/format-va-1.c format error (test for warnings, line 11)
FAIL: gcc.dg/noreturn-1.c this function should not get any warnings (test for bogus messages, line 52)
FAIL: gcc.dg/noreturn-1.c detect return from tail call (test for warnings, line 59)
FAIL: gcc.dg/noreturn-2.c noreturn does return (test for bogus messages, line 12)
FAIL: gcc.dg/return-type-2.c warning for falling off end of non-void function (test for bogus messages, line 24)
FAIL: gcc.dg/return-type-2.c warning for falling off end of non-void function (test for bogus messages, line 42)
FAIL: gcc.dg/unused-3.c unused variable warning (test for warnings, line 8)
FAIL: gcc.dg/special/weak-1.c (test for excess errors)
FAIL: gcc.dg/special/weak-2.c (test for excess errors)
FAIL: gcc.dg/special/wkali-2.c (test for excess errors)
=== gcc Summary ===
# of expected passes 13931
# of unexpected failures 57
# of expected failures 79
# of unresolved testcases 8
# of unsupported tests 20
/devel/src/egcs-20000918.chk/gcc/xgcc version 2.96 20000918 (experimental)
=== g++ tests ===
Running target unix
FAIL: g++.dg/special/conpr-1.C execution test
FAIL: g++.dg/special/conpr-2.C execution test
FAIL: g++.dg/special/conpr-3.C execution test
FAIL: g++.dg/special/conpr-3.C execution test
FAIL: g++.ext/initp1.C Execution test
FAIL: g++.ext/instantiate1.C not instantiated (test for errors, line 18)
FAIL: g++.ext/instantiate1.C not instantiated (test for errors, line 20)
FAIL: g++.ext/instantiate2.C not instantiated (test for errors, line 16)
FAIL: g++.ext/instantiate3.C not instantiated (test for errors, line 13)
FAIL: g++.law/profile1.C (test for excess errors)
FAIL: g++.other/crash18.C (test for excess errors)
FAIL: g++.other/loop2.C caused compiler crash
FAIL: g++.other/ptrmem6.C (test for excess errors)
XPASS: g++.pt/decl2.C ICE - (test for errors, line 8)
FAIL: g++.pt/explicit31.C (test for excess errors)
=== g++ Summary for unix ===
# of expected passes 5998
# of unexpected failures 14
# of unexpected successes 1
# of expected failures 94
# of untested testcases 14
Running target unix/-march=i486
FAIL: g++.dg/special/conpr-1.C execution test
FAIL: g++.dg/special/conpr-2.C execution test
FAIL: g++.dg/special/conpr-3.C execution test
FAIL: g++.dg/special/conpr-3.C execution test
FAIL: g++.ext/initp1.C Execution test
FAIL: g++.ext/instantiate1.C not instantiated (test for errors, line 18)
FAIL: g++.ext/instantiate1.C not instantiated (test for errors, line 20)
FAIL: g++.ext/instantiate2.C not instantiated (test for errors, line 16)
FAIL: g++.ext/instantiate3.C not instantiated (test for errors, line 13)
FAIL: g++.law/profile1.C (test for excess errors)
FAIL: g++.other/crash18.C (test for excess errors)
FAIL: g++.other/loop2.C caused compiler crash
FAIL: g++.other/ptrmem6.C (test for excess errors)
XPASS: g++.pt/decl2.C ICE - (test for errors, line 8)
FAIL: g++.pt/explicit31.C (test for excess errors)
=== g++ Summary for unix/-march=i486 ===
# of expected passes 5998
# of unexpected failures 14
# of unexpected successes 1
# of expected failures 94
# of untested testcases 14
Running target unix/-march=i386
FAIL: g++.dg/special/conpr-1.C execution test
FAIL: g++.dg/special/conpr-2.C execution test
FAIL: g++.dg/special/conpr-3.C execution test
FAIL: g++.dg/special/conpr-3.C execution test
FAIL: g++.ext/initp1.C Execution test
FAIL: g++.ext/instantiate1.C not instantiated (test for errors, line 18)
FAIL: g++.ext/instantiate1.C not instantiated (test for errors, line 20)
FAIL: g++.ext/instantiate2.C not instantiated (test for errors, line 16)
FAIL: g++.ext/instantiate3.C not instantiated (test for errors, line 13)
FAIL: g++.law/profile1.C (test for excess errors)
FAIL: g++.other/crash18.C (test for excess errors)
FAIL: g++.other/loop2.C caused compiler crash
FAIL: g++.other/ptrmem6.C (test for excess errors)
XPASS: g++.pt/decl2.C ICE - (test for errors, line 8)
FAIL: g++.pt/explicit31.C (test for excess errors)
=== g++ Summary for unix/-march=i386 ===
# of expected passes 5998
# of unexpected failures 14
# of unexpected successes 1
# of expected failures 94
# of untested testcases 14
=== g++ Summary ===
# of expected passes 17994
# of unexpected failures 42
# of unexpected successes 3
# of expected failures 282
# of untested testcases 42
/devel/src/egcs-20000918.chk/gcc/testsuite/../g++ version 2.96 20000918 (experimental)
=== g77 tests ===
Running target unix
FAIL: g77.f-torture/compile/20000629-1.f, -O2 -fomit-frame-pointer -finline-functions -funroll-loops
FAIL: g77.f-torture/compile/20000629-1.f, -O2 -fomit-frame-pointer -finline-functions -funroll-all-loops
FAIL: g77.f-torture/execute/short.f execution, -Os
=== g77 Summary for unix ===
# of expected passes 980
# of unexpected failures 3
Running target unix/-march=i486
FAIL: g77.f-torture/compile/20000629-1.f, -O2 -fomit-frame-pointer -finline-functions -funroll-loops
FAIL: g77.f-torture/compile/20000629-1.f, -O2 -fomit-frame-pointer -finline-functions -funroll-all-loops
FAIL: g77.f-torture/execute/short.f execution, -Os
=== g77 Summary for unix/-march=i486 ===
# of expected passes 980
# of unexpected failures 3
Running target unix/-march=i386
FAIL: g77.f-torture/compile/20000629-1.f, -O2 -fomit-frame-pointer -finline-functions -funroll-loops
FAIL: g77.f-torture/compile/20000629-1.f, -O2 -fomit-frame-pointer -finline-functions -funroll-all-loops
FAIL: g77.f-torture/execute/short.f execution, -Os
=== g77 Summary for unix/-march=i386 ===
# of expected passes 980
# of unexpected failures 3
=== g77 Summary ===
# of expected passes 2940
# of unexpected failures 9
=== objc tests ===
Running target unix
=== objc Summary for unix ===
# of expected passes 44
Running target unix/-march=i486
=== objc Summary for unix/-march=i486 ===
# of expected passes 44
Running target unix/-march=i386
=== objc Summary for unix/-march=i386 ===
# of expected passes 44
=== objc Summary ===
# of expected passes 132
/devel/src/egcs-20000918.chk/gcc/xgcc version 2.96 20000918 (experimental)
Compiler version: 2.96 20000918 (experimental)
Platform: i586-sco-sysv5uw7.1.0
configure flags: --host=i586-sco-sysv5uw7.1.0 --enable-checking --with-gnu-as --with-gnu-ld
Counting all warnings,
there are 1962 warnings in stage3 of this bootstrap.
Number of warnings per file:
247 ../../../egcs-20000918/gcc/cp/error.c
161 ../../egcs-20000918/gcc/flow.c
123 ../../egcs-20000918/gcc/expr.c
117 ../../../egcs-20000918/gcc/cp/method.c
88 ../../egcs-20000918/gcc/config/i386/i386.c
85 ../../egcs-20000918/gcc/objc/objc-act.c
78 ../../../egcs-20000918/gcc/cp/mangle.c
70 ../../egcs-20000918/gcc/stmt.c
66 ../../egcs-20000918/gcc/haifa-sched.c
57 ../../egcs-20000918/gcc/gcc.c
50 ../../egcs-20000918/gcc/bb-reorder.c
48 ../../egcs-20000918/gcc/varasm.c
41 ../../egcs-20000918/gcc/gcse.c
36 ../../egcs-20000918/gcc/basic-block.h
35 ../../../egcs-20000918/gcc/java/verify.c
34 ../../../egcs-20000918/gcc/java/parse.y
33 ../../egcs-20000918/gcc/combine.c
30 ../../../egcs-20000918/gcc/java/class.c
27 ../../egcs-20000918/gcc/except.c
25 ../../../egcs-20000918/gcc/ch/lex.c
24 ../../egcs-20000918/gcc/loop.c
23 ../../egcs-20000918/gcc/c-typeck.c
23 ../../../egcs-20000918/gcc/java/lex.c
22 ../../egcs-20000918/gcc/tree.c
21 ../../egcs-20000918/gcc/genattrtab.c
20 ../../egcs-20000918/gcc/stor-layout.c
20 ../../egcs-20000918/gcc/lcm.c
19 ../../egcs-20000918/gcc/regrename.c
19 ../../egcs-20000918/gcc/ifcvt.c
19 ../../egcs-20000918/gcc/dwarfout.c
18 ../../../egcs-20000918/gcc/cp/spew.c
17 ../../egcs-20000918/gcc/cpphash.c
15 ../../egcs-20000918/gcc/tlink.c
14 ../../egcs-20000918/gcc/toplev.c
13 ../../../egcs-20000918/gcc/cp/pt.c
12 ../../egcs-20000918/gcc/reg-stack.c
11 ../../egcs-20000918/gcc/sbitmap.c
11 ../../egcs-20000918/gcc/profile.c
11 ../../egcs-20000918/gcc/genrecog.c
10 ../../egcs-20000918/gcc/ssa.c
10 ../../egcs-20000918/gcc/cse.c
9 ../../egcs-20000918/gcc/cpplex.c
8 ../../egcs-20000918/gcc/genoutput.c
8 ../../egcs-20000918/gcc/collect2.c
8 ../../../egcs-20000918/gcc/java/typeck.c
7 ../../egcs-20000918/gcc/predict.c
7 ../../egcs-20000918/gcc/dce.c
7 ../../../egcs-20000918/gcc/cp/repo.c
6 ../../egcs-20000918/gcc/regclass.c
6 ../../egcs-20000918/gcc/jump.c
6 ../../egcs-20000918/gcc/hash.c
6 ../../egcs-20000918/gcc/diagnostic.c
6 ../../egcs-20000918/gcc/c-lex.c
6 ../../../egcs-20000918/gcc/java/mangle.c
5 ../../egcs-20000918/gcc/dependence.c
4 ../../egcs-20000918/gcc/rtl.c
4 ../../egcs-20000918/gcc/optabs.c
4 ../../egcs-20000918/gcc/final.c
4 ../../egcs-20000918/gcc/dwarf2out.c
4 ../../../egcs-20000918/gcc/java/jcf-reader.c
3 /usr/local/share/bison.simple
3 ../../egcs-20000918/gcc/reload1.c
3 ../../egcs-20000918/gcc/libgcc2.c
3 ../../egcs-20000918/gcc/cpplib.c
3 ../../../egcs-20000918/gcc/java/jcf-parse.c
3 ../../../egcs-20000918/gcc/cp/search.c
2 ../../egcs-20000918/gcc/reload.c
2 ../../egcs-20000918/gcc/print-rtl.c
2 ../../egcs-20000918/gcc/integrate.c
2 ../../egcs-20000918/gcc/genflags.c
2 ../../egcs-20000918/gcc/function.c
2 ../../egcs-20000918/gcc/fold-const.c
2 ../../egcs-20000918/gcc/c-common.c
2 ../../egcs-20000918/gcc/alias.c
1 ../../egcs-20000918/gcc/simplify-rtx.c
1 ../../egcs-20000918/gcc/java/jvspec.c
1 ../../egcs-20000918/gcc/f/lang-specs.h
1 ../../egcs-20000918/gcc/expmed.c
1 ../../egcs-20000918/gcc/conflict.c
1 ../../egcs-20000918/gcc/bitmap.c
1 ../../../egcs-20000918/gcc/java/jvgenmain.c
1 ../../../egcs-20000918/gcc/java/jcf-write.c
1 ../../../egcs-20000918/gcc/intl/localealias.c
1 ../../../egcs-20000918/gcc/cp/errfn.c
Number of warning types:
923 function macro index must be used with arguments in traditional C
889 value computed is not used
96 comparison between signed and unsigned
11 \`???' might be used uninitialized in this function
10 signed and unsigned type in conditional expression
6 ??? format, ??? arg (arg ???)
4 string length \`???' is greater than the minimum length \`???' ISO C89 is required to support
4 function declaration isn't a prototype
4 \`???' defined but not used
3 assignment discards qualifiers from pointer target type
2 traditional C rejects the 'u' suffix
2 passing arg ??? of \`???' from incompatible pointer type
2 implicit declaration of function \`???'
1 unused parameter \`???'
1 pointer targets in passing arg ??? of \`???' differ in signedness
1 passing arg ??? of \`???' discards qualifiers from pointer target type
1 no previous prototype for \`???'
1 label \`???' defined but not used
1 initialization discards qualifiers from pointer target type