This is the mail archive of the gcc-testresults@gcc.gnu.org mailing list for the GCC project.
Index Nav: | [Date Index] [Subject Index] [Author Index] [Thread Index] | |
---|---|---|
Message Nav: | [Date Prev] [Date Next] | [Thread Prev] [Thread Next] |
Native configuration is i686-pc-linux-gnu === libio tests === Running target unix FAIL: hounddog.cc output FAIL: hounddog.cc output -b0 FAIL: hounddog.cc output -b2 FAIL: putbackdog.cc output FAIL: putbackdog.cc output -b0 FAIL: putbackdog.cc output -b2 FAIL: tiomanip.cc output FAIL: tiomisc.cc output === libio Summary === # of expected passes 32 # of unexpected failures 8 === libstdc++ tests === Running target unix FAIL: tcomplex.cc output FAIL: tcomplex.cc -O output FAIL: tlist.cc output FAIL: tlist.cc -O output FAIL: tstring.cc output FAIL: tstring.cc -O output === libstdc++ Summary === # of expected passes 24 # of unexpected failures 6 === gcc tests === Running target unix FAIL: gcc.c-torture/compile/20000804-1.c, -O2 FAIL: gcc.c-torture/compile/20000804-1.c, -O3 -fomit-frame-pointer FAIL: gcc.c-torture/compile/20000804-1.c, -O3 -g FAIL: gcc.c-torture/compile/20000804-1.c, -O3 -fssa FAIL: gcc.c-torture/compile/20000804-1.c, -Os FAIL: gcc.c-torture/execute/20000225-1.c execution, -O2 FAIL: gcc.c-torture/execute/20000225-1.c execution, -O3 -fomit-frame-pointer FAIL: gcc.c-torture/execute/20000225-1.c execution, -O3 -fomit-frame-pointer -funroll-loops FAIL: gcc.c-torture/execute/20000225-1.c execution, -O3 -fomit-frame-pointer -funroll-all-loops -finline-functions FAIL: gcc.c-torture/execute/20000225-1.c execution, -O3 -g FAIL: gcc.c-torture/execute/20000225-1.c execution, -O3 -fssa FAIL: gcc.c-torture/execute/20000225-1.c execution, -Os FAIL: gcc.c-torture/execute/20000731-2.c execution, -O3 -fomit-frame-pointer -funroll-all-loops -finline-functions FAIL: gcc.c-torture/execute/20000801-1.c execution, -O2 FAIL: gcc.c-torture/execute/20000801-1.c execution, -O3 -fomit-frame-pointer FAIL: gcc.c-torture/execute/20000801-1.c execution, -O3 -fomit-frame-pointer -funroll-loops FAIL: gcc.c-torture/execute/20000801-1.c execution, -O3 -fomit-frame-pointer -funroll-all-loops -finline-functions FAIL: gcc.c-torture/execute/20000801-1.c compilation, -O3 -g FAIL: gcc.c-torture/execute/20000801-1.c execution, -Os FAIL: gcc.c-torture/execute/20000801-2.c execution, -O3 -fomit-frame-pointer -funroll-all-loops -finline-functions FAIL: gcc.c-torture/execute/20000818-1.c compilation, -O3 -fomit-frame-pointer -funroll-all-loops -finline-functions FAIL: gcc.c-torture/execute/960608-1.c execution, -O3 -fomit-frame-pointer FAIL: gcc.c-torture/execute/960608-1.c execution, -O3 -g FAIL: gcc.c-torture/execute/960608-1.c execution, -O3 -fssa FAIL: gcc.c-torture/execute/ieee/920810-1.c execution, -O1 FAIL: gcc.c-torture/execute/ieee/920810-1.c execution, -O2 FAIL: gcc.c-torture/execute/ieee/920810-1.c execution, -O3 -fomit-frame-pointer FAIL: gcc.c-torture/execute/ieee/920810-1.c execution, -O3 -g FAIL: gcc.c-torture/execute/ieee/920810-1.c execution, -O3 -fssa FAIL: gcc.c-torture/execute/ieee/920810-1.c execution, -Os FAIL: gcc.dg/cpp/tr-warn4.c numeric constant suffix (test for warnings, line 9) FAIL: gcc.dg/20000503-1.c (test for excess errors) FAIL: gcc.dg/20000614-1.c execution test FAIL: gcc.dg/20000614-2.c execution test FAIL: gcc.dg/20000629-1.c (test for excess errors) FAIL: gcc.dg/20000724-1.c execution test FAIL: gcc.dg/20000807-1.c (test for excess errors) FAIL: gcc.dg/991214-1.c (test for excess errors) XPASS: gcc.dg/c99-array-nonobj-1.c func [] var (test for errors, line 23) XPASS: gcc.dg/c99-array-nonobj-1.c func [] arg (test for errors, line 26) FAIL: gcc.dg/format-va-1.c wrong type in format warning (test for bogus messages, line 11) FAIL: gcc.dg/format-va-1.c format error (test for warnings, line 11) FAIL: gcc.dg/noreturn-1.c this function should not get any warnings (test for bogus messages, line 52) FAIL: gcc.dg/noreturn-1.c detect return from tail call (test for warnings, line 59) FAIL: gcc.dg/noreturn-2.c noreturn does return (test for bogus messages, line 12) FAIL: gcc.dg/noncompile/label-lineno-1.c label lineno (test for errors, line 11) FAIL: gcc.dg/noncompile/label-lineno-1.c (test for excess errors) FAIL: gcc.dg/noncompile/label-lineno-1.c label lineno (test for errors, line 11) FAIL: gcc.dg/noncompile/label-lineno-1.c (test for excess errors) FAIL: gcc.dg/noncompile/label-lineno-1.c label lineno (test for errors, line 11) FAIL: gcc.dg/noncompile/label-lineno-1.c (test for excess errors) FAIL: gcc.dg/noncompile/label-lineno-1.c label lineno (test for errors, line 11) FAIL: gcc.dg/noncompile/label-lineno-1.c (test for excess errors) FAIL: gcc.dg/noncompile/label-lineno-1.c label lineno (test for errors, line 11) FAIL: gcc.dg/noncompile/label-lineno-1.c (test for excess errors) FAIL: gcc.dg/noncompile/label-lineno-1.c label lineno (test for errors, line 11) FAIL: gcc.dg/noncompile/label-lineno-1.c (test for excess errors) FAIL: gcc.dg/noncompile/label-lineno-1.c label lineno (test for errors, line 11) FAIL: gcc.dg/noncompile/label-lineno-1.c (test for excess errors) FAIL: gcc.misc-tests/mg.c === gcc Summary === # of expected passes 13764 # of unexpected failures 58 # of unexpected successes 2 # of expected failures 77 # of unresolved testcases 2 # of unsupported tests 18 /work/build/gnu/bin/gcc-3.0/gcc/xgcc version 2.96 20000825 (experimental) === g++ tests === Running target unix FAIL: g++.ext/instantiate1.C not instantiated (test for errors, line 18) FAIL: g++.ext/instantiate1.C not instantiated (test for errors, line 20) FAIL: g++.other/loop2.C caused compiler crash === g++ Summary === # of expected passes 5991 # of unexpected failures 3 # of expected failures 94 # of untested testcases 8 /work/build/gnu/bin/gcc-3.0/gcc/testsuite/../g++ version 2.96 20000825 (experimental) === objc tests === Running target unix === objc Summary === # of expected passes 44 /work/build/gnu/bin/gcc-3.0/gcc/xgcc version 2.96 20000825 (experimental) === g77 tests === Running target unix FAIL: g77.f-torture/execute/short.f execution, -Os === g77 Summary === # of expected passes 980 # of unexpected failures 1 # of expected failures 2 Compiler version: 2.96 20000825 (experimental) Platform: i686-pc-linux-gnu configure flags: --host=i686-pc-linux --enable-shared --enable-threads=posix --enable-cpp --disable-checking --prefix=/opt/gcc-3.0 --with-local-prefix=/usr/local
Index Nav: | [Date Index] [Subject Index] [Author Index] [Thread Index] | |
---|---|---|
Message Nav: | [Date Prev] [Date Next] | [Thread Prev] [Thread Next] |