This is the mail archive of the
gcc-testresults@gcc.gnu.org
mailing list for the GCC project.
Results for 2.96 20000819 (experimental) testsuite on i686-pc-linux-gnu
- To: gcc-testresults at gcc dot gnu dot org
- Subject: Results for 2.96 20000819 (experimental) testsuite on i686-pc-linux-gnu
- From: Christian Jönsson <c dot christian dot joensson at telia dot com>
- Date: Mon, 21 Aug 2000 07:50:17 +0200
This was on an up to date Red Hat Linux 6.2/Intel system
using kernel-2.2.16-3, binutils-2.9.5.0.22-6 and glibc-2.1.3-15.
cvs source on 2000-08-20 about 07:18 +0200
Native configuration is i686-pc-linux-gnu
=== libio tests ===
Running target unix/-fPIC
=== libio Summary for unix/-fPIC ===
# of expected passes 40
Running target unix
=== libio Summary for unix ===
# of expected passes 40
=== libio Summary ===
# of expected passes 80
=== libstdc++ tests ===
Running target unix/-fPIC
=== libstdc++ Summary for unix/-fPIC ===
# of expected passes 30
Running target unix
=== libstdc++ Summary for unix ===
# of expected passes 30
=== libstdc++ Summary ===
# of expected passes 60
=== gcc tests ===
Running target unix/-fPIC
FAIL: gcc.c-torture/compile/20000804-1.c, -O0
FAIL: gcc.c-torture/compile/20000804-1.c, -O1
FAIL: gcc.c-torture/compile/20000804-1.c, -O2
FAIL: gcc.c-torture/compile/20000804-1.c, -O3 -fomit-frame-pointer
FAIL: gcc.c-torture/compile/20000804-1.c, -O3 -g
FAIL: gcc.c-torture/compile/20000804-1.c, -O3 -fssa
FAIL: gcc.c-torture/compile/20000804-1.c, -Os
FAIL: gcc.c-torture/execute/20000225-1.c execution, -O2
FAIL: gcc.c-torture/execute/20000225-1.c execution, -O3
-fomit-frame-pointer
FAIL: gcc.c-torture/execute/20000225-1.c execution, -O3
-fomit-frame-pointer -funroll-loops
FAIL: gcc.c-torture/execute/20000225-1.c execution, -O3
-fomit-frame-pointer -funroll-all-loops -finline-functions
FAIL: gcc.c-torture/execute/20000225-1.c execution, -O3 -g
FAIL: gcc.c-torture/execute/20000225-1.c execution, -O3 -fssa
FAIL: gcc.c-torture/execute/20000225-1.c execution, -Os
FAIL: gcc.c-torture/execute/20000731-2.c execution, -O3
-fomit-frame-pointer -funroll-all-loops -finline-functions
FAIL: gcc.c-torture/execute/20000818-1.c compilation, -O3
-fomit-frame-pointer -funroll-all-loops -finline-functions
FAIL: gcc.c-torture/execute/960608-1.c execution, -O3
-fomit-frame-pointer
FAIL: gcc.c-torture/execute/960608-1.c execution, -O3 -g
FAIL: gcc.c-torture/execute/960608-1.c execution, -O3 -fssa
FAIL: gcc.c-torture/execute/990127-2.c execution, -O3
-fomit-frame-pointer
FAIL: gcc.c-torture/execute/990127-2.c execution, -O3 -g
FAIL: gcc.c-torture/execute/990127-2.c execution, -O3 -fssa
FAIL: gcc.c-torture/execute/conversion.c execution, -O3
-fomit-frame-pointer
FAIL: gcc.c-torture/execute/conversion.c execution, -O3 -g
FAIL: gcc.c-torture/execute/conversion.c execution, -O3 -fssa
FAIL: gcc.dg/20000503-1.c (test for excess errors)
FAIL: gcc.dg/20000614-1.c execution test
FAIL: gcc.dg/20000614-2.c execution test
FAIL: gcc.dg/991214-1.c (test for excess errors)
FAIL: gcc.dg/c90-array-lval-1.c (test for excess errors)
FAIL: gcc.dg/c99-array-lval-1.c (test for excess errors)
FAIL: gcc.dg/format-va-1.c wrong type in format warning (test for bogus
messages, line 11)
FAIL: gcc.dg/format-va-1.c format error (test for warnings, line 11)
=== gcc Summary for unix/-fPIC ===
# of expected passes 13029
# of unexpected failures 33
# of expected failures 72
# of unresolved testcases 1
# of unsupported tests 15
Running target unix
FAIL: gcc.c-torture/compile/20000804-1.c, -O2
FAIL: gcc.c-torture/compile/20000804-1.c, -O3 -fomit-frame-pointer
FAIL: gcc.c-torture/compile/20000804-1.c, -O3 -g
FAIL: gcc.c-torture/compile/20000804-1.c, -O3 -fssa
FAIL: gcc.c-torture/compile/20000804-1.c, -Os
FAIL: gcc.c-torture/execute/20000225-1.c execution, -O2
FAIL: gcc.c-torture/execute/20000225-1.c execution, -O3
-fomit-frame-pointer
FAIL: gcc.c-torture/execute/20000225-1.c execution, -O3
-fomit-frame-pointer -funroll-loops
FAIL: gcc.c-torture/execute/20000225-1.c execution, -O3
-fomit-frame-pointer -funroll-all-loops -finline-functions
FAIL: gcc.c-torture/execute/20000225-1.c execution, -O3 -g
FAIL: gcc.c-torture/execute/20000225-1.c execution, -O3 -fssa
FAIL: gcc.c-torture/execute/20000225-1.c execution, -Os
FAIL: gcc.c-torture/execute/20000731-2.c execution, -O3
-fomit-frame-pointer -funroll-all-loops -finline-functions
FAIL: gcc.c-torture/execute/20000818-1.c compilation, -O3
-fomit-frame-pointer -funroll-all-loops -finline-functions
FAIL: gcc.c-torture/execute/960608-1.c execution, -O3
-fomit-frame-pointer
FAIL: gcc.c-torture/execute/960608-1.c execution, -O3 -g
FAIL: gcc.c-torture/execute/960608-1.c execution, -O3 -fssa
FAIL: gcc.dg/20000503-1.c (test for excess errors)
FAIL: gcc.dg/20000614-1.c execution test
FAIL: gcc.dg/20000614-2.c execution test
FAIL: gcc.dg/991214-1.c (test for excess errors)
FAIL: gcc.dg/c90-array-lval-1.c (test for excess errors)
FAIL: gcc.dg/c99-array-lval-1.c (test for excess errors)
FAIL: gcc.dg/format-va-1.c wrong type in format warning (test for bogus
messages, line 11)
FAIL: gcc.dg/format-va-1.c format error (test for warnings, line 11)
FAIL: gcc.dg/noreturn-1.c this function should not get any warnings
(test for bogus messages, line 52)
FAIL: gcc.dg/noreturn-1.c detect return from tail call (test for
warnings, line 59)
FAIL: gcc.dg/noreturn-2.c noreturn does return (test for bogus messages,
line 12)
=== gcc Summary for unix ===
# of expected passes 13034
# of unexpected failures 28
# of expected failures 72
# of unresolved testcases 1
# of unsupported tests 15
=== gcc Summary ===
# of expected passes 26063
# of unexpected failures 61
# of expected failures 144
# of unresolved testcases 2
# of unsupported tests 30
/usr/local/src/objdir-gcc-2000-08-20-0718+0200/gcc/xgcc version 2.96
20000819 (experimental)
=== g++ tests ===
Running target unix/-fPIC
FAIL: g++.ns/koenig7.C (test for excess errors)
FAIL: g++.other/crash18.C (test for excess errors)
FAIL: g++.pt/asm1.C (test for excess errors)
FAIL: g++.pt/asm2.C (test for excess errors)
=== g++ Summary for unix/-fPIC ===
# of expected passes 5981
# of unexpected failures 4
# of expected failures 96
# of untested testcases 8
Running target unix
FAIL: g++.ext/instantiate1.C not instantiated (test for errors, line 18)
FAIL: g++.ext/instantiate1.C not instantiated (test for errors, line 20)
FAIL: g++.ns/koenig7.C (test for excess errors)
=== g++ Summary for unix ===
# of expected passes 5982
# of unexpected failures 3
# of expected failures 96
# of untested testcases 8
=== g++ Summary ===
# of expected passes 11963
# of unexpected failures 7
# of expected failures 192
# of untested testcases 16
/usr/local/src/objdir-gcc-2000-08-20-0718+0200/gcc/testsuite/../g++
version 2.96 20000819 (experimental)
=== g77 tests ===
Running target unix/-fPIC
FAIL: g77.f-torture/compile/20000629-1.f, -O2 -fomit-frame-pointer
-finline-functions -funroll-loops
FAIL: g77.f-torture/compile/20000629-1.f, -O2 -fomit-frame-pointer
-finline-functions -funroll-all-loops
=== g77 Summary for unix/-fPIC ===
# of expected passes 981
# of unexpected failures 2
Running target unix
FAIL: g77.f-torture/compile/20000629-1.f, -O2 -fomit-frame-pointer
-finline-functions -funroll-loops
FAIL: g77.f-torture/compile/20000629-1.f, -O2 -fomit-frame-pointer
-finline-functions -funroll-all-loops
FAIL: g77.f-torture/execute/short.f execution, -Os
=== g77 Summary for unix ===
# of expected passes 980
# of unexpected failures 3
=== g77 Summary ===
# of expected passes 1961
# of unexpected failures 5
=== objc tests ===
Running target unix/-fPIC
=== objc Summary for unix/-fPIC ===
# of expected passes 44
Running target unix
=== objc Summary for unix ===
# of expected passes 44
=== objc Summary ===
# of expected passes 88
/usr/local/src/objdir-gcc-2000-08-20-0718+0200/gcc/xgcc version 2.96
20000819 (experimental)
Compiler version: 2.96 20000819 (experimental)
Platform: i686-pc-linux-gnu
configure flags: --host=i686-pc-linux --enable-threads --enable-shared
Counting all warnings,
there are 105 warnings in stage3 of this bootstrap.
Number of warnings per file:
33 /usr/local/src/gcc/gcc/combine.c
13 /usr/local/src/gcc/gcc/expr.c
10 /usr/local/src/gcc/gcc/reg-stack.c
10 /usr/local/src/gcc/gcc/intl/gettext.h
5 /usr/local/src/gcc/gcc/cse.c
4 /usr/local/src/gcc/gcc/reload.c
4 /usr/local/src/gcc/gcc/java/jcf-reader.c
3 /usr/local/src/gcc/gcc/loop.c
2 /usr/local/src/gcc/gcc/libgcc2.c
2 /usr/local/src/gcc/gcc/gcc.c
2 /usr/local/src/gcc/gcc/function.c
2 /usr/local/src/gcc/gcc/fold-const.c
2 /usr/local/src/gcc/gcc/cpplex.c
2 /usr/local/src/gcc/gcc/alias.c
2 /usr/include/bits/mathinline.h
1 /usr/local/src/gcc/gcc/reload1.c
1 /usr/local/src/gcc/gcc/java/jvspec.c
1 /usr/local/src/gcc/gcc/gcse.c
1 /usr/local/src/gcc/gcc/f/lang-specs.h
1 /usr/local/src/gcc/gcc/final.c
1 /usr/local/src/gcc/gcc/expmed.c
1 /usr/local/src/gcc/gcc/dwarfout.c
1 /usr/local/src/gcc/gcc/cp/error.c
1 /usr/local/src/gcc/gcc/cp/errfn.c
Number of warning types:
65 comparison between signed and unsigned
12 traditional C rejects the \`???' suffix
10 signed and unsigned type in conditional expression
4 string length \`???' is greater than the minimum length \`???'
ISO C89 is required to support
4 \`???' defined but not used
3 function declaration isn't a prototype
2 traditional C rejects initialization of unions
1 pointer targets in passing arg ??? of \`???' differ in
signedness
1 passing arg ??? of \`???' discards qualifiers from pointer
target type
1 no previous prototype for \`???'
1 \`???' might be used uninitialized in this function
1 implicit declaration of function \`???'