This is the mail archive of the
gcc-testresults@gcc.gnu.org
mailing list for the GCC project.
Results for 2.96 20000814 (experimental) testsuite on i586-pc-linux-gnu
- To: gcc-testresults at gcc dot gnu dot org
- Subject: Results for 2.96 20000814 (experimental) testsuite on i586-pc-linux-gnu
- From: Alexandre Oliva <oliva at lsd dot ic dot unicamp dot br>
- Date: Wed, 16 Aug 2000 13:32:57 -0300
Native configuration is i586-pc-linux-gnu
=== binutils tests ===
Running target unix
=== binutils Summary ===
# of expected passes 26
=== g++ tests ===
Running target unix
FAIL: g++.ext/instantiate1.C not instantiated (test for errors, line 18)
FAIL: g++.ext/instantiate1.C not instantiated (test for errors, line 20)
FAIL: g++.ns/koenig7.C (test for excess errors)
=== g++ Summary ===
# of expected passes 5956
# of unexpected failures 3
# of expected failures 99
# of untested testcases 8
/l/tmp/egcs/gcc/testsuite/../g++ version 2.96 20000814 (experimental)
=== g77 tests ===
Running target unix
FAIL: g77.f-torture/compile/20000629-1.f, -O2 -fomit-frame-pointer -finline-functions -funroll-loops
FAIL: g77.f-torture/compile/20000629-1.f, -O2 -fomit-frame-pointer -finline-functions -funroll-all-loops
FAIL: g77.f-torture/execute/short.f execution, -Os
=== g77 Summary ===
# of expected passes 980
# of unexpected failures 3
=== gas tests ===
Running target unix
FAIL: i386 intel
=== gas Summary ===
# of expected passes 77
# of unexpected failures 1
=== gcc tests ===
Running target unix
FAIL: gcc.c-torture/compile/20000804-1.c, -O2
FAIL: gcc.c-torture/compile/20000804-1.c, -O3 -fomit-frame-pointer
FAIL: gcc.c-torture/compile/20000804-1.c, -O3 -g
FAIL: gcc.c-torture/compile/20000804-1.c, -O3 -fssa
FAIL: gcc.c-torture/compile/20000804-1.c, -Os
FAIL: gcc.c-torture/execute/20000225-1.c execution, -O2
FAIL: gcc.c-torture/execute/20000225-1.c execution, -O3 -fomit-frame-pointer
FAIL: gcc.c-torture/execute/20000225-1.c execution, -O3 -fomit-frame-pointer -funroll-loops
FAIL: gcc.c-torture/execute/20000225-1.c execution, -O3 -fomit-frame-pointer -funroll-all-loops -finline-functions
FAIL: gcc.c-torture/execute/20000225-1.c execution, -O3 -g
FAIL: gcc.c-torture/execute/20000225-1.c execution, -O3 -fssa
FAIL: gcc.c-torture/execute/20000225-1.c execution, -Os
FAIL: gcc.c-torture/execute/20000731-2.c execution, -O3 -fomit-frame-pointer -funroll-all-loops -finline-functions
FAIL: gcc.c-torture/execute/960608-1.c execution, -O3 -fomit-frame-pointer
FAIL: gcc.c-torture/execute/960608-1.c execution, -O3 -g
FAIL: gcc.c-torture/execute/960608-1.c execution, -O3 -fssa
FAIL: gcc.dg/20000503-1.c (test for excess errors)
FAIL: gcc.dg/20000609-1.c execution test
FAIL: gcc.dg/20000614-1.c execution test
FAIL: gcc.dg/20000614-2.c execution test
FAIL: gcc.dg/991214-1.c (test for excess errors)
FAIL: gcc.dg/c90-array-lval-1.c (test for excess errors)
FAIL: gcc.dg/c99-array-lval-1.c (test for excess errors)
FAIL: gcc.dg/noreturn-1.c this function should not get any warnings (test for bogus messages, line 52)
FAIL: gcc.dg/noreturn-1.c detect return from tail call (test for warnings, line 59)
FAIL: gcc.dg/noreturn-2.c noreturn does return (test for bogus messages, line 12)
=== gcc Summary ===
# of expected passes 12985
# of unexpected failures 26
# of expected failures 61
# of unsupported tests 15
/l/tmp/egcs/gcc/xgcc version 2.96 20000814 (experimental)
=== ld tests ===
Running target unix
=== ld Summary ===
# of expected passes 94
# of expected failures 10
=== libg++ tests ===
Running target unix
FAIL: tRandom.cc execution
=== libg++ Summary ===
# of expected passes 70
# of unexpected failures 1
# of expected failures 1
=== libio tests ===
Running target unix
=== libio Summary ===
# of expected passes 40
=== libjava tests ===
Running target unix
FAIL: BlankFinal byte compilation
FAIL: BlankFinal byte compilation
FAIL: Case compilation from bytecode
XPASS: Case -O compilation from source
FAIL: Case -O compilation from bytecode
XPASS: G19990210_1 compilation from source
FAIL: G19990210_1 compilation from bytecode
XPASS: G19990210_1 -O compilation from source
FAIL: G19990210_1 -O compilation from bytecode
XPASS: G19990210_2 compilation from source
FAIL: G19990210_2 compilation from bytecode
XPASS: G19990210_2 -O compilation from source
FAIL: G19990210_2 -O compilation from bytecode
XPASS: G19990210_3 compilation from source
FAIL: G19990210_3 compilation from bytecode
XPASS: G19990210_3 -O compilation from source
FAIL: G19990210_3 -O compilation from bytecode
XPASS: OperatorBenchmark compilation from source
FAIL: OperatorBenchmark compilation from bytecode
XPASS: OperatorBenchmark -O compilation from source
FAIL: OperatorBenchmark -O compilation from bytecode
XPASS: G19990217_02 compilation from source
FAIL: G19990217_02 compilation from bytecode
XPASS: G19990217_02 -O compilation from source
FAIL: G19990217_02 -O compilation from bytecode
XPASS: G19990225_01 compilation from source
FAIL: G19990225_01 compilation from bytecode
XPASS: G19990225_01 -O compilation from source
FAIL: G19990225_01 -O compilation from bytecode
XPASS: MethodFailure4 compilation from source
FAIL: assignment compilation from source
FAIL: assignment compilation from bytecode
FAIL: assignment -O compilation from bytecode
XPASS: PR124 compilation from source
FAIL: PR129_B compilation from source
FAIL: PR129_B compilation from bytecode
FAIL: PR129_B -O compilation from bytecode
XPASS: PR140 compilation from source
FAIL: PR163 compilation from source
FAIL: PR163 -O compilation from source
FAIL: PR206 compilation from bytecode
XPASS: PR206 -O compilation from source
FAIL: PR206 -O compilation from bytecode
FAIL: PR207 compilation from bytecode
FAIL: PR207 -O compilation from bytecode
XPASS: PR208 compilation from source
FAIL: PR208 byte compilation
FAIL: PR208 byte compilation
FAIL: PR209 compilation from bytecode
XPASS: PR209 -O compilation from source
FAIL: PR209 -O compilation from bytecode
XPASS: PR224 compilation from source
FAIL: PR232 compilation from source
FAIL: PR232 compilation from bytecode
FAIL: PR232 -O compilation from bytecode
XPASS: PR232B compilation from source
FAIL: PR232B compilation from bytecode
XPASS: PR232B -O compilation from source
FAIL: PR232B -O compilation from bytecode
XPASS: PR234 compilation from source
FAIL: PR234 compilation from bytecode
XPASS: PR234 -O compilation from source
FAIL: PR234 -O compilation from bytecode
XPASS: PR235 compilation from source
FAIL: PR235 compilation from bytecode
XPASS: PR235 -O compilation from source
FAIL: PR235 -O compilation from bytecode
XPASS: PR238 compilation from source
FAIL: PR238 compilation from bytecode
XPASS: PR238 -O compilation from source
FAIL: PR238 -O compilation from bytecode
XPASS: Semi compilation from source
FAIL: Semi compilation from bytecode
XPASS: Semi -O compilation from source
FAIL: Semi -O compilation from bytecode
XPASS: Statics compilation from source
FAIL: Statics compilation from bytecode
XPASS: Statics -O compilation from source
FAIL: Statics -O compilation from bytecode
XPASS: Twice compilation from source
FAIL: Twice compilation from bytecode
XPASS: Twice -O compilation from source
FAIL: Twice -O compilation from bytecode
FAIL: Where compilation from bytecode
FAIL: Where -O compilation from bytecode
FAIL: assignment_2 compilation from bytecode
FAIL: assignment_2 -O compilation from bytecode
XPASS: block compilation from source
FAIL: comment compilation from bytecode
XPASS: comment -O compilation from source
FAIL: comment -O compilation from bytecode
XPASS: euc_comment1 compilation from source
FAIL: iface compilation from bytecode
XPASS: iface -O compilation from source
FAIL: iface -O compilation from bytecode
FAIL: inner_1 compilation from bytecode
FAIL: inner_1 -O compilation from bytecode
XPASS: inner_data compilation from source
FAIL: inner_data byte compilation
FAIL: inner_data byte compilation
FAIL: inner_inherit compilation from bytecode
XPASS: inner_inherit -O compilation from source
FAIL: inner_inherit -O compilation from bytecode
XPASS: inner_priv compilation from source
FAIL: inner_priv compilation from bytecode
XPASS: inner_priv -O compilation from source
FAIL: inner_priv -O compilation from bytecode
XPASS: inner_pub compilation from source
FAIL: inner_pub compilation from bytecode
XPASS: inner_pub -O compilation from source
FAIL: inner_pub -O compilation from bytecode
FAIL: not_a_redef compilation from bytecode
FAIL: not_a_redef -O compilation from bytecode
XPASS: perc compilation from source
FAIL: pr172 compilation from bytecode
XPASS: pr172 -O compilation from source
FAIL: pr172 -O compilation from bytecode
XPASS: pr174 compilation from source
FAIL: pr174 compilation from bytecode
XPASS: pr174 -O compilation from source
FAIL: pr174 -O compilation from bytecode
XPASS: pr176 compilation from source
FAIL: pr176 compilation from bytecode
XPASS: pr176 -O compilation from source
FAIL: pr176 -O compilation from bytecode
XPASS: redef1 compilation from source
FAIL: static_2 compilation from source
FAIL: static_2 compilation from bytecode
FAIL: static_2 -O compilation from bytecode
FAIL: static_3 compilation from bytecode
FAIL: static_3 -O compilation from bytecode
XPASS: static_init compilation from source
FAIL: static_inner compilation from bytecode
XPASS: static_inner -O compilation from source
FAIL: static_inner -O compilation from bytecode
XPASS: static_init2 compilation from source
FAIL: static_init2 compilation from bytecode
XPASS: static_init2 -O compilation from source
FAIL: static_init2 -O compilation from bytecode
FAIL: PR295 -O compilation from source
FAIL: PR310 compilation from source
FAIL: PR310 -O compilation from source
FAIL: Class_1 output from source compiled test
FAIL: Class_1 -O output from source compiled test
XPASS: Final output from source compiled test
XPASS: Final output from bytecode->native test
XPASS: Final -O output from source compiled test
XPASS: Final -O output from bytecode->native test
FAIL: G19990301_01 compilation from bytecode
FAIL: G19990301_01 -O compilation from bytecode
FAIL: G19990302_02 -O execution from bytecode->native test
FAIL: G19990303_01 -O execution from bytecode->native test
FAIL: G19990304_01 -O execution from bytecode->native test
FAIL: InterfaceDispatch compilation from bytecode
FAIL: InterfaceDispatch -O execution from source compiled test
FAIL: InterfaceDispatch -O compilation from bytecode
FAIL: PR141 output from source compiled test
FAIL: PR141 output from bytecode->native test
FAIL: PR141 -O output from source compiled test
FAIL: PR141 -O output from bytecode->native test
FAIL: PR160 output from source compiled test
FAIL: PR160 -O output from source compiled test
FAIL: PR162 compilation from bytecode
FAIL: PR162 -O compilation from bytecode
FAIL: PR242 compilation from bytecode
FAIL: PR242 -O compilation from bytecode
FAIL: Thread_1 output from source compiled test
FAIL: Thread_1 output from bytecode->native test
FAIL: Thread_1 -O output from source compiled test
FAIL: Thread_1 -O output from bytecode->native test
FAIL: Thread_Interrupt compilation from bytecode
FAIL: Thread_Interrupt -O execution from source compiled test
FAIL: Thread_Interrupt -O compilation from bytecode
FAIL: Thread_Join compilation from bytecode
FAIL: Thread_Join -O compilation from bytecode
FAIL: Thread_Monitor compilation from bytecode
FAIL: Thread_Monitor -O compilation from bytecode
FAIL: Thread_Wait_2 compilation from bytecode
FAIL: Thread_Wait_2 -O compilation from bytecode
FAIL: anfi compilation from bytecode
FAIL: anfi -O compilation from bytecode
FAIL: Thread_Wait_Interrupt compilation from bytecode
FAIL: Thread_Wait_Interrupt -O compilation from bytecode
FAIL: anon compilation from bytecode
FAIL: anon -O compilation from bytecode
FAIL: anon2 compilation from bytecode
FAIL: anon2 -O compilation from bytecode
FAIL: anon3 output from source compiled test
FAIL: anon3 compilation from bytecode
FAIL: anon3 -O output from source compiled test
FAIL: anon3 -O compilation from bytecode
FAIL: anon4 compilation from bytecode
FAIL: anon4 -O compilation from bytecode
FAIL: direct_read compilation from bytecode
FAIL: direct_read -O compilation from bytecode
FAIL: direct_write compilation from bytecode
FAIL: direct_write -O compilation from bytecode
FAIL: err1 compilation from bytecode
FAIL: err1 -O compilation from bytecode
FAIL: final_inner compilation from bytecode
FAIL: final_inner -O compilation from bytecode
FAIL: final_int compilation from bytecode
FAIL: final_int -O compilation from bytecode
FAIL: indirect compilation from bytecode
FAIL: indirect -O compilation from bytecode
FAIL: indirect_read compilation from bytecode
FAIL: indirect_read -O compilation from bytecode
FAIL: indirect_write compilation from bytecode
FAIL: indirect_write -O compilation from bytecode
FAIL: inner1 compilation from bytecode
FAIL: inner1 -O compilation from bytecode
FAIL: inner3 compilation from bytecode
FAIL: inner3 -O compilation from bytecode
FAIL: inner4 compilation from bytecode
FAIL: inner4 -O compilation from bytecode
FAIL: inner_array compilation from bytecode
FAIL: inner_array -O compilation from bytecode
FAIL: inner_interface compilation from bytecode
FAIL: inner_interface -O compilation from bytecode
FAIL: instinit compilation from source
FAIL: instinit byte compilation
FAIL: instinit -O compilation from source
FAIL: instinit byte compilation
FAIL: instinit2 compilation from source
FAIL: instinit2 byte compilation
FAIL: instinit2 -O compilation from source
FAIL: instinit2 byte compilation
FAIL: multiple_finit compilation from bytecode
FAIL: multiple_finit -O compilation from bytecode
FAIL: nested_with_ctor compilation from bytecode
FAIL: nested_with_ctor -O compilation from bytecode
FAIL: pr179 compilation from bytecode
FAIL: pr179 -O compilation from bytecode
FAIL: private_direct_read compilation from bytecode
FAIL: private_direct_read -O compilation from bytecode
FAIL: stub compilation from source
FAIL: stub compilation from bytecode
FAIL: stub -O compilation from source
FAIL: stub -O compilation from bytecode
FAIL: search_outer compilation from bytecode
FAIL: search_outer -O compilation from bytecode
FAIL: stringconst output from source compiled test
FAIL: stringconst compilation from bytecode
FAIL: stringconst -O output from source compiled test
FAIL: stringconst -O compilation from bytecode
FAIL: tmi compilation from bytecode
FAIL: tmi -O compilation from bytecode
FAIL: tp compilation from bytecode
FAIL: tp -O compilation from bytecode
FAIL: update_outer compilation from bytecode
FAIL: update_outer -O compilation from bytecode
=== libjava Summary ===
# of expected passes 1259
# of unexpected failures 192
# of unexpected successes 59
# of expected failures 212
=== libstdc++ tests ===
Running target unix
=== libstdc++ Summary ===
# of expected passes 30
=== objc tests ===
Running target unix
=== objc Summary ===
# of expected passes 44
/l/tmp/egcs/gcc/xgcc version 2.96 20000814 (experimental)
Compiler version: 2.96 20000814 (experimental)
Platform: i586-pc-linux-gnu
BOOT_CFLAGS: -g -O9 -W -Wall
Counting all warnings,
there are 451 warnings in stage3 of this bootstrap.
Number of warnings per file:
72 /usr/include/sys/cdefs.h
72 /home/lsd/oliva/src/egcs/libjava/java/lang/fdlibm.h
56 Makefile
33 /home/lsd/oliva/src/egcs/gcc/combine.c
32 /usr/include/bits/stdio_lim.h
32 /home/lsd/oliva/src/egcs/libio/stdio/stdio.h
14 /home/lsd/oliva/src/egcs/libjava/java/lang/dtoa.c
13 /home/lsd/oliva/src/egcs/gcc/expr.c
12 configure
10 /home/lsd/oliva/src/egcs/gcc/reg-stack.c
10 /home/lsd/oliva/src/egcs/gcc/intl/gettext.h
8 /home/lsd/oliva/src/egcs/libjava/java/lang/strtod.c
8 /home/lsd/oliva/src/egcs/libjava/gnu/gcj/convert/natIconv.cc
6 /home/lsd/oliva/src/egcs/gcc/cse.c
4 cxxmain.c
4 /home/lsd/oliva/src/egcs/libjava/java/net/natPlainDatagramSocketImpl.cc
4 /home/lsd/oliva/src/egcs/libg++/src/AllocRing.cc
4 /home/lsd/oliva/src/egcs/gcc/diagnostic.c
3 /home/lsd/oliva/src/egcs/gcc/loop.c
3 /home/lsd/oliva/src/egcs/gcc/gcc.c
2 /usr/include/bits/mathinline.h
2 /home/lsd/oliva/src/egcs/libjava/name-finder.cc
2 /home/lsd/oliva/src/egcs/libjava/java/lang/natSystem.cc
2 /home/lsd/oliva/src/egcs/libjava/java/lang/e_log.c
2 /home/lsd/oliva/src/egcs/libjava/java/lang/e_exp.c
2 /home/lsd/oliva/src/egcs/libjava/gnu/gcj/io/shs.cc
2 /home/lsd/oliva/src/egcs/gcc/tree.c
2 /home/lsd/oliva/src/egcs/gcc/regmove.c
2 /home/lsd/oliva/src/egcs/gcc/libgcc2.c
2 /home/lsd/oliva/src/egcs/gcc/java/jcf-reader.c
2 /home/lsd/oliva/src/egcs/gcc/java/expr.c
2 /home/lsd/oliva/src/egcs/gcc/gengenrtl.c
2 /home/lsd/oliva/src/egcs/gcc/function.c
2 /home/lsd/oliva/src/egcs/gcc/fold-const.c
2 /home/lsd/oliva/src/egcs/gcc/cpplex.c
2 /home/lsd/oliva/src/egcs/gcc/alias.c
2 /home/lsd/oliva/src/egcs/boehm-gc/mark_rts.c
1 /home/lsd/oliva/src/egcs/gcc/varray.c
1 /home/lsd/oliva/src/egcs/gcc/tradcpp.c
1 /home/lsd/oliva/src/egcs/gcc/java/jvspec.c
1 /home/lsd/oliva/src/egcs/gcc/java/jvgenmain.c
1 /home/lsd/oliva/src/egcs/gcc/java/jcf-parse.c
1 /home/lsd/oliva/src/egcs/gcc/java/jcf-io.c
1 /home/lsd/oliva/src/egcs/gcc/gcse.c
1 /home/lsd/oliva/src/egcs/gcc/final.c
1 /home/lsd/oliva/src/egcs/gcc/f/lang-specs.h
1 /home/lsd/oliva/src/egcs/gcc/expmed.c
1 /home/lsd/oliva/src/egcs/gcc/emit-rtl.c
1 /home/lsd/oliva/src/egcs/gcc/dwarfout.c
1 /home/lsd/oliva/src/egcs/gcc/cp/typeck2.c
1 /home/lsd/oliva/src/egcs/gcc/cp/error.c
1 /home/lsd/oliva/src/egcs/gcc/cp/errfn.c
1 /home/lsd/oliva/src/egcs/gcc/collect2.c
1 /home/lsd/oliva/src/egcs/gcc/ch/decl.c
Number of warning types:
104 this is the location of the previous definition
72 `__P' redefined
63 comparison between signed and unsigned
28 overriding commands for target `???'
28 ignoring old commands for target `???'
20 `FOPEN_MAX' redefined
19 `???' might be used uninitialized in this function
15 `noreturn' function does return
12 traditional C rejects the `???' suffix
10 signed and unsigned type in conditional expression
9 control reaches end of non-void function
7 unused variable `???'
6 implicit declaration of function `???'
6 `TMP_MAX' redefined
6 `FILENAME_MAX' redefined
6 `???' script is too old or missing
4 string length `???' is greater than the minimum length `???' ISO C89 is required to support
4 label `???'
4 deleting `???' is undefined
4 ***********************************************************
3 function declaration isn't a prototype
2 unused variable `jint origpos
2 unused variable `jint
2 traditional C rejects initialization of unions
2 function returns address of local variable
2 division: function singularity
2 cast from pointer to integer of different
2 `???' defined but not used
2 `???' declared `static'
1 then use the most recent one - libffi-1.20.
1 pointer targets in passing arg ??? of `???' differ in signedness
1 passing arg ??? of `???' discards qualifiers from pointer target type
1 no previous prototype for `???'
1 This is beta code. If you're looking for a stable release