This is the mail archive of the
gcc-testresults@gcc.gnu.org
mailing list for the GCC project.
Results for 2.96 20000814 (experimental) testsuite on rs6000-ibm-aix4.3.3.0
- To: gcc-testresults at gcc dot gnu dot org
- Subject: Results for 2.96 20000814 (experimental) testsuite on rs6000-ibm-aix4.3.3.0
- From: Geoffrey Keating <geoffk at toto dot cygnus dot com>
- Date: Tue, 15 Aug 2000 10:23:09 -0700
Native configuration is rs6000-ibm-aix4.3.3.0
=== libio tests ===
Running target unix/-maix64
=== libio Summary for unix/-maix64 ===
# of expected passes 40
Running target unix
=== libio Summary for unix ===
# of expected passes 40
=== libio Summary ===
# of expected passes 80
=== libstdc++ tests ===
Running target unix/-maix64
=== libstdc++ Summary for unix/-maix64 ===
# of expected passes 30
Running target unix
=== libstdc++ Summary for unix ===
# of expected passes 30
=== libstdc++ Summary ===
# of expected passes 60
=== gcc tests ===
Running target unix/-maix64
FAIL: gcc.c-torture/compile/981001-2.c, -O3 -fomit-frame-pointer
FAIL: gcc.c-torture/compile/981001-2.c, -O3 -g
FAIL: gcc.c-torture/compile/981001-2.c, -O3 -fssa
FAIL: gcc.c-torture/compile/20000804-1.c, -O0
FAIL: gcc.c-torture/compile/20000804-1.c, -O1
FAIL: gcc.c-torture/compile/20000804-1.c, -O2
FAIL: gcc.c-torture/compile/20000804-1.c, -O3 -fomit-frame-pointer
FAIL: gcc.c-torture/compile/20000804-1.c, -O3 -g
FAIL: gcc.c-torture/compile/20000804-1.c, -O3 -fssa
FAIL: gcc.c-torture/compile/20000804-1.c, -Os
FAIL: gcc.c-torture/execute/20000412-3.c execution, -O0
FAIL: gcc.c-torture/execute/20000412-3.c execution, -O1
FAIL: gcc.c-torture/execute/20000412-3.c execution, -O2
FAIL: gcc.c-torture/execute/20000412-3.c execution, -O3 -fomit-frame-pointer
FAIL: gcc.c-torture/execute/20000412-3.c execution, -O3 -g
FAIL: gcc.c-torture/execute/20000412-3.c execution, -O3 -fssa
FAIL: gcc.c-torture/execute/20000412-3.c execution, -Os
FAIL: gcc.c-torture/execute/960311-3.c execution, -O3 -fssa
FAIL: gcc.c-torture/execute/990525-1.c execution, -O1
FAIL: gcc.c-torture/execute/990525-1.c execution, -O2
FAIL: gcc.c-torture/execute/990525-1.c execution, -O3 -fomit-frame-pointer
FAIL: gcc.c-torture/execute/990525-1.c execution, -O3 -fomit-frame-pointer -funroll-loops
FAIL: gcc.c-torture/execute/990525-1.c execution, -O3 -fomit-frame-pointer -funroll-all-loops -finline-functions
FAIL: gcc.c-torture/execute/990525-1.c execution, -O3 -g
FAIL: gcc.c-torture/execute/990525-1.c execution, -O3 -fssa
FAIL: gcc.c-torture/execute/990525-1.c execution, -Os
FAIL: gcc.c-torture/execute/991014-1.c compilation, -O0
FAIL: gcc.c-torture/execute/991014-1.c compilation, -O1
FAIL: gcc.c-torture/execute/991014-1.c compilation, -O2
FAIL: gcc.c-torture/execute/991014-1.c compilation, -O3 -fomit-frame-pointer
FAIL: gcc.c-torture/execute/991014-1.c compilation, -O3 -g
FAIL: gcc.c-torture/execute/991014-1.c compilation, -O3 -fssa
FAIL: gcc.c-torture/execute/991014-1.c compilation, -Os
FAIL: gcc.c-torture/execute/eeprof-1.c execution, -O0
FAIL: gcc.c-torture/execute/eeprof-1.c execution, -O1
FAIL: gcc.c-torture/execute/eeprof-1.c execution, -O2
FAIL: gcc.c-torture/execute/eeprof-1.c execution, -O3 -fomit-frame-pointer
FAIL: gcc.c-torture/execute/eeprof-1.c execution, -O3 -g
FAIL: gcc.c-torture/execute/eeprof-1.c execution, -O3 -fssa
FAIL: gcc.c-torture/execute/eeprof-1.c execution, -Os
FAIL: gcc.c-torture/execute/memcheck/blkarg.c compilation, -O0
FAIL: gcc.c-torture/execute/memcheck/blkarg.c compilation, -O1
FAIL: gcc.c-torture/execute/memcheck/blkarg.c compilation, -O2
FAIL: gcc.c-torture/execute/memcheck/blkarg.c compilation, -O3 -fomit-frame-pointer
FAIL: gcc.c-torture/execute/memcheck/blkarg.c compilation, -O3 -g
FAIL: gcc.c-torture/execute/memcheck/blkarg.c compilation, -O3 -fssa
FAIL: gcc.c-torture/execute/memcheck/blkarg.c compilation, -Os
FAIL: gcc.c-torture/execute/memcheck/t1.c compilation, -O0
FAIL: gcc.c-torture/execute/memcheck/t1.c compilation, -O1
FAIL: gcc.c-torture/execute/memcheck/t1.c compilation, -O2
FAIL: gcc.c-torture/execute/memcheck/t1.c compilation, -O3 -fomit-frame-pointer
FAIL: gcc.c-torture/execute/memcheck/t1.c compilation, -O3 -g
FAIL: gcc.c-torture/execute/memcheck/t1.c compilation, -O3 -fssa
FAIL: gcc.c-torture/execute/memcheck/t1.c compilation, -Os
FAIL: gcc.c-torture/execute/memcheck/t2.c compilation, -O0
FAIL: gcc.c-torture/execute/memcheck/t2.c compilation, -O1
FAIL: gcc.c-torture/execute/memcheck/t2.c compilation, -O2
FAIL: gcc.c-torture/execute/memcheck/t2.c compilation, -O3 -fomit-frame-pointer
FAIL: gcc.c-torture/execute/memcheck/t2.c compilation, -O3 -g
FAIL: gcc.c-torture/execute/memcheck/t2.c compilation, -O3 -fssa
FAIL: gcc.c-torture/execute/memcheck/t2.c compilation, -Os
FAIL: gcc.c-torture/execute/memcheck/t3.c compilation, -O0
FAIL: gcc.c-torture/execute/memcheck/t3.c compilation, -O1
FAIL: gcc.c-torture/execute/memcheck/t3.c compilation, -O2
FAIL: gcc.c-torture/execute/memcheck/t3.c compilation, -O3 -fomit-frame-pointer
FAIL: gcc.c-torture/execute/memcheck/t3.c compilation, -O3 -g
FAIL: gcc.c-torture/execute/memcheck/t3.c compilation, -O3 -fssa
FAIL: gcc.c-torture/execute/memcheck/t3.c compilation, -Os
FAIL: gcc.c-torture/execute/memcheck/t4.c compilation, -O0
FAIL: gcc.c-torture/execute/memcheck/t4.c compilation, -O1
FAIL: gcc.c-torture/execute/memcheck/t4.c compilation, -O2
FAIL: gcc.c-torture/execute/memcheck/t4.c compilation, -O3 -fomit-frame-pointer
FAIL: gcc.c-torture/execute/memcheck/t4.c compilation, -O3 -g
FAIL: gcc.c-torture/execute/memcheck/t4.c compilation, -O3 -fssa
FAIL: gcc.c-torture/execute/memcheck/t4.c compilation, -Os
FAIL: gcc.c-torture/execute/memcheck/t5.c compilation, -O0
FAIL: gcc.c-torture/execute/memcheck/t5.c compilation, -O1
FAIL: gcc.c-torture/execute/memcheck/t5.c compilation, -O2
FAIL: gcc.c-torture/execute/memcheck/t5.c compilation, -O3 -fomit-frame-pointer
FAIL: gcc.c-torture/execute/memcheck/t5.c compilation, -O3 -g
FAIL: gcc.c-torture/execute/memcheck/t5.c compilation, -O3 -fssa
FAIL: gcc.c-torture/execute/memcheck/t5.c compilation, -Os
FAIL: gcc.c-torture/execute/memcheck/t6.c compilation, -O0
FAIL: gcc.c-torture/execute/memcheck/t6.c compilation, -O1
FAIL: gcc.c-torture/execute/memcheck/t6.c compilation, -O2
FAIL: gcc.c-torture/execute/memcheck/t6.c compilation, -O3 -fomit-frame-pointer
FAIL: gcc.c-torture/execute/memcheck/t6.c compilation, -O3 -g
FAIL: gcc.c-torture/execute/memcheck/t6.c compilation, -O3 -fssa
FAIL: gcc.c-torture/execute/memcheck/t6.c compilation, -Os
FAIL: gcc.c-torture/execute/memcheck/t7.c compilation, -O0
FAIL: gcc.c-torture/execute/memcheck/t7.c compilation, -O1
FAIL: gcc.c-torture/execute/memcheck/t7.c compilation, -O2
FAIL: gcc.c-torture/execute/memcheck/t7.c compilation, -O3 -fomit-frame-pointer
FAIL: gcc.c-torture/execute/memcheck/t7.c compilation, -O3 -g
FAIL: gcc.c-torture/execute/memcheck/t7.c compilation, -O3 -fssa
FAIL: gcc.c-torture/execute/memcheck/t7.c compilation, -Os
FAIL: gcc.c-torture/execute/memcheck/t8.c compilation, -O0
FAIL: gcc.c-torture/execute/memcheck/t8.c compilation, -O1
FAIL: gcc.c-torture/execute/memcheck/t8.c compilation, -O2
FAIL: gcc.c-torture/execute/memcheck/t8.c compilation, -O3 -fomit-frame-pointer
FAIL: gcc.c-torture/execute/memcheck/t8.c compilation, -O3 -g
FAIL: gcc.c-torture/execute/memcheck/t8.c compilation, -O3 -fssa
FAIL: gcc.c-torture/execute/memcheck/t8.c compilation, -Os
FAIL: gcc.c-torture/execute/memcheck/t9.c compilation, -O0
FAIL: gcc.c-torture/execute/memcheck/t9.c compilation, -O1
FAIL: gcc.c-torture/execute/memcheck/t9.c compilation, -O2
FAIL: gcc.c-torture/execute/memcheck/t9.c compilation, -O3 -fomit-frame-pointer
FAIL: gcc.c-torture/execute/memcheck/t9.c compilation, -O3 -g
FAIL: gcc.c-torture/execute/memcheck/t9.c compilation, -O3 -fssa
FAIL: gcc.c-torture/execute/memcheck/t9.c compilation, -Os
FAIL: gcc.dg/cpp/lexstrng.c (test for excess errors)
FAIL: gcc.dg/cpp/paste2.c (test for excess errors)
FAIL: gcc.dg/c90-array-lval-1.c (test for excess errors)
FAIL: gcc.dg/c99-array-lval-1.c (test for excess errors)
FAIL: alias-1.c
FAIL: wkali-1.c
=== gcc Summary for unix/-maix64 ===
# of expected passes 12777
# of unexpected failures 116
# of expected failures 47
# of unresolved testcases 80
# of unsupported tests 39
Running target unix
FAIL: gcc.c-torture/compile/960829-1.c, -O0
FAIL: gcc.c-torture/compile/960829-1.c, -O1
FAIL: gcc.c-torture/compile/960829-1.c, -O2
FAIL: gcc.c-torture/compile/960829-1.c, -O3 -fomit-frame-pointer
FAIL: gcc.c-torture/compile/960829-1.c, -O3 -g
FAIL: gcc.c-torture/compile/960829-1.c, -O3 -fssa
FAIL: gcc.c-torture/compile/960829-1.c, -Os
FAIL: gcc.c-torture/compile/981001-2.c, -O3 -fomit-frame-pointer
FAIL: gcc.c-torture/compile/981001-2.c, -O3 -g
FAIL: gcc.c-torture/compile/981001-2.c, -O3 -fssa
FAIL: gcc.c-torture/compile/20000804-1.c, -O0
FAIL: gcc.c-torture/compile/20000804-1.c, -O1
FAIL: gcc.c-torture/compile/20000804-1.c, -O2
FAIL: gcc.c-torture/compile/20000804-1.c, -O3 -fomit-frame-pointer
FAIL: gcc.c-torture/compile/20000804-1.c, -O3 -g
FAIL: gcc.c-torture/compile/20000804-1.c, -O3 -fssa
FAIL: gcc.c-torture/compile/20000804-1.c, -Os
FAIL: gcc.c-torture/execute/20000225-1.c execution, -O2
FAIL: gcc.c-torture/execute/20000225-1.c execution, -O3 -fomit-frame-pointer
FAIL: gcc.c-torture/execute/20000225-1.c execution, -O3 -fomit-frame-pointer -funroll-loops
FAIL: gcc.c-torture/execute/20000225-1.c execution, -O3 -fomit-frame-pointer -funroll-all-loops -finline-functions
FAIL: gcc.c-torture/execute/20000225-1.c execution, -O3 -g
FAIL: gcc.c-torture/execute/20000225-1.c execution, -O3 -fssa
FAIL: gcc.c-torture/execute/20000225-1.c execution, -Os
FAIL: gcc.c-torture/execute/20000412-3.c execution, -O0
FAIL: gcc.c-torture/execute/20000412-3.c execution, -O1
FAIL: gcc.c-torture/execute/20000412-3.c execution, -O2
FAIL: gcc.c-torture/execute/20000412-3.c execution, -O3 -fomit-frame-pointer
FAIL: gcc.c-torture/execute/20000412-3.c execution, -O3 -g
FAIL: gcc.c-torture/execute/20000412-3.c execution, -O3 -fssa
FAIL: gcc.c-torture/execute/20000412-3.c execution, -Os
FAIL: gcc.c-torture/execute/eeprof-1.c execution, -O0
FAIL: gcc.c-torture/execute/eeprof-1.c execution, -O1
FAIL: gcc.c-torture/execute/eeprof-1.c execution, -O2
FAIL: gcc.c-torture/execute/eeprof-1.c execution, -O3 -fomit-frame-pointer
FAIL: gcc.c-torture/execute/eeprof-1.c execution, -O3 -g
FAIL: gcc.c-torture/execute/eeprof-1.c execution, -O3 -fssa
FAIL: gcc.c-torture/execute/eeprof-1.c execution, -Os
FAIL: gcc.c-torture/execute/va-arg-17.c compilation, -O0
FAIL: gcc.c-torture/execute/va-arg-17.c compilation, -O1
FAIL: gcc.c-torture/execute/va-arg-17.c compilation, -O2
FAIL: gcc.c-torture/execute/va-arg-17.c compilation, -O3 -fomit-frame-pointer
FAIL: gcc.c-torture/execute/va-arg-17.c compilation, -O3 -g
FAIL: gcc.c-torture/execute/va-arg-17.c compilation, -O3 -fssa
FAIL: gcc.c-torture/execute/va-arg-17.c compilation, -Os
FAIL: gcc.c-torture/execute/va-arg-5.c compilation, -O0
FAIL: gcc.c-torture/execute/va-arg-5.c compilation, -O1
FAIL: gcc.c-torture/execute/va-arg-5.c compilation, -O2
FAIL: gcc.c-torture/execute/va-arg-5.c compilation, -O3 -fomit-frame-pointer
FAIL: gcc.c-torture/execute/va-arg-5.c compilation, -O3 -g
FAIL: gcc.c-torture/execute/va-arg-5.c compilation, -O3 -fssa
FAIL: gcc.c-torture/execute/va-arg-5.c compilation, -Os
FAIL: gcc.c-torture/execute/va-arg-7.c compilation, -O0
FAIL: gcc.c-torture/execute/va-arg-7.c compilation, -O1
FAIL: gcc.c-torture/execute/va-arg-7.c compilation, -O2
FAIL: gcc.c-torture/execute/va-arg-7.c compilation, -O3 -fomit-frame-pointer
FAIL: gcc.c-torture/execute/va-arg-7.c compilation, -O3 -g
FAIL: gcc.c-torture/execute/va-arg-7.c compilation, -O3 -fssa
FAIL: gcc.c-torture/execute/va-arg-7.c compilation, -Os
FAIL: gcc.c-torture/execute/memcheck/blkarg.c compilation, -O0
FAIL: gcc.c-torture/execute/memcheck/blkarg.c compilation, -O1
FAIL: gcc.c-torture/execute/memcheck/blkarg.c compilation, -O2
FAIL: gcc.c-torture/execute/memcheck/blkarg.c compilation, -O3 -fomit-frame-pointer
FAIL: gcc.c-torture/execute/memcheck/blkarg.c compilation, -O3 -g
FAIL: gcc.c-torture/execute/memcheck/blkarg.c compilation, -O3 -fssa
FAIL: gcc.c-torture/execute/memcheck/blkarg.c compilation, -Os
FAIL: gcc.c-torture/execute/memcheck/t1.c compilation, -O0
FAIL: gcc.c-torture/execute/memcheck/t1.c compilation, -O1
FAIL: gcc.c-torture/execute/memcheck/t1.c compilation, -O2
FAIL: gcc.c-torture/execute/memcheck/t1.c compilation, -O3 -fomit-frame-pointer
FAIL: gcc.c-torture/execute/memcheck/t1.c compilation, -O3 -g
FAIL: gcc.c-torture/execute/memcheck/t1.c compilation, -O3 -fssa
FAIL: gcc.c-torture/execute/memcheck/t1.c compilation, -Os
FAIL: gcc.c-torture/execute/memcheck/t2.c compilation, -O0
FAIL: gcc.c-torture/execute/memcheck/t2.c compilation, -O1
FAIL: gcc.c-torture/execute/memcheck/t2.c compilation, -O2
FAIL: gcc.c-torture/execute/memcheck/t2.c compilation, -O3 -fomit-frame-pointer
FAIL: gcc.c-torture/execute/memcheck/t2.c compilation, -O3 -g
FAIL: gcc.c-torture/execute/memcheck/t2.c compilation, -O3 -fssa
FAIL: gcc.c-torture/execute/memcheck/t2.c compilation, -Os
FAIL: gcc.c-torture/execute/memcheck/t3.c compilation, -O0
FAIL: gcc.c-torture/execute/memcheck/t3.c compilation, -O1
FAIL: gcc.c-torture/execute/memcheck/t3.c compilation, -O2
FAIL: gcc.c-torture/execute/memcheck/t3.c compilation, -O3 -fomit-frame-pointer
FAIL: gcc.c-torture/execute/memcheck/t3.c compilation, -O3 -g
FAIL: gcc.c-torture/execute/memcheck/t3.c compilation, -O3 -fssa
FAIL: gcc.c-torture/execute/memcheck/t3.c compilation, -Os
FAIL: gcc.c-torture/execute/memcheck/t4.c compilation, -O0
FAIL: gcc.c-torture/execute/memcheck/t4.c compilation, -O1
FAIL: gcc.c-torture/execute/memcheck/t4.c compilation, -O2
FAIL: gcc.c-torture/execute/memcheck/t4.c compilation, -O3 -fomit-frame-pointer
FAIL: gcc.c-torture/execute/memcheck/t4.c compilation, -O3 -g
FAIL: gcc.c-torture/execute/memcheck/t4.c compilation, -O3 -fssa
FAIL: gcc.c-torture/execute/memcheck/t4.c compilation, -Os
FAIL: gcc.c-torture/execute/memcheck/t5.c compilation, -O0
FAIL: gcc.c-torture/execute/memcheck/t5.c compilation, -O1
FAIL: gcc.c-torture/execute/memcheck/t5.c compilation, -O2
FAIL: gcc.c-torture/execute/memcheck/t5.c compilation, -O3 -fomit-frame-pointer
FAIL: gcc.c-torture/execute/memcheck/t5.c compilation, -O3 -g
FAIL: gcc.c-torture/execute/memcheck/t5.c compilation, -O3 -fssa
FAIL: gcc.c-torture/execute/memcheck/t5.c compilation, -Os
FAIL: gcc.c-torture/execute/memcheck/t6.c compilation, -O0
FAIL: gcc.c-torture/execute/memcheck/t6.c compilation, -O1
FAIL: gcc.c-torture/execute/memcheck/t6.c compilation, -O2
FAIL: gcc.c-torture/execute/memcheck/t6.c compilation, -O3 -fomit-frame-pointer
FAIL: gcc.c-torture/execute/memcheck/t6.c compilation, -O3 -g
FAIL: gcc.c-torture/execute/memcheck/t6.c compilation, -O3 -fssa
FAIL: gcc.c-torture/execute/memcheck/t6.c compilation, -Os
FAIL: gcc.c-torture/execute/memcheck/t7.c compilation, -O0
FAIL: gcc.c-torture/execute/memcheck/t7.c compilation, -O1
FAIL: gcc.c-torture/execute/memcheck/t7.c compilation, -O2
FAIL: gcc.c-torture/execute/memcheck/t7.c compilation, -O3 -fomit-frame-pointer
FAIL: gcc.c-torture/execute/memcheck/t7.c compilation, -O3 -g
FAIL: gcc.c-torture/execute/memcheck/t7.c compilation, -O3 -fssa
FAIL: gcc.c-torture/execute/memcheck/t7.c compilation, -Os
FAIL: gcc.c-torture/execute/memcheck/t8.c compilation, -O0
FAIL: gcc.c-torture/execute/memcheck/t8.c compilation, -O1
FAIL: gcc.c-torture/execute/memcheck/t8.c compilation, -O2
FAIL: gcc.c-torture/execute/memcheck/t8.c compilation, -O3 -fomit-frame-pointer
FAIL: gcc.c-torture/execute/memcheck/t8.c compilation, -O3 -g
FAIL: gcc.c-torture/execute/memcheck/t8.c compilation, -O3 -fssa
FAIL: gcc.c-torture/execute/memcheck/t8.c compilation, -Os
FAIL: gcc.c-torture/execute/memcheck/t9.c compilation, -O0
FAIL: gcc.c-torture/execute/memcheck/t9.c compilation, -O1
FAIL: gcc.c-torture/execute/memcheck/t9.c compilation, -O2
FAIL: gcc.c-torture/execute/memcheck/t9.c compilation, -O3 -fomit-frame-pointer
FAIL: gcc.c-torture/execute/memcheck/t9.c compilation, -O3 -g
FAIL: gcc.c-torture/execute/memcheck/t9.c compilation, -O3 -fssa
FAIL: gcc.c-torture/execute/memcheck/t9.c compilation, -Os
FAIL: gcc.dg/cpp/lexstrng.c (test for excess errors)
FAIL: gcc.dg/cpp/paste2.c (test for excess errors)
FAIL: gcc.dg/c90-array-lval-1.c (test for excess errors)
FAIL: gcc.dg/c99-array-lval-1.c (test for excess errors)
FAIL: alias-1.c
FAIL: wkali-1.c
=== gcc Summary for unix ===
# of expected passes 12744
# of unexpected failures 135
# of expected failures 47
# of unresolved testcases 94
# of unsupported tests 39
=== gcc Summary ===
# of expected passes 25521
# of unexpected failures 251
# of expected failures 94
# of unresolved testcases 174
# of unsupported tests 78
/toto/geoffk/build/egcs-mainline/H-powerpc-ibm-aix4.3.3.0/T-powerpc-ibm-aix4.3.3.0/gcc/xgcc version 2.96 20000814 (experimental)
=== g++ tests ===
Running target unix/-maix64
FAIL: g++.eh/badalloc1.C Execution test
FAIL: g++.ext/attrib5.C (test for excess errors)
FAIL: g++.ext/instantiate1.C not instantiated (test for errors, line 18)
FAIL: g++.ext/instantiate1.C not instantiated (test for errors, line 20)
FAIL: g++.ext/instantiate2.C not instantiated (test for errors, line 16)
FAIL: g++.ext/instantiate3.C not instantiated (test for errors, line 13)
FAIL: g++.jason/thunk2.C (test for excess errors)
FAIL: g++.mike/eh30.C (test for excess errors)
FAIL: g++.mike/p4750.C (test for excess errors)
FAIL: g++.ns/koenig7.C (test for excess errors)
FAIL: g++.other/crash18.C (test for excess errors)
FAIL: g++.other/ptrmem6.C (test for excess errors)
XPASS: g++.pt/decl2.C ICE - (test for errors, line 8)
FAIL: g++.pt/static3.C (test for excess errors)
FAIL: g++.pt/static6.C (test for excess errors)
FAIL: g++.pt/static8.C (test for excess errors)
FAIL: g++.robertl/eb106.C (test for excess errors)
=== g++ Summary for unix/-maix64 ===
# of expected passes 5926
# of unexpected failures 16
# of unexpected successes 1
# of expected failures 101
# of untested testcases 18
Running target unix
FAIL: g++.ext/attrib5.C (test for excess errors)
FAIL: g++.ext/instantiate1.C not instantiated (test for errors, line 18)
FAIL: g++.ext/instantiate1.C not instantiated (test for errors, line 20)
FAIL: g++.ext/instantiate2.C not instantiated (test for errors, line 16)
FAIL: g++.ext/instantiate3.C not instantiated (test for errors, line 13)
FAIL: g++.jason/thunk2.C (test for excess errors)
FAIL: g++.mike/eh30.C (test for excess errors)
FAIL: g++.mike/p4750.C (test for excess errors)
FAIL: g++.ns/koenig7.C (test for excess errors)
FAIL: g++.other/crash18.C (test for excess errors)
FAIL: g++.other/ptrmem6.C (test for excess errors)
XPASS: g++.pt/decl2.C ICE - (test for errors, line 8)
FAIL: g++.pt/static3.C (test for excess errors)
FAIL: g++.pt/static6.C (test for excess errors)
FAIL: g++.pt/static8.C (test for excess errors)
FAIL: g++.robertl/eb106.C (test for excess errors)
=== g++ Summary for unix ===
# of expected passes 5927
# of unexpected failures 15
# of unexpected successes 1
# of expected failures 101
# of untested testcases 18
=== g++ Summary ===
# of expected passes 11853
# of unexpected failures 31
# of unexpected successes 2
# of expected failures 202
# of untested testcases 36
/toto/geoffk/build/egcs-mainline/H-powerpc-ibm-aix4.3.3.0/T-powerpc-ibm-aix4.3.3.0/gcc/testsuite/../g++ version 2.96 20000814 (experimental)
=== g77 tests ===
Running target unix/-maix64
=== g77 Summary for unix/-maix64 ===
# of expected passes 983
Running target unix
FAIL: g77.f-torture/execute/19990325-0.f execution, -O0
FAIL: g77.f-torture/execute/19990325-0.f execution, -O1
FAIL: g77.f-torture/execute/19990325-0.f execution, -O2
FAIL: g77.f-torture/execute/19990325-0.f execution, -O2 -fomit-frame-pointer -finline-functions
FAIL: g77.f-torture/execute/19990325-0.f execution, -O3 -g
FAIL: g77.f-torture/execute/19990325-0.f execution, -O3 -fssa
FAIL: g77.f-torture/execute/19990325-0.f execution, -Os
FAIL: g77.f-torture/execute/19990325-1.f execution, -O0
FAIL: g77.f-torture/execute/19990325-1.f execution, -O1
FAIL: g77.f-torture/execute/19990325-1.f execution, -O2
FAIL: g77.f-torture/execute/19990325-1.f execution, -O2 -fomit-frame-pointer -finline-functions
FAIL: g77.f-torture/execute/19990325-1.f execution, -O3 -g
FAIL: g77.f-torture/execute/19990325-1.f execution, -O3 -fssa
FAIL: g77.f-torture/execute/19990325-1.f execution, -Os
FAIL: g77.f-torture/execute/alpha2.f execution, -O0
FAIL: g77.f-torture/execute/alpha2.f execution, -O1
FAIL: g77.f-torture/execute/alpha2.f execution, -O2
FAIL: g77.f-torture/execute/alpha2.f execution, -O2 -fomit-frame-pointer -finline-functions
FAIL: g77.f-torture/execute/alpha2.f execution, -O3 -g
FAIL: g77.f-torture/execute/alpha2.f execution, -O3 -fssa
FAIL: g77.f-torture/execute/alpha2.f execution, -Os
FAIL: g77.f-torture/execute/io0.f execution, -O0
FAIL: g77.f-torture/execute/io0.f execution, -O1
FAIL: g77.f-torture/execute/io0.f execution, -O2
FAIL: g77.f-torture/execute/io0.f execution, -O2 -fomit-frame-pointer -finline-functions
FAIL: g77.f-torture/execute/io0.f execution, -O3 -g
FAIL: g77.f-torture/execute/io0.f execution, -O3 -fssa
FAIL: g77.f-torture/execute/io0.f execution, -Os
FAIL: g77.f-torture/execute/u77-test.f execution, -O0
FAIL: g77.f-torture/execute/u77-test.f execution, -O1
FAIL: g77.f-torture/execute/u77-test.f execution, -O2
FAIL: g77.f-torture/execute/u77-test.f execution, -O2 -fomit-frame-pointer -finline-functions
FAIL: g77.f-torture/execute/u77-test.f execution, -O2 -fomit-frame-pointer -finline-functions -funroll-loops
FAIL: g77.f-torture/execute/u77-test.f execution, -O2 -fomit-frame-pointer -finline-functions -funroll-all-loops
FAIL: g77.f-torture/execute/u77-test.f execution, -O3 -g
FAIL: g77.f-torture/execute/u77-test.f execution, -O3 -fssa
FAIL: g77.f-torture/execute/u77-test.f execution, -Os
=== g77 Summary for unix ===
# of expected passes 946
# of unexpected failures 37
=== g77 Summary ===
# of expected passes 1929
# of unexpected failures 37
=== objc tests ===
Running target unix/-maix64
FAIL: objc/execute/bf-1.m compilation, -O
FAIL: objc/execute/bf-10.m compilation, -O
FAIL: objc/execute/bf-11.m compilation, -O
FAIL: objc/execute/bf-12.m compilation, -O
FAIL: objc/execute/bf-13.m compilation, -O
FAIL: objc/execute/bf-14.m compilation, -O
FAIL: objc/execute/bf-15.m compilation, -O
FAIL: objc/execute/bf-16.m compilation, -O
FAIL: objc/execute/bf-17.m compilation, -O
FAIL: objc/execute/bf-18.m compilation, -O
FAIL: objc/execute/bf-19.m compilation, -O
FAIL: objc/execute/bf-2.m compilation, -O
FAIL: objc/execute/bf-20.m compilation, -O
FAIL: objc/execute/bf-3.m compilation, -O
FAIL: objc/execute/bf-4.m compilation, -O
FAIL: objc/execute/bf-5.m compilation, -O
FAIL: objc/execute/bf-6.m compilation, -O
FAIL: objc/execute/bf-7.m compilation, -O
FAIL: objc/execute/bf-8.m compilation, -O
FAIL: objc/execute/bf-9.m compilation, -O
FAIL: objc/execute/string1.m compilation, -O
FAIL: objc/execute/string2.m compilation, -O
=== objc Summary for unix/-maix64 ===
# of unexpected failures 22
# of untested testcases 22
Running target unix
FAIL: objc/execute/bf-1.m compilation, -O
FAIL: objc/execute/bf-10.m compilation, -O
FAIL: objc/execute/bf-11.m compilation, -O
FAIL: objc/execute/bf-12.m compilation, -O
FAIL: objc/execute/bf-13.m compilation, -O
FAIL: objc/execute/bf-14.m compilation, -O
FAIL: objc/execute/bf-15.m compilation, -O
FAIL: objc/execute/bf-16.m compilation, -O
FAIL: objc/execute/bf-17.m compilation, -O
FAIL: objc/execute/bf-18.m compilation, -O
FAIL: objc/execute/bf-19.m compilation, -O
FAIL: objc/execute/bf-2.m compilation, -O
FAIL: objc/execute/bf-20.m compilation, -O
FAIL: objc/execute/bf-3.m compilation, -O
FAIL: objc/execute/bf-4.m compilation, -O
FAIL: objc/execute/bf-5.m compilation, -O
FAIL: objc/execute/bf-6.m compilation, -O
FAIL: objc/execute/bf-7.m compilation, -O
FAIL: objc/execute/bf-8.m compilation, -O
FAIL: objc/execute/bf-9.m compilation, -O
FAIL: objc/execute/string1.m compilation, -O
FAIL: objc/execute/string2.m compilation, -O
=== objc Summary for unix ===
# of unexpected failures 22
# of untested testcases 22
=== objc Summary ===
# of unexpected failures 44
# of untested testcases 44
/toto/geoffk/build/egcs-mainline/H-powerpc-ibm-aix4.3.3.0/T-powerpc-ibm-aix4.3.3.0/gcc/xgcc version 2.96 20000814 (experimental)
Compiler version: 2.96 20000814 (experimental)
Platform: rs6000-ibm-aix4.3.3.0
configure flags: --host=rs6000-ibm-aix4.3.3.0 --enable-checking=tree,gc,misc
Counting all warnings,
there are 149 warnings in stage3 of this bootstrap.
Number of warnings per file:
40 /bluey/geoffk/co/egcs-mainline/egcs/gcc/libgcc2.c
32 /bluey/geoffk/co/egcs-mainline/egcs/gcc/combine.c
11 /bluey/geoffk/co/egcs-mainline/egcs/gcc/expr.c
10 /bluey/geoffk/co/egcs-mainline/egcs/gcc/intl/gettext.h
7 /bluey/geoffk/co/egcs-mainline/egcs/gcc/cse.c
7 /bluey/geoffk/co/egcs-mainline/egcs/gcc/config/rs6000/rs6000.c
5 /bluey/geoffk/co/egcs-mainline/egcs/gcc/loop.c
4 /bluey/geoffk/co/egcs-mainline/egcs/gcc/java/jcf-reader.c
3 /bluey/geoffk/co/egcs-mainline/egcs/gcc/reload1.c
3 /bluey/geoffk/co/egcs-mainline/egcs/gcc/regmove.c
3 /bluey/geoffk/co/egcs-mainline/egcs/gcc/gcc.c
3 /bluey/geoffk/co/egcs-mainline/egcs/gcc/collect2.c
2 /bluey/geoffk/co/egcs-mainline/egcs/gcc/varasm.c
2 /bluey/geoffk/co/egcs-mainline/egcs/gcc/function.c
2 /bluey/geoffk/co/egcs-mainline/egcs/gcc/fold-const.c
2 /bluey/geoffk/co/egcs-mainline/egcs/gcc/cpplex.c
2 /bluey/geoffk/co/egcs-mainline/egcs/gcc/alias.c
1 insn-emit.c
1 /bluey/geoffk/co/egcs-mainline/egcs/gcc/java/jvspec.c
1 /bluey/geoffk/co/egcs-mainline/egcs/gcc/intl/localealias.c
1 /bluey/geoffk/co/egcs-mainline/egcs/gcc/gcse.c
1 /bluey/geoffk/co/egcs-mainline/egcs/gcc/flow.c
1 /bluey/geoffk/co/egcs-mainline/egcs/gcc/final.c
1 /bluey/geoffk/co/egcs-mainline/egcs/gcc/f/lang-specs.h
1 /bluey/geoffk/co/egcs-mainline/egcs/gcc/expmed.c
1 /bluey/geoffk/co/egcs-mainline/egcs/gcc/cppexp.c
1 /bluey/geoffk/co/egcs-mainline/egcs/gcc/cp/error.c
1 /bluey/geoffk/co/egcs-mainline/egcs/gcc/cp/errfn.c
Number of warning types:
56 comparison between signed and unsigned
17 signed and unsigned type in conditional expression
17 implicit declaration of function \`???'
13 function declaration isn't a prototype
12 traditional C rejects the \`???' suffix
8 no previous prototype for \`???'
8 alignment of \`???' is greater than maximum object file alignment. Using 8.
5 string length \`???' is greater than the minimum length \`???' ISO C89 is required to support
5 \`???' defined but not used
3 \`???' might be used uninitialized in this function
2 unused variable \`???'
1 unused parameter \`???'
1 pointer targets in passing arg ??? of \`???' differ in signedness
1 \`long' switch expression not converted to \`int' in ISO C