This is the mail archive of the
gcc-testresults@gcc.gnu.org
mailing list for the GCC project.
Results for 2.96 20000811 (experimental) testsuite on i586-redhat6-linux-gnu
- To: gcc-testresults at gcc dot gnu dot org
- Subject: Results for 2.96 20000811 (experimental) testsuite on i586-redhat6-linux-gnu
- From: Manfred Hollstein <manfredh at redhat dot com>
- Date: Fri, 11 Aug 2000 20:48:31 +0200 (MEST)
- Reply-To: Manfred Hollstein <manfred dot h at gmx dot net>
Compiler version: 2.96 20000811 (experimental)
Platform: i586-redhat6-linux-gnu
Sources: - gcc mainline from CVS last updated at
2000/08/11 17:02:52 +0200
- libg++-2.8.1.3
- libg++-2.8.1.3-20000312.diff.gz
- libg++-2.8.1.3-20000419.diff.gz
Patches: [1] `PATCH: Re-enable building libg++'
from <manfredh@redhat.com>
[2] `PATCH[cvs-20000811]: Fix objc documentation'
from <manfredh@redhat.com>
Environment: - autoconf-2.13-5
- automake-1.4-6
- binutils-20000811 via anonymous CVS from
anoncvs.cygnus.com
- dejagnu-19990614
- Red Hat Linux 6.2
+ recommended updates as of today
- Kernel 2.2.16-18 (RH 7.0 beta) (compiled by "gcc version
egcs-2.91.66 19990314/Linux (egcs-1.1.2 release)")
- glibc-2.1.3-15
- glibc-devel-2.1.3-15
Remarks: None.
configure flags: --host=i586-redhat6-linux-gnu --target=i586-redhat6-linux-gnu --srcdir=../egcs-20000811 --prefix=/opt/gnu --exec-prefix=/opt/gnu/H-ia32-linux --with-gnu-as --with-gnu-ld --enable-libstdcxx-v3=no --enable-checking=no --enable-shared --enable-version-specific-runtime-libs --enable-java-gc=boehm --enable-fast-character --enable-threads=posix --with-local-prefix=/opt/gnu --enable-nls --verbose
BOOT_CC: gcc version 2.95.3 19991030 (prerelease)
BOOT_CFLAGS: -O9 -march=pentium -fomit-frame-pointer -funroll-loops
CFLAGS: -O9 -march=pentium -fomit-frame-pointer
CXXFLAGS: -O9 -march=pentium -g
Native configuration is i586-redhat6-linux-gnu
=== libio tests ===
Running target unix
=== libio Summary ===
# of expected passes 40
=== libstdc++ tests ===
Running target unix
=== libstdc++ Summary ===
# of expected passes 30
=== libg++ tests ===
Running target unix
FAIL: tRandom.cc execution
=== libg++ Summary ===
# of expected passes 70
# of unexpected failures 1
# of expected failures 1
=== gcc tests ===
Running target unix
FAIL: gcc.c-torture/compile/20000804-1.c, -O2
FAIL: gcc.c-torture/compile/20000804-1.c, -O3 -fomit-frame-pointer
FAIL: gcc.c-torture/compile/20000804-1.c, -O3 -g
FAIL: gcc.c-torture/compile/20000804-1.c, -O3 -fssa
FAIL: gcc.c-torture/compile/20000804-1.c, -Os
FAIL: gcc.c-torture/execute/20000225-1.c execution, -O2
FAIL: gcc.c-torture/execute/20000225-1.c execution, -O3 -fomit-frame-pointer
FAIL: gcc.c-torture/execute/20000225-1.c execution, -O3 -fomit-frame-pointer -funroll-loops
FAIL: gcc.c-torture/execute/20000225-1.c execution, -O3 -fomit-frame-pointer -funroll-all-loops -finline-functions
FAIL: gcc.c-torture/execute/20000225-1.c execution, -O3 -g
FAIL: gcc.c-torture/execute/20000225-1.c execution, -O3 -fssa
FAIL: gcc.c-torture/execute/20000225-1.c execution, -Os
FAIL: gcc.c-torture/execute/20000412-2.c execution, -O2
FAIL: gcc.c-torture/execute/20000412-2.c execution, -O3 -fomit-frame-pointer
FAIL: gcc.c-torture/execute/20000412-2.c execution, -O3 -g
FAIL: gcc.c-torture/execute/20000412-2.c execution, -O3 -fssa
FAIL: gcc.c-torture/execute/20000412-2.c execution, -Os
FAIL: gcc.c-torture/execute/20000731-2.c execution, -O3 -fomit-frame-pointer -funroll-all-loops -finline-functions
FAIL: gcc.c-torture/execute/960608-1.c execution, -O3 -fomit-frame-pointer
FAIL: gcc.c-torture/execute/960608-1.c execution, -O3 -g
FAIL: gcc.c-torture/execute/960608-1.c execution, -O3 -fssa
FAIL: gcc.dg/20000503-1.c (test for excess errors)
FAIL: gcc.dg/20000614-1.c execution test
FAIL: gcc.dg/20000614-2.c execution test
FAIL: gcc.dg/20000803-1.c (test for excess errors)
FAIL: gcc.dg/991214-1.c (test for excess errors)
FAIL: gcc.dg/noreturn-1.c this function should not get any warnings (test for bogus messages, line 52)
FAIL: gcc.dg/noreturn-1.c detect return from tail call (test for warnings, line 59)
FAIL: gcc.dg/noreturn-2.c noreturn does return (test for bogus messages, line 12)
=== gcc Summary ===
# of expected passes 12982
# of unexpected failures 29
# of expected failures 62
# of unsupported tests 15
/home/gnu/work/GNU/egcs-20000811-i586-redhat6-linux-gnu/gcc/xgcc version 2.96 20000811 (experimental)
=== g++ tests ===
Running target unix
FAIL: g++.brendan/crash20.C (test for excess errors)
FAIL: g++.brendan/crash30.C (test for excess errors)
FAIL: g++.eh/spec2.C Execution test
FAIL: g++.eh/spec3.C Execution test
FAIL: g++.eh/spec4.C Execution test
FAIL: g++.ext/instantiate1.C not instantiated (test for errors, line 18)
FAIL: g++.ext/instantiate1.C not instantiated (test for errors, line 20)
FAIL: g++.jason/template31.C (test for excess errors)
FAIL: g++.law/operators4.C warning (test for errors, line 17)
FAIL: g++.law/operators4.C (test for excess errors)
FAIL: g++.martin/bitset1.C (test for excess errors)
FAIL: g++.mike/dyncast1.C Execution test
FAIL: g++.mike/dyncast2.C Execution test
FAIL: g++.mike/eh33.C Execution test
FAIL: g++.mike/eh50.C Execution test
FAIL: g++.mike/eh51.C Execution test
FAIL: g++.ns/new1.C (test for excess errors)
FAIL: g++.other/crash20.C (test for excess errors)
FAIL: g++.other/headers1.C (test for excess errors)
FAIL: g++.other/init9.C jump from here (test for errors, line 36)
FAIL: g++.other/init9.C jump to here (test for errors, line 38)
FAIL: g++.other/inline2.C (test for excess errors)
FAIL: g++.other/inline7.C (test for excess errors)
FAIL: g++.other/null2.C (test for excess errors)
FAIL: g++.pt/ttp19.C (test for excess errors)
FAIL: g++.pt/ttp40.C (test for excess errors)
FAIL: g++.robertl/eb109.C candidates (test for errors, line 20)
FAIL: g++.robertl/eb109.C no size function (test for errors, line 42)
FAIL: g++.robertl/eb109.C no index operator (test for errors, line 44)
FAIL: g++.robertl/eb109.C no index operator (test for errors, line 48)
FAIL: g++.robertl/eb109.C no index operator (test for errors, line 49)
FAIL: g++.robertl/eb109.C no index operator (test for errors, line 54)
FAIL: g++.robertl/eb109.C (test for excess errors)
FAIL: g++.robertl/eb113.C (test for excess errors)
FAIL: g++.robertl/eb129a.C (test for errors, line 19)
FAIL: g++.robertl/eb129a.C (test for excess errors)
FAIL: g++.robertl/eb130.C (test for excess errors)
FAIL: g++.robertl/eb132.C (test for excess errors)
FAIL: g++.robertl/eb21.C (test for excess errors)
FAIL: g++.robertl/eb41.C (test for excess errors)
FAIL: g++.robertl/eb60.C (test for excess errors)
FAIL: g++.robertl/eb62.C (test for excess errors)
FAIL: g++.robertl/eb7.C (test for excess errors)
FAIL: g++.robertl/eb91.C (test for excess errors)
=== g++ Summary ===
# of expected passes 5846
# of unexpected failures 44
# of expected failures 109
# of untested testcases 7
/home/gnu/work/GNU/egcs-20000811-i586-redhat6-linux-gnu/gcc/testsuite/../g++ version 2.96 20000811 (experimental)
=== g77 tests ===
Running target unix
XPASS: g77.f-torture/compile/20000629-1.f, -O0
XPASS: g77.f-torture/compile/20000629-1.f, -O1
XPASS: g77.f-torture/compile/20000629-1.f, -O2
XPASS: g77.f-torture/compile/20000629-1.f, -O2 -fomit-frame-pointer -finline-functions
XPASS: g77.f-torture/compile/20000629-1.f, -O3 -g
XPASS: g77.f-torture/compile/20000629-1.f, -O3 -fssa
XPASS: g77.f-torture/compile/20000629-1.f, -Os
FAIL: g77.f-torture/execute/short.f execution, -Os
=== g77 Summary ===
# of expected passes 973
# of unexpected failures 1
# of unexpected successes 7
# of expected failures 2
=== objc tests ===
Running target unix
=== objc Summary ===
# of expected passes 44
/home/gnu/work/GNU/egcs-20000811-i586-redhat6-linux-gnu/gcc/xgcc version 2.96 20000811 (experimental)
Counting all warnings,
there are 206 warnings in stage3 of this bootstrap.
Number of warnings per file:
33 ../../egcs-20000811/gcc/combine.c
30 /usr/include/bits/stdio_lim.h
30 /home/gnu/work/GNU/egcs-20000811/libio/stdio/stdio.h
13 ../../egcs-20000811/gcc/expr.c
10 ../../egcs-20000811/gcc/reg-stack.c
10 ../../../egcs-20000811/gcc/intl/gettext.h
7 ../../egcs-20000811/gcc/doloop.c
6 ../../egcs-20000811/gcc/cse.c
5 ../../egcs-20000811/gcc/loop.c
4 cxxmain.c
4 ../../egcs-20000811/gcc/gcc.c
4 ../../egcs-20000811/gcc/diagnostic.c
4 ../../../../egcs-20000811/libg++/src/AllocRing.cc
3 ../../egcs-20000811/gcc/function.c
2 /usr/include/bits/mathinline.h
2 ../../egcs-20000811/gcc/regmove.c
2 ../../egcs-20000811/gcc/libgcc2.c
2 ../../egcs-20000811/gcc/gengenrtl.c
2 ../../egcs-20000811/gcc/fold-const.c
2 ../../egcs-20000811/gcc/cpplex.c
2 ../../egcs-20000811/gcc/alias.c
2 ../../../egcs-20000811/libobjc/objc-features.texi
2 ../../../egcs-20000811/libiberty/cplus-dem.c
2 ../../../egcs-20000811/gcc/java/jcf-reader.c
2 ../../../egcs-20000811/gcc/java/jcf-parse.c
2 ../../../egcs-20000811/gcc/java/expr.c
1 libtool
1 ../../egcs-20000811/gcc/tradcpp.c
1 ../../egcs-20000811/gcc/java/jvspec.c
1 ../../egcs-20000811/gcc/gcse.c
1 ../../egcs-20000811/gcc/final.c
1 ../../egcs-20000811/gcc/f/lang-specs.h
1 ../../egcs-20000811/gcc/expmed.c
1 ../../egcs-20000811/gcc/emit-rtl.c
1 ../../egcs-20000811/gcc/dwarfout.c
1 ../../egcs-20000811/gcc/dwarf2out.c
1 ../../egcs-20000811/gcc/collect2.c
1 ../../../egcs-20000811/libiberty/xexit.c
1 ../../../egcs-20000811/libiberty/cp-demangle.c
1 ../../../egcs-20000811/gcc/java/jvgenmain.c
1 ../../../egcs-20000811/gcc/java/jcf-io.c
1 ../../../egcs-20000811/gcc/cp/typeck2.c
1 ../../../egcs-20000811/gcc/cp/error.c
1 ../../../egcs-20000811/gcc/cp/errfn.c
1 ../../../egcs-20000811/gcc/ch/decl.c
Number of warning types:
63 comparison between signed and unsigned
30 this is the location of the previous definition
22 `FOPEN_MAX' redefined
21 traditional C rejects the `???' suffix
14 `noreturn' function does return
13 control reaches end of non-void function
10 signed and unsigned type in conditional expression
4 string length `???' is greater than the minimum length `???' ISO C89 is required to support
4 deleting `???' is undefined
4 `TMP_MAX' redefined
4 `FILENAME_MAX' redefined
3 function declaration isn't a prototype
2 traditional C rejects initialization of unions
2 `???' defined but not used
1 unused variable `???'
1 remember to run `???'
1 pointer targets in passing arg ??? of `???' differ in signedness
1 passing arg ??? of `???' discards qualifiers from pointer target type
1 no previous prototype for `???'
1 empty body in an if-statement
1 empty body in an else-statement
1 creating `???' node.
1 `???' might be used uninitialized in this function
1 @menu seen before first node.