This is the mail archive of the
gcc-testresults@gcc.gnu.org
mailing list for the GCC project.
Results for 2.96 20000724 (experimental) testsuite on i386-unknown-openbsd2.7
- To: gcc-testresults at gcc dot gnu dot org
- Subject: Results for 2.96 20000724 (experimental) testsuite on i386-unknown-openbsd2.7
- From: Marc Espie <espie at schutzenberger dot liafa dot jussieu dot fr>
- Date: Thu, 27 Jul 2000 01:17:46 +0200 (CEST)
Native configuration is i386-unknown-openbsd2.7
=== libio tests ===
Running target unix
=== libio Summary ===
# of expected passes 40
=== libstdc++ tests ===
Running target unix
=== libstdc++ Summary ===
# of expected passes 30
=== gcc tests ===
Running target unix
FAIL: gcc.c-torture/execute/20000225-1.c execution, -O2
FAIL: gcc.c-torture/execute/20000225-1.c execution, -O3 -fomit-frame-pointer
FAIL: gcc.c-torture/execute/20000225-1.c execution, -O3 -fomit-frame-pointer -funroll-loops
FAIL: gcc.c-torture/execute/20000225-1.c execution, -O3 -fomit-frame-pointer -funroll-all-loops -finline-functions
FAIL: gcc.c-torture/execute/20000225-1.c execution, -O3 -g
FAIL: gcc.c-torture/execute/20000225-1.c execution, -O3 -fssa
FAIL: gcc.c-torture/execute/20000225-1.c execution, -Os
FAIL: gcc.c-torture/execute/20000412-2.c execution, -O2
FAIL: gcc.c-torture/execute/20000412-2.c execution, -O3 -fomit-frame-pointer
FAIL: gcc.c-torture/execute/20000412-2.c execution, -O3 -g
FAIL: gcc.c-torture/execute/20000412-2.c execution, -O3 -fssa
FAIL: gcc.c-torture/execute/20000412-2.c execution, -Os
FAIL: gcc.c-torture/execute/ieee/rbug.c execution, -O0
FAIL: gcc.c-torture/execute/ieee/rbug.c execution, -O1
FAIL: gcc.c-torture/execute/ieee/rbug.c execution, -O2
FAIL: gcc.c-torture/execute/ieee/rbug.c execution, -Os
FAIL: gcc.dg/cpp/19990413-1.c error on this line (test for errors, line 12)
FAIL: gcc.dg/cpp/19990413-1.c (test for excess errors)
FAIL: gcc.dg/cpp/digraph2.c (test for errors, line 12)
FAIL: gcc.dg/cpp/digraph2.c (test for excess errors)
FAIL: gcc.dg/cpp/paste4.c (test for excess errors)
FAIL: gcc.dg/20000614-1.c (test for excess errors)
FAIL: gcc.dg/991209-1.c (test for excess errors)
FAIL: gcc.dg/991214-1.c (test for excess errors)
XPASS: gcc.dg/c90-digraph-1.c execution test
FAIL: gcc.dg/c90-impl-decl-1.c implicit declaration warning for strcmp (test for bogus messages, line 21)
FAIL: gcc.dg/c90-restrict-1.c restrict not in C90 (test for errors, line 6)
FAIL: gcc.dg/c90-restrict-1.c (test for excess errors)
FAIL: gcc.dg/compare2.c case 10 (test for bogus messages, line 29)
FAIL: gcc.dg/noreturn-1.c this function should not get any warnings (test for bogus messages, line 52)
FAIL: gcc.dg/noreturn-1.c detect return from tail call (test for warnings, line 59)
FAIL: gcc.dg/noreturn-2.c noreturn does return (test for bogus messages, line 12)
FAIL: gcc.dg/noncompile/920721-2.c (test for errors, line 5)
FAIL: gcc.dg/noncompile/920721-2.c (test for excess errors)
FAIL: gcc.dg/noncompile/920923-1.c (test for errors, line 4)
FAIL: gcc.dg/noncompile/920923-1.c (test for errors, line 10)
FAIL: gcc.dg/noncompile/920923-1.c (test for errors, line 12)
FAIL: gcc.dg/noncompile/920923-1.c (test for errors, line 16)
FAIL: gcc.dg/noncompile/920923-1.c (test for warnings, line 18)
FAIL: gcc.dg/noncompile/920923-1.c (test for errors, line 20)
FAIL: gcc.dg/noncompile/920923-1.c (test for errors, line 21)
FAIL: gcc.dg/noncompile/920923-1.c (test for errors, line 27)
FAIL: gcc.dg/noncompile/920923-1.c (test for errors, line 32)
FAIL: gcc.dg/noncompile/920923-1.c (test for errors, line 42)
FAIL: gcc.dg/noncompile/920923-1.c (test for errors, line 49)
FAIL: gcc.dg/noncompile/920923-1.c (test for errors, line 50)
FAIL: gcc.dg/noncompile/920923-1.c (test for errors, line 55)
FAIL: gcc.dg/noncompile/920923-1.c (test for errors, line 58)
FAIL: gcc.dg/noncompile/920923-1.c (test for errors, line 59)
FAIL: gcc.dg/noncompile/920923-1.c (test for errors, line 61)
FAIL: gcc.dg/noncompile/920923-1.c (test for errors, line 66)
FAIL: gcc.dg/noncompile/920923-1.c (test for errors, line 69)
FAIL: gcc.dg/noncompile/920923-1.c (test for errors, line 72)
FAIL: gcc.dg/noncompile/920923-1.c (test for errors, line 74)
FAIL: gcc.dg/noncompile/920923-1.c (test for errors, line 77)
FAIL: gcc.dg/noncompile/920923-1.c (test for errors, line 78)
FAIL: gcc.dg/noncompile/920923-1.c (test for errors, line 93)
FAIL: gcc.dg/noncompile/920923-1.c (test for errors, line 94)
FAIL: gcc.dg/noncompile/920923-1.c (test for errors, line 95)
FAIL: gcc.dg/noncompile/920923-1.c (test for errors, line 102)
FAIL: gcc.dg/noncompile/920923-1.c (test for errors, line 103)
FAIL: gcc.dg/noncompile/920923-1.c (test for errors, line 108)
FAIL: gcc.dg/noncompile/920923-1.c (test for errors, line 109)
FAIL: gcc.dg/noncompile/920923-1.c (test for excess errors)
FAIL: gcc.dg/noncompile/940112-1.c (test for errors, line 7)
FAIL: gcc.dg/noncompile/940112-1.c (test for excess errors)
FAIL: gcc.dg/noncompile/950921-1.c (test for excess errors)
FAIL: gcc.dg/noncompile/951123-1.c (test for excess errors)
FAIL: gcc.dg/noncompile/971104-1.c (test for errors, line 26)
FAIL: gcc.dg/noncompile/971104-1.c (test for excess errors)
FAIL: gcc.dg/noncompile/990416-1.c (test for errors, line 4)
FAIL: gcc.dg/noncompile/990416-1.c (test for excess errors)
FAIL: gcc.dg/noncompile/redecl-1.c previously declared (test for errors, line 7)
FAIL: gcc.dg/noncompile/redecl-1.c (test for excess errors)
FAIL: gcc.dg/special/weak-1.c execution test
FAIL: gcc.misc-tests/mg.c
=== gcc Summary ===
# of expected passes 11794
# of unexpected failures 75
# of unexpected successes 1
# of expected failures 37
# of unsupported tests 16
/var/www/work/lang/egcs/snapshot/build-i386/gcc/xgcc version 2.96 20000724 (experimental)
=== g++ tests ===
Running target unix
FAIL: g++.eh/crash4.C caused compiler crash
FAIL: g++.law/profile1.C (test for excess errors)
FAIL: g++.other/crash18.C (test for excess errors)
FAIL: g++.other/headers1.C (test for excess errors)
FAIL: g++.robertl/eb4.C referenced below (test for errors, line 9)
FAIL: g++.robertl/eb4.C abstract class (test for errors, line 40)
FAIL: g++.robertl/eb4.C incomplete class (test for errors, line 41)
FAIL: g++.robertl/eb4.C dfs not declared (test for errors, line 46)
FAIL: g++.robertl/eb94.C caused compiler crash
=== g++ Summary ===
# of expected passes 5917
# of unexpected failures 9
# of expected failures 95
# of untested testcases 14
/var/www/work/lang/egcs/snapshot/build-i386/gcc/testsuite/../g++ version 2.96 20000724 (experimental)
=== g77 tests ===
Running target unix
XPASS: g77.f-torture/compile/20000629-1.f, -O0
XPASS: g77.f-torture/compile/20000629-1.f, -O1
XPASS: g77.f-torture/compile/20000629-1.f, -O2
XPASS: g77.f-torture/compile/20000629-1.f, -O2 -fomit-frame-pointer -finline-functions
XPASS: g77.f-torture/compile/20000629-1.f, -O3 -g
XPASS: g77.f-torture/compile/20000629-1.f, -O3 -fssa
XPASS: g77.f-torture/compile/20000629-1.f, -Os
XPASS: g77.f-torture/compile/20000630-2.f, -O0
XPASS: g77.f-torture/compile/20000630-2.f, -O1
XPASS: g77.f-torture/compile/20000630-2.f, -O2
XPASS: g77.f-torture/compile/20000630-2.f, -O2 -fomit-frame-pointer -finline-functions
XPASS: g77.f-torture/compile/20000630-2.f, -O3 -g
XPASS: g77.f-torture/compile/20000630-2.f, -O3 -fssa
XPASS: g77.f-torture/compile/20000630-2.f, -Os
FAIL: g77.f-torture/execute/short.f execution, -Os
=== g77 Summary ===
# of expected passes 966
# of unexpected failures 1
# of unexpected successes 14
# of expected failures 2
=== objc tests ===
Running target unix
=== objc Summary ===
# of expected passes 40
/var/www/work/lang/egcs/snapshot/build-i386/gcc/xgcc version 2.96 20000724 (experimental)
Compiler version: 2.96 20000724 (experimental)
Platform: i386-unknown-openbsd2.7
configure flags: --host=i386-unknown-openbsd2.7 --verbose --program-transform-name=s,^,e, --disable-nls --enable-cpp --with-gnu-as --with-gnu-ld --enable-shared --prefix=\${DESTDIR}/usr/local --sysconfdir=\${DESTDIR}/etc