This is the mail archive of the
gcc-testresults@gcc.gnu.org
mailing list for the GCC project.
Results for 2.96 20000721 (experimental) testsuite on i586-pc-linux-gnu
- To: gcc-testresults at gcc dot gnu dot org
- Subject: Results for 2.96 20000721 (experimental) testsuite on i586-pc-linux-gnu
- From: Andris Pavenis <andris at hal dot astr dot lu dot lv>
- Date: Sat, 22 Jul 2000 06:47:58 +0200
Source: gcc mainline from CVS (last updated 2000 Jul 22 01:01 +0200)
System: Linux kernel 2.4.0-test4
glibc-2.1.3
binutils-2.10.0.12
Addons: libg++-2.8.1.3-20000419
Native configuration is i586-pc-linux-gnu
=== libio tests ===
Running target unix
FAIL: hounddog.cc execution
FAIL: hounddog.cc execution -b0
FAIL: hounddog.cc execution -b2
=== libio Summary ===
# of expected passes 34
# of unexpected failures 3
# of expected failures 3
=== libstdc++ tests ===
Running target unix
FAIL: tstring.cc execution
=== libstdc++ Summary ===
# of expected passes 28
# of unexpected failures 1
# of expected failures 1
=== libg++ tests ===
Running target unix
FAIL: tBitString.cc execution
FAIL: tRational.cc execution
FAIL: tFile.cc execution
FAIL: tFix16.cc execution
FAIL: tFix24.cc execution
FAIL: tInteger.cc execution
FAIL: tRandom.cc execution
FAIL: tString.cc execution
=== libg++ Summary ===
# of expected passes 56
# of unexpected failures 8
# of expected failures 8
=== gcc tests ===
Running target unix
FAIL: gcc.c-torture/execute/20000225-1.c execution, -O2
FAIL: gcc.c-torture/execute/20000225-1.c execution, -O3 -fomit-frame-pointer
FAIL: gcc.c-torture/execute/20000225-1.c execution, -O3 -fomit-frame-pointer -funroll-loops
FAIL: gcc.c-torture/execute/20000225-1.c execution, -O3 -fomit-frame-pointer -funroll-all-loops -finline-functions
FAIL: gcc.c-torture/execute/20000225-1.c execution, -O3 -g
FAIL: gcc.c-torture/execute/20000225-1.c execution, -O3 -fssa
FAIL: gcc.c-torture/execute/20000225-1.c execution, -Os
FAIL: gcc.c-torture/execute/20000412-2.c execution, -O2
FAIL: gcc.c-torture/execute/20000412-2.c execution, -O3 -fomit-frame-pointer
FAIL: gcc.c-torture/execute/20000412-2.c execution, -O3 -g
FAIL: gcc.c-torture/execute/20000412-2.c execution, -O3 -fssa
FAIL: gcc.c-torture/execute/20000412-2.c execution, -Os
FAIL: gcc.dg/20000503-1.c (test for excess errors)
FAIL: gcc.dg/20000609-1.c execution test
FAIL: gcc.dg/20000614-1.c (test for excess errors)
FAIL: gcc.dg/20000614-2.c execution test
FAIL: gcc.dg/991214-1.c (test for excess errors)
XPASS: gcc.dg/c90-digraph-1.c execution test
FAIL: gcc.dg/c90-impl-decl-1.c implicit declaration warning for strcmp (test for bogus messages, line 21)
FAIL: gcc.dg/compare2.c case 10 (test for bogus messages, line 29)
FAIL: gcc.dg/noreturn-1.c this function should not get any warnings (test for bogus messages, line 52)
FAIL: gcc.dg/noreturn-1.c detect return from tail call (test for warnings, line 59)
FAIL: gcc.dg/noreturn-2.c noreturn does return (test for bogus messages, line 12)
FAIL: gcc.misc-tests/mg.c
=== gcc Summary ===
# of expected passes 11395
# of unexpected failures 23
# of unexpected successes 1
# of expected failures 30
# of unsupported tests 15
/disk2/cvs/egcs-curr/build/build.lnx/gcc/xgcc version 2.96 20000721 (experimental)
=== g++ tests ===
Running target unix
FAIL: g++.ext/instantiate1.C not instantiated (test for errors, line 18)
FAIL: g++.ext/instantiate1.C not instantiated (test for errors, line 20)
FAIL: g++.mike/eh34.C Execution test
FAIL: g++.mike/eh55.C Execution test
=== g++ Summary ===
# of expected passes 5930
# of unexpected failures 4
# of expected failures 94
# of untested testcases 8
/disk2/cvs/egcs-curr/build/build.lnx/gcc/testsuite/../g++ version 2.96 20000721 (experimental)
=== g77 tests ===
Running target unix
XPASS: g77.f-torture/compile/20000629-1.f, -O0
XPASS: g77.f-torture/compile/20000629-1.f, -O1
XPASS: g77.f-torture/compile/20000629-1.f, -O2
XPASS: g77.f-torture/compile/20000629-1.f, -O2 -fomit-frame-pointer -finline-functions
XPASS: g77.f-torture/compile/20000629-1.f, -O3 -g
XPASS: g77.f-torture/compile/20000629-1.f, -O3 -fssa
XPASS: g77.f-torture/compile/20000629-1.f, -Os
FAIL: g77.f-torture/execute/short.f execution, -Os
=== g77 Summary ===
# of expected passes 966
# of unexpected failures 1
# of unexpected successes 7
# of expected failures 9
=== objc tests ===
Running target unix
=== objc Summary ===
# of expected passes 40
/disk2/cvs/egcs-curr/build/build.lnx/gcc/xgcc version 2.96 20000721 (experimental)
Compiler version: 2.96 20000721 (experimental)
Platform: i586-pc-linux-gnu
configure flags: --host=i586-pc-linux --enable-shared --with-gnu-ld --verbose
Counting all warnings,
there are 119 warnings in stage3 of this bootstrap.
Number of warnings per file:
30 ../../egcs/gcc/combine.c
13 cc1plus
13 ../../egcs/gcc/expr.c
10 ../../egcs/gcc/reg-stack.c
7 ../../egcs/gcc/cpplex.c
5 ../../egcs/gcc/gcc.c
5 ../../egcs/gcc/cse.c
3 ../../egcs/gcc/gcse.c
2 ../../egcs/gcc/regrename.c
2 ../../egcs/gcc/regmove.c
2 ../../egcs/gcc/libgcc2.c
2 ../../egcs/gcc/function.c
2 ../../egcs/gcc/fold-const.c
2 ../../egcs/gcc/c-common.c
2 ../../egcs/gcc/alias.c
2 ../../../egcs/gcc/intl/dcgettext.c
1 ../../egcs/gcc/real.c
1 ../../egcs/gcc/loop.c
1 ../../egcs/gcc/java/jvspec.c
1 ../../egcs/gcc/f/lang-specs.h
1 ../../egcs/gcc/expmed.c
1 ../../egcs/gcc/errors.c
1 ../../egcs/gcc/dwarfout.c
1 ../../egcs/gcc/config/i386/i386.c
1 ../../../egcs/gcc/java/class.c
1 ../../../egcs/gcc/f/fini.c
1 ../../../egcs/gcc/f/expr.c
1 ../../../egcs/gcc/f/com.c
1 ../../../egcs/gcc/cp/semantics.c
1 ../../../egcs/gcc/cp/lex.c
1 ../../../egcs/gcc/cp/error.c
1 ../../../egcs/gcc/cp/errfn.c
1 ../../../egcs/gcc/cp/cfns.h
Number of warning types:
62 comparison between signed and unsigned
15 signed and unsigned type in conditional expression
13 Ignoring command line option '-Wstrict-prototypes'
7 function declaration isn't a prototype
5 `???' might be used uninitialized in this function
4 string length `???' is greater than the minimum length `???' ANSI C is required to support
3 passing arg ??? of `???' from incompatible pointer type
2 unused variable `???'
2 traditional C lacks a separate namespace for labels, identifier `???' conflicts
1 unused parameter `???'
1 traditional C rejects automatic aggregate initialization
1 statement with no effect
1 pointer targets in passing arg ??? of `???' differ in signedness
1 passing arg ??? of `???' discards qualifiers from pointer target type
1 no previous prototype for `???'