This is the mail archive of the
gcc-testresults@gcc.gnu.org
mailing list for the GCC project.
Results for 2.96 20000710 (experimental) testsuite on i386-unknown-openbsd2.7
- To: gcc-testresults at gcc dot gnu dot org
- Subject: Results for 2.96 20000710 (experimental) testsuite on i386-unknown-openbsd2.7
- From: Marc Espie <espie at bonnie dot liafa dot jussieu dot fr>
- Date: Sat, 15 Jul 2000 01:46:15 +0200 (CEST)
Native configuration is i386-unknown-openbsd2.7
=== libio tests ===
Running target unix
=== libio Summary ===
# of expected passes 40
=== libstdc++ tests ===
Running target unix
=== libstdc++ Summary ===
# of expected passes 30
=== gcc tests ===
Running target unix
FAIL: gcc.c-torture/compile/920625-2.c, -O3 -fssa
FAIL: gcc.c-torture/compile/930529-1.c, -O3 -fssa
FAIL: gcc.c-torture/execute/20000225-1.c execution, -O2
FAIL: gcc.c-torture/execute/20000225-1.c execution, -O3 -fomit-frame-pointer
FAIL: gcc.c-torture/execute/20000225-1.c execution, -O3 -fomit-frame-pointer -funroll-loops
FAIL: gcc.c-torture/execute/20000225-1.c execution, -O3 -fomit-frame-pointer -funroll-all-loops -finline-functions
FAIL: gcc.c-torture/execute/20000225-1.c execution, -O3 -g
FAIL: gcc.c-torture/execute/20000225-1.c execution, -O3 -fssa
FAIL: gcc.c-torture/execute/20000225-1.c execution, -Os
FAIL: gcc.c-torture/execute/20000412-2.c execution, -O2
FAIL: gcc.c-torture/execute/20000412-2.c execution, -O3 -fomit-frame-pointer
FAIL: gcc.c-torture/execute/20000412-2.c execution, -O3 -g
FAIL: gcc.c-torture/execute/20000412-2.c execution, -O3 -fssa
FAIL: gcc.c-torture/execute/20000412-2.c execution, -Os
FAIL: gcc.c-torture/execute/20000419-1.c execution, -O2
FAIL: gcc.c-torture/execute/20000419-1.c execution, -Os
FAIL: gcc.c-torture/execute/20000516-1.c execution, -O0
FAIL: gcc.c-torture/execute/20000516-1.c execution, -O1
FAIL: gcc.c-torture/execute/20000516-1.c execution, -O2
FAIL: gcc.c-torture/execute/20000516-1.c execution, -O3 -fomit-frame-pointer
FAIL: gcc.c-torture/execute/20000516-1.c execution, -O3 -g
FAIL: gcc.c-torture/execute/20000516-1.c execution, -O3 -fssa
FAIL: gcc.c-torture/execute/20000516-1.c execution, -Os
FAIL: gcc.c-torture/execute/920726-1.c compilation, -O3 -fssa
FAIL: gcc.c-torture/execute/ieee/rbug.c execution, -O0
FAIL: gcc.c-torture/execute/ieee/rbug.c execution, -O1
FAIL: gcc.c-torture/execute/ieee/rbug.c execution, -O2
FAIL: gcc.c-torture/execute/ieee/rbug.c execution, -Os
FAIL: gcc.dg/20000614-1.c (test for excess errors)
FAIL: gcc.dg/991209-1.c (test for excess errors)
FAIL: gcc.dg/991214-1.c (test for excess errors)
FAIL: gcc.dg/compare2.c case 10 (test for bogus messages, line 29)
FAIL: gcc.dg/noreturn-1.c this function should not get any warnings (test for bogus messages, line 52)
FAIL: gcc.dg/noreturn-1.c detect return from tail call (test for warnings, line 59)
FAIL: gcc.dg/noreturn-2.c noreturn does return (test for bogus messages, line 12)
FAIL: gcc.dg/special/weak-1.c execution test
FAIL: gcc.misc-tests/mg.c
=== gcc Summary ===
# of expected passes 11606
# of unexpected failures 37
# of expected failures 29
# of unresolved testcases 1
# of unsupported tests 15
/spare/ports/lang/egcs/snapshot/work/build-i386/gcc/xgcc version 2.96 20000710 (experimental)
=== g++ tests ===
Running target unix
FAIL: g++.eh/crash4.C caused compiler crash
FAIL: g++.law/profile1.C (test for excess errors)
FAIL: g++.other/crash18.C (test for excess errors)
=== g++ Summary ===
# of expected passes 5934
# of unexpected failures 3
# of expected failures 94
# of untested testcases 14
/spare/ports/lang/egcs/snapshot/work/build-i386/gcc/testsuite/../g++ version 2.96 20000710 (experimental)
=== g77 tests ===
Running target unix
XPASS: g77.f-torture/compile/20000629-1.f, -O0
XPASS: g77.f-torture/compile/20000629-1.f, -O1
XPASS: g77.f-torture/compile/20000629-1.f, -O2
XPASS: g77.f-torture/compile/20000629-1.f, -O2 -fomit-frame-pointer -finline-functions
XPASS: g77.f-torture/compile/20000629-1.f, -O3 -g
XPASS: g77.f-torture/compile/20000629-1.f, -O3 -fssa
XPASS: g77.f-torture/compile/20000629-1.f, -Os
XPASS: g77.f-torture/execute/20000503-1.f execution, -O0
XPASS: g77.f-torture/execute/20000503-1.f execution, -O1
XPASS: g77.f-torture/execute/20000503-1.f execution, -O2
XPASS: g77.f-torture/execute/20000503-1.f execution, -O2 -fomit-frame-pointer -finline-functions
XPASS: g77.f-torture/execute/20000503-1.f execution, -O2 -fomit-frame-pointer -finline-functions -funroll-loops
XPASS: g77.f-torture/execute/20000503-1.f execution, -O2 -fomit-frame-pointer -finline-functions -funroll-all-loops
XPASS: g77.f-torture/execute/20000503-1.f execution, -O3 -g
XPASS: g77.f-torture/execute/20000503-1.f execution, -O3 -fssa
XPASS: g77.f-torture/execute/20000503-1.f execution, -Os
FAIL: g77.f-torture/execute/short.f execution, -Os
=== g77 Summary ===
# of expected passes 957
# of unexpected failures 1
# of unexpected successes 16
# of expected failures 2
=== objc tests ===
Running target unix
=== objc Summary ===
# of expected passes 40
/spare/ports/lang/egcs/snapshot/work/build-i386/gcc/xgcc version 2.96 20000710 (experimental)
Compiler version: 2.96 20000710 (experimental)
Platform: i386-unknown-openbsd2.7
configure flags: --host=i386-unknown-openbsd2.7 --verbose --program-transform-name=s,^,e, --disable-subdir-texinfo --disable-nls --enable-cpp --with-gnu-as --with-gnu-ld --enable-shared --prefix=\${DESTDIR}/usr/local --sysconfdir=\${DESTDIR}/etc