This is the mail archive of the
gcc-testresults@gcc.gnu.org
mailing list for the GCC project.
Results for 2.96 20000704 (experimental) on alphaev6-unknown-linux-gnu
- To: gcc-testresults at gcc dot gnu dot org
- Subject: Results for 2.96 20000704 (experimental) on alphaev6-unknown-linux-gnu
- From: Toon Moene <toon at moene dot indiv dot nluug dot nl>
- Date: Tue, 4 Jul 2000 16:22:01 +0200
Native configuration is alphaev6-unknown-linux-gnu
=== libio tests ===
Running target unix
=== libio Summary ===
# of expected passes 40
=== libstdc++ tests ===
Running target unix
=== libstdc++ Summary ===
# of expected passes 30
=== gcc tests ===
Running target unix
FAIL: gcc.c-torture/compile/920501-18.c, -O3 -fssa
FAIL: gcc.c-torture/execute/ieee/20000320-1.c execution, -O0
FAIL: gcc.c-torture/execute/ieee/20000320-1.c execution, -O1
FAIL: gcc.c-torture/execute/ieee/20000320-1.c execution, -O2
FAIL: gcc.c-torture/execute/ieee/20000320-1.c execution, -O3 -fomit-frame-pointer
FAIL: gcc.c-torture/execute/ieee/20000320-1.c execution, -O3 -g
FAIL: gcc.c-torture/execute/ieee/20000320-1.c execution, -O3 -fssa
FAIL: gcc.c-torture/execute/ieee/20000320-1.c execution, -Os
FAIL: gcc.c-torture/execute/ieee/fp-cmp-2.c execution, -O0
FAIL: gcc.c-torture/execute/ieee/fp-cmp-2.c execution, -O1
FAIL: gcc.c-torture/execute/ieee/fp-cmp-2.c execution, -O2
FAIL: gcc.c-torture/execute/ieee/fp-cmp-2.c execution, -O3 -fomit-frame-pointer
FAIL: gcc.c-torture/execute/ieee/fp-cmp-2.c execution, -O3 -fomit-frame-pointer -funroll-loops
FAIL: gcc.c-torture/execute/ieee/fp-cmp-2.c execution, -O3 -fomit-frame-pointer -funroll-all-loops -finline-functions
FAIL: gcc.c-torture/execute/ieee/fp-cmp-2.c execution, -O3 -g
FAIL: gcc.c-torture/execute/ieee/fp-cmp-2.c execution, -O3 -fssa
FAIL: gcc.c-torture/execute/ieee/fp-cmp-2.c execution, -Os
FAIL: gcc.c-torture/execute/ieee/fp-cmp-4.c execution, -O0
FAIL: gcc.c-torture/execute/ieee/fp-cmp-4.c execution, -O1
FAIL: gcc.c-torture/execute/ieee/fp-cmp-4.c execution, -O2
FAIL: gcc.c-torture/execute/ieee/fp-cmp-4.c execution, -O3 -fomit-frame-pointer
FAIL: gcc.c-torture/execute/ieee/fp-cmp-4.c execution, -O3 -fomit-frame-pointer -funroll-loops
FAIL: gcc.c-torture/execute/ieee/fp-cmp-4.c execution, -O3 -fomit-frame-pointer -funroll-all-loops -finline-functions
FAIL: gcc.c-torture/execute/ieee/fp-cmp-4.c execution, -O3 -g
FAIL: gcc.c-torture/execute/ieee/fp-cmp-4.c execution, -O3 -fssa
FAIL: gcc.c-torture/execute/ieee/fp-cmp-4.c execution, -Os
FAIL: gcc.c-torture/execute/ieee/mzero2.c execution, -O0
FAIL: gcc.c-torture/execute/ieee/mzero2.c execution, -O1
FAIL: gcc.c-torture/execute/ieee/mzero2.c execution, -O2
FAIL: gcc.c-torture/execute/ieee/mzero2.c execution, -O3 -fomit-frame-pointer
FAIL: gcc.c-torture/execute/ieee/mzero2.c execution, -O3 -g
FAIL: gcc.c-torture/execute/ieee/mzero2.c execution, -O3 -fssa
FAIL: gcc.c-torture/execute/ieee/mzero2.c execution, -Os
XPASS: gcc.c-torture/execute/memcheck/blkarg.c execution, -O0
XPASS: gcc.c-torture/execute/memcheck/blkarg.c execution, -O1
XPASS: gcc.c-torture/execute/memcheck/blkarg.c execution, -O2
XPASS: gcc.c-torture/execute/memcheck/blkarg.c execution, -Os
FAIL: gcc.dg/cpp/19951227-1.c (test for excess errors)
FAIL: gcc.dg/cpp/assert2.c test punctuation (test for errors, line 13)
FAIL: gcc.dg/cpp/assert2.c test number (test for errors, line 16)
FAIL: gcc.dg/cpp/assert2.c test with malformed answer (test for errors, line 23)
FAIL: gcc.dg/cpp/assert2.c (test for excess errors)
FAIL: gcc.dg/cpp/if-1.c invalid number (test for errors, line 15)
FAIL: gcc.dg/cpp/if-1.c invalid number (test for errors, line 18)
FAIL: gcc.dg/cpp/if-1.c floating point in #if (test for errors, line 21)
FAIL: gcc.dg/cpp/if-1.c too many suffixes (test for errors, line 24)
FAIL: gcc.dg/cpp/if-1.c too many suffixes (test for errors, line 27)
FAIL: gcc.dg/cpp/if-1.c decimal in octal constant (test for errors, line 30)
FAIL: gcc.dg/cpp/if-1.c range error (test for errors, line 33)
FAIL: gcc.dg/cpp/if-1.c (test for excess errors)
FAIL: gcc.dg/cpp/if-2.c empty charconst (test for errors, line 18)
FAIL: gcc.dg/cpp/if-2.c (test for excess errors)
FAIL: gcc.dg/cpp/if-4.c (test for excess errors)
FAIL: gcc.dg/cpp/if-mop.c no unary operand (test for errors, line 10)
FAIL: gcc.dg/cpp/if-mop.c no left operand (test for errors, line 13)
FAIL: gcc.dg/cpp/if-mop.c no binary operator (test for errors, line 16)
FAIL: gcc.dg/cpp/if-mop.c immediate then open paren (test for errors, line 19)
FAIL: gcc.dg/cpp/if-mop.c close paren then immediate (test for errors, line 22)
FAIL: gcc.dg/cpp/if-mop.c (test for excess errors)
FAIL: gcc.dg/cpp/if-mpar.c missing ')' no. 2 (test for errors, line 11)
FAIL: gcc.dg/cpp/if-mpar.c missing '(' no. 1 (test for errors, line 14)
FAIL: gcc.dg/cpp/if-mpar.c missing '(' no. 2 (test for errors, line 17)
FAIL: gcc.dg/cpp/if-mpar.c missing '(' no. 3 (test for errors, line 20)
FAIL: gcc.dg/cpp/if-mpar.c (test for excess errors)
FAIL: gcc.dg/cpp/if-oppr.c (test for excess errors)
FAIL: gcc.dg/cpp/if-paren.c simple parens no. 1 (test for errors, line 18)
FAIL: gcc.dg/cpp/if-paren.c simple parens no. 2 (test for errors, line 22)
FAIL: gcc.dg/cpp/if-paren.c simple parens no. 3 (test for errors, line 26)
FAIL: gcc.dg/cpp/if-paren.c nested parentheses (test for errors, line 30)
FAIL: gcc.dg/cpp/if-paren.c (test for excess errors)
FAIL: gcc.dg/compare2.c case 10 (test for bogus messages, line 29)
FAIL: gcc.dg/noreturn-1.c this function should not get any warnings (test for bogus messages, line 52)
FAIL: gcc.dg/noreturn-1.c detect return from tail call (test for warnings, line 59)
FAIL: gcc.dg/noncompile/920923-1.c (test for excess errors)
=== gcc Summary ===
# of expected passes 11419
# of unexpected failures 70
# of unexpected successes 4
# of expected failures 30
# of unsupported tests 35
/home/toon/compilers/snapshots/obj/gcc/xgcc version 2.96 20000704 (experimental)
=== g++ tests ===
Running target unix
FAIL: g++.eh/badalloc1.C Execution test
FAIL: g++.mike/thunk2.C (test for excess errors)
FAIL: g++.mike/thunk3.C (test for excess errors)
FAIL: g++.other/crash18.C caused compiler crash
FAIL: g++.other/headers1.C (test for excess errors)
FAIL: g++.other/initstring.C (test for excess errors)
FAIL: g++.other/rtti3.C (test for excess errors)
FAIL: g++.other/rttid3.C (test for excess errors)
=== g++ Summary ===
# of expected passes 5923
# of unexpected failures 8
# of expected failures 93
# of untested testcases 18
/home/toon/compilers/snapshots/obj/gcc/testsuite/../g++ version 2.96 20000704 (experimental)
=== g77 tests ===
Running target unix
=== g77 Summary ===
# of expected passes 967
# of expected failures 9
=== objc tests ===
Running target unix
=== objc Summary ===
# of expected passes 40
/home/toon/compilers/snapshots/obj/gcc/xgcc version 2.96 20000704 (experimental)
Compiler version: 2.96 20000704 (experimental)
Platform: alphaev6-unknown-linux-gnu
configure flags: --host=alphaev6-unknown-linux-gnu --prefix=/usr/snp