This is the mail archive of the
gcc-testresults@gcc.gnu.org
mailing list for the GCC project.
Results for 2.95.3 19991030 (prerelease) testsuite on i686-redhat6-linux-gnu
- To: gcc-testresults at gcc dot gnu dot org
- Subject: Results for 2.95.3 19991030 (prerelease) testsuite on i686-redhat6-linux-gnu
- From: Manfred Hollstein <manfredh at redhat dot com>
- Date: Sun, 2 Jul 2000 20:46:39 +0200 (MEST)
- Reply-To: Manfred Hollstein <manfred dot h at gmx dot net>
Compiler version: 2.95.3 19991030 (prerelease)
Platform: i686-redhat6-linux-gnu
Sources: - gcc gcc-2_95-branch from CVS last updated at
2000/06/28 16:24:00 +0200
- libg++-2.8.1.3
- libg++-2.8.1.3-20000312.diff.gz
- libg++-2.8.1.3-20000419.diff.gz
Patches: [1] `Patch [gcc-2_95-branch]: Add missing parameter in i386.md'
from <manfredh@redhat.com>
[2] `Re: PATCH for a rather bad cpplib related bug'
from <brolley@cygnus.com>
[3] `Re: Another incompatibility of a CPPLIB based cpp?'
from <zack@rabi.columbia.edu>
Environment: - autoconf-20000507 via anonymous CVS from
subversions.gnu.org
- automake-20000507 via anonymous CVS from
anoncvs.cygnus.com
- binutils-2.10
- dejagnu-19990614
- Red Hat Linux 6.2
+ recommended updates as of today
- Kernel 2.2.16-3 (compiled by "gcc version
egcs-2.91.66 19990314/Linux (egcs-1.1.2 release)")
- glibc-2.1.3-15
- glibc-devel-2.1.3-15
Remarks: None.
configure flags: --host=i686-redhat6-linux-gnu --target=i686-redhat6-linux-gnu --srcdir=../gcc-2.95.3 --prefix=/opt/gnu --exec-prefix=/opt/gnu/H-ia32-linux --with-gnu-as --with-gnu-ld --enable-shared --enable-version-specific-runtime-libs --enable-threads=yes --with-local-prefix=/opt/gnu --enable-languages=c,gcov,c++ --enable-nls --verbose
BOOT_CC: gcc version 2.95.2 19991024 (release)
BOOT_CFLAGS: -O9 -funroll-all-loops -march=pentiumpro -fomit-frame-pointer $(WARN_CFLAGS)
CFLAGS: -O9 -march=pentiumpro -fomit-frame-pointer
CXXFLAGS: -O9 -march=pentiumpro -g
Native configuration is i686-redhat6-linux-gnu
=== libio tests ===
Running target unix
=== libio Summary ===
# of expected passes 40
=== libstdc++ tests ===
Running target unix
=== libstdc++ Summary ===
# of expected passes 30
=== libg++ tests ===
Running target unix
=== libg++ Summary ===
# of expected passes 72
=== gcc tests ===
Running target unix
FAIL: gcc.c-torture/execute/loop-2b.c execution, -O2
FAIL: gcc.c-torture/execute/loop-2b.c execution, -O3 -fomit-frame-pointer
FAIL: gcc.c-torture/execute/loop-2b.c execution, -O3 -fomit-frame-pointer -funroll-loops
FAIL: gcc.c-torture/execute/loop-2b.c execution, -O3 -fomit-frame-pointer -funroll-all-loops -finline-functions
FAIL: gcc.c-torture/execute/loop-2b.c execution, -O3 -g
XPASS: gcc.c-torture/execute/ieee/980619-1.c execution, -O1
XPASS: gcc.c-torture/execute/ieee/980619-1.c execution, -O2
XPASS: gcc.c-torture/execute/ieee/980619-1.c execution, -O3 -fomit-frame-pointer
XPASS: gcc.c-torture/execute/ieee/980619-1.c execution, -O3 -fomit-frame-pointer -funroll-loops
XPASS: gcc.c-torture/execute/ieee/980619-1.c execution, -O3 -fomit-frame-pointer -funroll-all-loops -finline-functions
XPASS: gcc.c-torture/execute/ieee/980619-1.c execution, -O3 -g
XPASS: gcc.c-torture/execute/ieee/980619-1.c execution, -Os
FAIL: gcc.dg/990119-1.c execution test
FAIL: gcc.dg/cast-qual-1.c discarding \`const' warning (test for bogus messages, line 11)
FAIL: gcc.dg/cast-qual-1.c discarding \`const' warning (test for warnings, line 17)
FAIL: gcc.dg/compare1.c (test for excess errors)
=== gcc Summary ===
# of expected passes 8063
# of unexpected failures 9
# of unexpected successes 7
# of expected failures 31
# of unsupported tests 12
/home/gnu/work/GNU/gcc-2.95.3-i686-redhat6-linux-gnu/gcc/xgcc version 2.95.3 19991030 (prerelease)
=== g++ tests ===
Running target unix
FAIL: g++.gb/sig01.C (test for excess errors)
FAIL: g++.gb/sig02.C (test for excess errors)
FAIL: g++.gb/sig03.C (test for excess errors)
FAIL: g++.gb/sig04.C (test for excess errors)
FAIL: g++.gb/sig05.C (test for excess errors)
FAIL: g++.gb/sig06.C (test for excess errors)
FAIL: g++.gb/sig07.C (test for excess errors)
FAIL: g++.gb/sig08.C (test for excess errors)
FAIL: g++.gb/sig09.C (test for excess errors)
FAIL: g++.gb/sig10.C (test for excess errors)
FAIL: g++.gb/sig11.C (test for excess errors)
FAIL: g++.gb/sig12.C (test for excess errors)
FAIL: g++.gb/sig13.C (test for excess errors)
FAIL: g++.gb/sig14.C (test for excess errors)
FAIL: g++.gb/sig15.C (test for excess errors)
FAIL: g++.gb/sig16.C (test for excess errors)
FAIL: g++.gb/sig17.C (test for excess errors)
FAIL: g++.gb/sig18.C (test for excess errors)
FAIL: g++.gb/sig19.C (test for excess errors)
FAIL: g++.gb/sig20.C (test for excess errors)
FAIL: g++.gb/sig21.C (test for excess errors)
FAIL: g++.gb/sig22.C (test for excess errors)
FAIL: g++.gb/sig23.C (test for excess errors)
FAIL: g++.gb/sig24.C (test for excess errors)
FAIL: g++.gb/sig25.C (test for excess errors)
FAIL: g++.gb/sig26.C (test for excess errors)
FAIL: g++.gb/sig27.C (test for excess errors)
FAIL: g++.gb/sig28.C (test for excess errors)
FAIL: g++.gb/sig29.C (test for excess errors)
FAIL: g++.gb/sig30.C (test for excess errors)
FAIL: g++.gb/sig31.C (test for excess errors)
XPASS: g++.mike/p6610a.C Execution test
FAIL: g++.robertl/eb131.C candidate (test for errors, line 13)
=== g++ Summary ===
# of expected passes 5125
# of unexpected failures 32
# of unexpected successes 1
# of expected failures 78
# of untested testcases 7
/home/gnu/work/GNU/gcc-2.95.3-i686-redhat6-linux-gnu/gcc/testsuite/../xgcc version 2.95.3 19991030 (prerelease)
Counting all warnings,
there are 26 warnings in stage3 of this bootstrap.
Number of warnings per file:
9 ../../gcc-2.95.3/gcc/toplev.c
4 cc1plus
4 ../../../../gcc-2.95.3/libg++/src/Fix16.cc
4 ../../../../gcc-2.95.3/libg++/src/AllocRing.cc
2 cxxmain.c
2 ../../../gcc-2.95.3/libiberty/testsuite/../cplus-dem.c
1 ../../gcc-2.95.3/gcc/reload1.c
Number of warning types:
9 initialization from incompatible pointer type
4 integer overflow in expression
4 assignment discards qualifiers from pointer target type
4 `???' is not a pointer-to-object type
2 Please see the documentation for details.
2 -fthis-is-variable is deprecated.
1 passing arg ??? of `???' from incompatible pointer type