This is the mail archive of the
gcc-testresults@gcc.gnu.org
mailing list for the GCC project.
Results for 2.96 20000701 (experimental) testsuite on i686-pc-cygwin
- To: <gcc-testresults at gcc dot gnu dot org>
- Subject: Results for 2.96 20000701 (experimental) testsuite on i686-pc-cygwin
- From: "Tim Prince" <tprince at computer dot org>
- Date: Sat, 1 Jul 2000 18:34:45 -0700
Installed software:
Windows Pro RC2 (+W95C, COL 2.2)
cygwin 1.1.2
cwilson tools including makeinfo.exe autoconf-2.13
mathinline.h from members.aol.com/n8tm/llibm.tgz
Hardware:
pentium II 232 Mhz
64MB RAM
Bug corrections:
remove texinfo and gcov from build (cygwin not supported)
remove libio/dbz from configdirs in libio/configure.in (cygwin not supported)
remove cygwin checkfuncs line from libiberty/configure, configure.in
work around crash when failing to delete gcc/f/ansify etc
Flag settings:
--host=target=i586-pc-cygwin32
CFLAGS '-Os -pipe -g -march=pentiumpro -ffast-math'
CXXFLAGS '-Os -pipe -march=pentiumpro'
BOOT_CFLAGS '-Os -pipe -march=pentiumpro'
LANGUAGES 'c++ objc f77'
TCL_LIBRARY \usr\share\tcl8.0
failure: ICE in gcc/f/target.c at -Os
tested by Tim Prince
tprince@computer.org
Native configuration is i686-pc-cygwin
=== g++ tests ===
Running target unix
FAIL: g++.dg/special/conpr-1.C (test for excess errors)
FAIL: conpr-2a.o
FAIL: conpr-3a.o
FAIL: g++.benjamin/15071.C (test for excess errors)
FAIL: g++.benjamin/15822.C (test for excess errors)
FAIL: g++.benjamin/typeid01.C (test for excess errors)
FAIL: g++.bob/delete1.C (test for excess errors)
FAIL: g++.brendan/copy2.C (test for excess errors)
FAIL: g++.brendan/copy3.C (test for excess errors)
FAIL: g++.brendan/copy4.C (test for excess errors)
FAIL: g++.brendan/copy5.C (test for excess errors)
FAIL: g++.brendan/copy8.C (test for excess errors)
FAIL: g++.brendan/copy9.C (test for excess errors)
FAIL: g++.brendan/delete2.C (test for excess errors)
FAIL: g++.brendan/dtors1.C (test for excess errors)
FAIL: g++.brendan/dtors2.C (test for excess errors)
FAIL: g++.brendan/dtors3.C (test for excess errors)
FAIL: g++.brendan/eh1.C (test for excess errors)
FAIL: g++.brendan/groff1.C (test for excess errors)
FAIL: g++.brendan/nest21.C (test for excess errors)
FAIL: g++.brendan/new3.C (test for excess errors)
FAIL: g++.brendan/overload2.C (test for excess errors)
FAIL: g++.brendan/ptolemy2.C (test for excess errors)
=== g77 tests ===
Running target unix
FAIL: g77.f-torture/compile/20000629-1.f, -O2 -fomit-frame-pointer -finline-functions -funroll-loops
FAIL: g77.f-torture/compile/20000629-1.f, -O2 -fomit-frame-pointer -finline-functions -funroll-all-loops
FAIL: g77.f-torture/compile/20000629-1.f, -O2 -fomit-frame-pointer -finline-functions -funroll-loops
FAIL: g77.f-torture/compile/20000629-1.f, -O2 -fomit-frame-pointer -finline-functions -funroll-all-loops
FAIL: g77.f-torture/execute/short.f execution, -Os
FAIL: g77.f-torture/execute/u77-test.f execution, -O0
FAIL: g77.f-torture/execute/u77-test.f execution, -O1
FAIL: g77.f-torture/execute/u77-test.f execution, -O2
FAIL: g77.f-torture/execute/u77-test.f execution, -O2 -fomit-frame-pointer -finline-functions
FAIL: g77.f-torture/execute/u77-test.f execution, -O2 -fomit-frame-pointer -finline-functions -funroll-loops
FAIL: g77.f-torture/execute/u77-test.f execution, -O2 -fomit-frame-pointer -finline-functions -funroll-all-loops
FAIL: g77.f-torture/execute/u77-test.f execution, -O3 -g
FAIL: g77.f-torture/execute/u77-test.f execution, -O3 -fssa
=== g77 Summary ===
# of expected passes 955
# of unexpected failures 14
# of expected failures 9
=== gcc tests ===
Running target unix
FAIL: gcc.c-torture/compile/930529-1.c, -O3 -fssa
FAIL: gcc.c-torture/execute/20000225-1.c execution, -O2
FAIL: gcc.c-torture/execute/20000225-1.c execution, -O3 -fomit-frame-pointer
FAIL: gcc.c-torture/execute/20000225-1.c execution, -O3 -fomit-frame-pointer -funroll-loops
FAIL: gcc.c-torture/execute/20000225-1.c execution, -O3 -fomit-frame-pointer -funroll-all-loops -finline-functions
FAIL: gcc.c-torture/execute/20000225-1.c execution, -O3 -g
FAIL: gcc.c-torture/execute/20000225-1.c execution, -O3 -fssa
FAIL: gcc.c-torture/execute/20000225-1.c execution, -Os
FAIL: gcc.c-torture/execute/20000412-2.c execution, -O2
FAIL: gcc.c-torture/execute/20000412-2.c execution, -O3 -fomit-frame-pointer
FAIL: gcc.c-torture/execute/20000412-2.c execution, -O3 -g
FAIL: gcc.c-torture/execute/20000412-2.c execution, -O3 -fssa
FAIL: gcc.c-torture/execute/20000412-2.c execution, -Os
FAIL: gcc.c-torture/execute/20000419-1.c execution, -O2
FAIL: gcc.c-torture/execute/20000419-1.c execution, -Os
FAIL: gcc.c-torture/execute/20000516-1.c execution, -O0
FAIL: gcc.c-torture/execute/20000516-1.c execution, -O1
FAIL: gcc.c-torture/execute/20000516-1.c execution, -O2
FAIL: gcc.c-torture/execute/20000516-1.c execution, -O3 -fomit-frame-pointer
FAIL: gcc.c-torture/execute/20000516-1.c execution, -O3 -g
FAIL: gcc.c-torture/execute/20000516-1.c execution, -O3 -fssa
FAIL: gcc.c-torture/execute/20000516-1.c execution, -Os
FAIL: gcc.c-torture/execute/ieee/rbug.c execution, -O0
FAIL: gcc.c-torture/execute/ieee/rbug.c execution, -O1
FAIL: gcc.c-torture/execute/ieee/rbug.c execution, -O2
FAIL: gcc.c-torture/execute/ieee/rbug.c execution, -Os
FAIL: gcc.dg/cpp/20000628-1.c (test for excess errors)
FAIL: gcc.dg/cpp/if-2.c wide charconst recognition (test for bogus messages, line 9)
FAIL: gcc.dg/20000614-1.c (test for excess errors)
FAIL: gcc.dg/20000614-2.c execution test
FAIL: gcc.dg/990213-2.c (test for excess errors)
FAIL: gcc.dg/990214-1.c (test for excess errors)
FAIL: gcc.dg/991214-1.c (test for excess errors)
FAIL: gcc.dg/compare2.c case 10 (test for bogus messages, line 29)
FAIL: gcc.dg/noreturn-1.c this function should not get any warnings (test for bogus messages, line 52)
FAIL: gcc.dg/noreturn-1.c detect return from tail call (test for warnings, line 59)
FAIL: gcc.dg/noreturn-2.c noreturn does return (test for bogus messages, line 12)
FAIL: gcc.misc-tests/gcov-1.c execution test
FAIL: gcov failed: spawn failed
FAIL: gcc.misc-tests/gcov-2.c execution test (PRMS 8294)
=== gcc Summary ===
# of expected passes 11452
# of unexpected failures 40
# of expected failures 29
# of unsupported tests 17
e:/src/gnu/gcc/w2k/gcc/xgcc version 2.96 20000701 (experimental)
=== objc tests ===
Running target unix
=== objc Summary ===
# of expected passes 40
e:/src/gnu/gcc/w2k/gcc/xgcc version 2.96 20000701 (experimental)
=== libio tests ===
Running target unix
FAIL: hounddog.cc compilation
FAIL: hounddog.cc compilation -b0
FAIL: hounddog.cc compilation -b2
FAIL: putbackdog.cc compilation
FAIL: putbackdog.cc compilation -b0
FAIL: putbackdog.cc compilation -b2
FAIL: tFile.cc compilation
FAIL: tFile.cc compilation -b0
FAIL: tFile.cc compilation -b3
=== libio Summary ===
# of expected passes 1
# of unexpected failures 9
# of expected failures 18
=== libstdc++ tests ===
Running target unix
FAIL: tcomplex.cc compilation
FAIL: tcomplex.cc -O compilation
FAIL: tlist.cc compilation
FAIL: tlist.cc -O compilation
FAIL: tmap.cc compilation
FAIL: tmap.cc -O compilation
FAIL: tstring.cc compilation
FAIL: tstring.cc -O compilation
FAIL: tvector.cc compilation
FAIL: tvector.cc -O compilation
=== libstdc++ Summary ===
# of unexpected failures 10
# of expected failures 20
Compiler version: 2.96 20000701 (experimental)
Platform: i686-pc-cygwin
configure flags: --host=i686-pc-cygwin
EOF
Mail -s "Results for 2.96 20000701 (experimental) testsuite on i686-pc-cygwin" gcc-testresults@gcc.gnu.org &&