This is the mail archive of the
gcc-testresults@gcc.gnu.org
mailing list for the GCC project.
Results for 2.96 20000612 (experimental) testsuite on mips-sgi-irix6.5
- To: "'gcc-testresults at gcc dot gnu dot org'" <gcc-testresults at gcc dot gnu dot org>
- Subject: Results for 2.96 20000612 (experimental) testsuite on mips-sgi-irix6.5
- From: "Billinghurst, David (CRTS)" <David dot Billinghurst at riotinto dot com dot au>
- Date: Tue, 13 Jun 2000 04:43:38 -0000
Native configuration is mips-sgi-irix6.5
=== objc tests ===
Running target unix
=== objc Summary ===
# of expected passes 40
/exd4/billingd/obj/egcs-20000612-parallel/gcc/xgcc version 2.96 20000612
(experimental)
=== gcc tests ===
Running target unix
FAIL: gcc.c-torture/execute/20000225-1.c execution, -O2
FAIL: gcc.c-torture/execute/20000225-1.c execution, -O3
-fomit-frame-pointer
FAIL: gcc.c-torture/execute/20000225-1.c execution, -O3
-fomit-frame-pointer -funroll-loops
FAIL: gcc.c-torture/execute/20000225-1.c execution, -O3
-fomit-frame-pointer -funroll-all-loops -finline-functions
FAIL: gcc.c-torture/execute/20000225-1.c execution, -O3 -g
FAIL: gcc.c-torture/execute/20000225-1.c execution, -O3 -fssa
FAIL: gcc.c-torture/execute/20000225-1.c execution, -Os
FAIL: gcc.c-torture/execute/20000412-2.c execution, -O2
FAIL: gcc.c-torture/execute/20000412-2.c execution, -O3
-fomit-frame-pointer
FAIL: gcc.c-torture/execute/20000412-2.c execution, -O3 -g
FAIL: gcc.c-torture/execute/20000412-2.c execution, -O3 -fssa
FAIL: gcc.c-torture/execute/20000412-2.c execution, -Os
FAIL: gcc.c-torture/execute/strct-pack-3.c execution, -O0
FAIL: gcc.c-torture/execute/va-arg-15.c execution, -O0
FAIL: gcc.c-torture/execute/va-arg-15.c execution, -O1
FAIL: gcc.c-torture/execute/va-arg-15.c execution, -O2
FAIL: gcc.c-torture/execute/va-arg-15.c execution, -O3 -fomit-frame-pointer
FAIL: gcc.c-torture/execute/va-arg-15.c execution, -O3 -fomit-frame-pointer
-funroll-loops
FAIL: gcc.c-torture/execute/va-arg-15.c execution, -O3 -fomit-frame-pointer
-funroll-all-loops -finline-functions
FAIL: gcc.c-torture/execute/va-arg-15.c execution, -O3 -g
FAIL: gcc.c-torture/execute/va-arg-15.c execution, -O3 -fssa
FAIL: gcc.c-torture/execute/va-arg-15.c execution, -Os
FAIL: gcc.c-torture/execute/va-arg-16.c execution, -O0
FAIL: gcc.c-torture/execute/va-arg-16.c execution, -O1
FAIL: gcc.c-torture/execute/va-arg-16.c execution, -O2
FAIL: gcc.c-torture/execute/va-arg-16.c execution, -O3 -fomit-frame-pointer
FAIL: gcc.c-torture/execute/va-arg-16.c execution, -O3 -g
FAIL: gcc.c-torture/execute/va-arg-16.c execution, -O3 -fssa
FAIL: gcc.c-torture/execute/va-arg-16.c execution, -Os
FAIL: gcc.c-torture/execute/va-arg-17.c execution, -O0
FAIL: gcc.c-torture/execute/va-arg-17.c execution, -O1
FAIL: gcc.c-torture/execute/va-arg-17.c execution, -O2
FAIL: gcc.c-torture/execute/va-arg-17.c execution, -O3 -fomit-frame-pointer
FAIL: gcc.c-torture/execute/va-arg-17.c execution, -O3 -g
FAIL: gcc.c-torture/execute/va-arg-17.c execution, -O3 -fssa
FAIL: gcc.c-torture/execute/va-arg-17.c execution, -Os
FAIL: gcc.c-torture/execute/ieee/20000320-1.c execution, -O0
FAIL: gcc.c-torture/execute/ieee/20000320-1.c execution, -O1
FAIL: gcc.c-torture/execute/ieee/20000320-1.c execution, -O2
FAIL: gcc.c-torture/execute/ieee/20000320-1.c execution, -O3
-fomit-frame-pointer
FAIL: gcc.c-torture/execute/ieee/20000320-1.c execution, -O3 -g
FAIL: gcc.c-torture/execute/ieee/20000320-1.c execution, -O3 -fssa
FAIL: gcc.c-torture/execute/ieee/20000320-1.c execution, -Os
FAIL: gcc.c-torture/execute/ieee/fp-cmp-4.c compilation, -O0
FAIL: gcc.c-torture/execute/ieee/fp-cmp-4.c compilation, -O1
FAIL: gcc.c-torture/execute/ieee/fp-cmp-4.c compilation, -O2
FAIL: gcc.c-torture/execute/ieee/fp-cmp-4.c compilation, -O3
-fomit-frame-pointer
FAIL: gcc.c-torture/execute/ieee/fp-cmp-4.c compilation, -O3
-fomit-frame-pointer -funroll-loops
FAIL: gcc.c-torture/execute/ieee/fp-cmp-4.c compilation, -O3
-fomit-frame-pointer -funroll-all-loops -finline-functions
FAIL: gcc.c-torture/execute/ieee/fp-cmp-4.c compilation, -O3 -g
FAIL: gcc.c-torture/execute/ieee/fp-cmp-4.c compilation, -O3 -fssa
FAIL: gcc.c-torture/execute/ieee/fp-cmp-4.c compilation, -Os
XPASS: gcc.c-torture/execute/memcheck/blkarg.c execution, -O0
XPASS: gcc.c-torture/execute/memcheck/blkarg.c execution, -O1
XPASS: gcc.c-torture/execute/memcheck/blkarg.c execution, -O2
XPASS: gcc.c-torture/execute/memcheck/blkarg.c execution, -Os
FAIL: gcc.dg/20000419-2.c (test for excess errors)
FAIL: gcc.dg/compare2.c case 10 (test for bogus messages, line 29)
FAIL: gcc.dg/dwarf2-1.c (test for excess errors)
FAIL: alias-1.c
FAIL: wkali-1.c
FAIL: wkali-2b.o
=== gcc Summary ===
# of expected passes 11457
# of unexpected failures 58
# of unexpected successes 4
# of expected failures 31
# of unresolved testcases 9
# of unsupported tests 35
/exd4/billingd/obj/egcs-20000612-parallel/gcc/xgcc version 2.96 20000612
(experimental)
=== g77 tests ===
Running target unix
FAIL: g77.f-torture/execute/short.f execution, -Os
=== g77 Summary ===
# of expected passes 957
# of unexpected failures 1
# of expected failures 9
=== g++ tests ===
Running target unix
FAIL: g++.dg/special/conpr-1.C execution test
FAIL: g++.dg/special/conpr-2.C execution test
FAIL: g++.dg/special/conpr-3.C execution test
FAIL: g++.dg/special/conpr-3.C execution test
XPASS: g++.brendan/parse4.C - referenced below (test for bogus messages,
line 15)
FAIL: g++.ext/initp1.C Execution test
FAIL: g++.ext/instantiate1.C not instantiated (test for errors, line 18)
FAIL: g++.ext/instantiate1.C not instantiated (test for errors, line 20)
FAIL: g++.ext/instantiate2.C not instantiated (test for errors, line 16)
FAIL: g++.ext/instantiate3.C not instantiated (test for errors, line 13)
FAIL: g++.other/crash18.C (test for excess errors)
FAIL: g++.other/inline11.C (test for excess errors)
FAIL: g++.other/new3.C Execution test
=== g++ Summary ===
# of expected passes 5856
# of unexpected failures 12
# of unexpected successes 1
# of expected failures 101
# of untested testcases 18
/exd4/billingd/obj/egcs-20000612-parallel/gcc/testsuite/../g++ version 2.96
20000612 (experimental)
=== libstdc++ tests ===
Running target unix
=== libstdc++ Summary ===
# of expected passes 30
=== libio tests ===
Running target unix
=== libio Summary ===
# of expected passes 40
Compiler version: 2.96 20000612 (experimental)
Platform: mips-sgi-irix6.5
configure flags: --host=mips-sgi-irix6.5 --enable-shared --enable-haifa
--enable-pthreads --prefix=/exd4/billingd/tmp/egcs-20000612