This is the mail archive of the gcc-testresults@gcc.gnu.org mailing list for the GCC project.
Index Nav: | [Date Index] [Subject Index] [Author Index] [Thread Index] | |
---|---|---|
Message Nav: | [Date Prev] [Date Next] | [Thread Prev] [Thread Next] |
Native configuration is i686-pc-linux-gnu === g++ tests === Running target unix FAIL: g++.benjamin/15071.C (test for excess errors) FAIL: g++.brendan/copy9.C (test for excess errors) FAIL: g++.brendan/crash15.C (test for excess errors) FAIL: g++.brendan/crash20.C (test for excess errors) FAIL: g++.brendan/crash30.C (test for excess errors) FAIL: g++.brendan/crash38.C (test for excess errors) FAIL: g++.brendan/crash49.C (test for excess errors) FAIL: g++.brendan/crash52.C (test for excess errors) FAIL: g++.brendan/crash62.C (test for excess errors) FAIL: g++.brendan/cvt1.C (test for excess errors) FAIL: g++.brendan/err-msg3.C (test for excess errors) FAIL: g++.brendan/nest21.C (test for excess errors) XPASS: g++.brendan/parse4.C - referenced below (test for bogus messages, line 15) FAIL: g++.brendan/ptolemy2.C (test for excess errors) FAIL: g++.eh/badalloc1.C Execution test FAIL: g++.ext/instantiate1.C not instantiated (test for errors, line 18) FAIL: g++.ext/instantiate1.C not instantiated (test for errors, line 20) FAIL: g++.jason/template24.C (test for excess errors) FAIL: g++.jason/template31.C (test for excess errors) FAIL: g++.jason/typeid1.C (test for excess errors) FAIL: g++.law/arg1.C (test for excess errors) FAIL: g++.law/arg8.C (test for excess errors) FAIL: g++.law/arm12.C (test for excess errors) FAIL: g++.law/arm9.C (test for excess errors) FAIL: g++.law/bad-error7.C (test for excess errors) FAIL: g++.law/code-gen5.C (test for excess errors) FAIL: g++.law/ctors10.C (test for excess errors) FAIL: g++.law/ctors12.C (test for excess errors) FAIL: g++.law/ctors13.C (test for excess errors) FAIL: g++.law/ctors17.C (test for excess errors) FAIL: g++.law/cvt16.C (test for excess errors) FAIL: g++.law/cvt2.C (test for excess errors) FAIL: g++.law/cvt7.C (test for excess errors) FAIL: g++.law/missed-error2.C (test for excess errors) FAIL: g++.law/nest3.C (test for excess errors) FAIL: g++.law/operators32.C (test for excess errors) FAIL: g++.law/operators4.C warning (test for errors, line 17) FAIL: g++.law/operators4.C (test for excess errors) FAIL: g++.law/vbase1.C (test for excess errors) FAIL: g++.law/virtual3.C (test for excess errors) FAIL: g++.law/visibility1.C (test for excess errors) FAIL: g++.law/visibility10.C (test for excess errors) FAIL: g++.law/visibility13.C (test for excess errors) FAIL: g++.law/visibility17.C (test for excess errors) FAIL: g++.law/visibility2.C (test for excess errors) FAIL: g++.law/visibility22.C (test for excess errors) FAIL: g++.law/visibility25.C (test for excess errors) FAIL: g++.law/visibility7.C (test for excess errors) FAIL: g++.law/weak.C (test for excess errors) FAIL: g++.martin/bitset1.C (test for excess errors) FAIL: g++.martin/new1.C (test for excess errors) FAIL: g++.mike/net46.C (test for excess errors) FAIL: g++.mike/p658.C (test for excess errors) FAIL: g++.mike/p755.C Execution test FAIL: g++.mike/p755a.C Execution test FAIL: g++.mike/p9706.C Execution test FAIL: g++.mike/rtti1.C (test for excess errors) FAIL: g++.ns/new1.C (test for excess errors) FAIL: g++.oliva/delete2.C (test for excess errors) FAIL: g++.oliva/delete3.C (test for excess errors) FAIL: g++.oliva/delete4.C (test for excess errors) FAIL: g++.oliva/delete5.C (test for excess errors) FAIL: g++.other/delete3.C (test for excess errors) FAIL: g++.other/headers1.C (test for excess errors) FAIL: g++.other/init9.C jump from here (test for errors, line 36) FAIL: g++.other/init9.C jump to here (test for errors, line 38) FAIL: g++.other/inline2.C (test for excess errors) FAIL: g++.other/inline7.C (test for excess errors) FAIL: g++.other/inline8.C (test for excess errors) FAIL: g++.other/new3.C Execution test FAIL: g++.other/null2.C (test for excess errors) FAIL: g++.other/typeinfo1.C (test for excess errors) FAIL: g++.robertl/eb109.C candidates (test for errors, line 20) FAIL: g++.robertl/eb109.C no size function (test for errors, line 42) FAIL: g++.robertl/eb109.C no index operator (test for errors, line 44) FAIL: g++.robertl/eb109.C no index operator (test for errors, line 48) FAIL: g++.robertl/eb109.C no index operator (test for errors, line 49) FAIL: g++.robertl/eb109.C no index operator (test for errors, line 54) FAIL: g++.robertl/eb109.C (test for excess errors) FAIL: g++.robertl/eb113.C (test for excess errors) FAIL: g++.robertl/eb124.C (test for excess errors) FAIL: g++.robertl/eb127.C (test for excess errors) FAIL: g++.robertl/eb129.C (test for errors, line 19) FAIL: g++.robertl/eb129.C (test for excess errors) FAIL: g++.robertl/eb130.C (test for excess errors) FAIL: g++.robertl/eb132.C (test for excess errors) FAIL: g++.robertl/eb133.C (test for excess errors) FAIL: g++.robertl/eb15.C (test for excess errors) FAIL: g++.robertl/eb21.C (test for excess errors) FAIL: g++.robertl/eb24.C (test for excess errors) FAIL: g++.robertl/eb28.C (test for excess errors) FAIL: g++.robertl/eb29.C (test for excess errors) FAIL: g++.robertl/eb30.C (test for excess errors) FAIL: g++.robertl/eb31.C (test for excess errors) FAIL: g++.robertl/eb33.C (test for excess errors) FAIL: g++.robertl/eb36.C (test for excess errors) FAIL: g++.robertl/eb39.C (test for excess errors) FAIL: g++.robertl/eb4.C (test for excess errors) FAIL: g++.robertl/eb41.C (test for excess errors) FAIL: g++.robertl/eb43.C (test for excess errors) FAIL: g++.robertl/eb44.C (test for excess errors) FAIL: g++.robertl/eb46.C (test for excess errors) FAIL: g++.robertl/eb54.C (test for excess errors) FAIL: g++.robertl/eb59.C (test for excess errors) FAIL: g++.robertl/eb60.C (test for excess errors) FAIL: g++.robertl/eb62.C (test for excess errors) FAIL: g++.robertl/eb65.C (test for excess errors) FAIL: g++.robertl/eb66.C (test for excess errors) FAIL: g++.robertl/eb69.C (test for excess errors) FAIL: g++.robertl/eb7.C (test for excess errors) FAIL: g++.robertl/eb77.C (test for excess errors) FAIL: g++.robertl/eb79.C (test for excess errors) FAIL: g++.robertl/eb91.C (test for excess errors) === g++ Summary === # of expected passes 5734 # of unexpected failures 112 # of unexpected successes 1 # of expected failures 136 # of untested testcases 8 /work/build/gnu/bin/gcc-3.0-libstdc++v3/gcc/testsuite/../g++ version 2.96 20000612 (experimental) === objc tests === Running target unix === objc Summary === # of expected passes 40 /work/build/gnu/bin/gcc-3.0-libstdc++v3/gcc/xgcc version 2.96 20000612 (experimental) === g77 tests === Running target unix FAIL: g77.f-torture/execute/short.f execution, -Os === g77 Summary === # of expected passes 957 # of unexpected failures 1 # of expected failures 9 === gcc tests === Running target unix FAIL: gcc.c-torture/execute/20000225-1.c execution, -O2 FAIL: gcc.c-torture/execute/20000225-1.c execution, -O3 -fomit-frame-pointer FAIL: gcc.c-torture/execute/20000225-1.c execution, -O3 -fomit-frame-pointer -funroll-loops FAIL: gcc.c-torture/execute/20000225-1.c execution, -O3 -fomit-frame-pointer -funroll-all-loops -finline-functions FAIL: gcc.c-torture/execute/20000225-1.c execution, -O3 -g FAIL: gcc.c-torture/execute/20000225-1.c execution, -O3 -fssa FAIL: gcc.c-torture/execute/20000225-1.c execution, -Os FAIL: gcc.c-torture/execute/20000412-2.c execution, -O2 FAIL: gcc.c-torture/execute/20000412-2.c execution, -O3 -fomit-frame-pointer FAIL: gcc.c-torture/execute/20000412-2.c execution, -O3 -g FAIL: gcc.c-torture/execute/20000412-2.c execution, -O3 -fssa FAIL: gcc.c-torture/execute/20000412-2.c execution, -Os FAIL: gcc.c-torture/execute/20000419-1.c execution, -O2 FAIL: gcc.c-torture/execute/20000419-1.c execution, -Os FAIL: gcc.c-torture/execute/ieee/920810-1.c execution, -O1 FAIL: gcc.c-torture/execute/ieee/920810-1.c execution, -O2 FAIL: gcc.c-torture/execute/ieee/920810-1.c execution, -O3 -fomit-frame-pointer FAIL: gcc.c-torture/execute/ieee/920810-1.c execution, -O3 -g FAIL: gcc.c-torture/execute/ieee/920810-1.c execution, -O3 -fssa FAIL: gcc.c-torture/execute/ieee/920810-1.c execution, -Os FAIL: gcc.dg/20000503-1.c (test for excess errors) FAIL: gcc.dg/991214-1.c (test for excess errors) FAIL: gcc.dg/compare2.c case 10 (test for bogus messages, line 29) FAIL: gcc.dg/noreturn-1.c this function should not get any warnings (test for bogus messages, line 52) FAIL: gcc.dg/noreturn-1.c detect return from tail call (test for warnings, line 59) FAIL: gcc.dg/noreturn-2.c noreturn does return (test for bogus messages, line 12) === gcc Summary === # of expected passes 11542 # of unexpected failures 26 # of expected failures 35 # of unsupported tests 14 /work/build/gnu/bin/gcc-3.0-libstdc++v3/gcc/xgcc version 2.96 20000612 (experimental) Compiler version: 2.96 20000612 (experimental) Platform: i686-pc-linux-gnu configure flags: --host=i686-pc-linux --enable-shared --enable-threads=posix --enable-libstdcxx-v3 --enable-cpp --prefix=/opt/gcc-3.0-v3 --with-local-prefix=/usr/local
Index Nav: | [Date Index] [Subject Index] [Author Index] [Thread Index] | |
---|---|---|
Message Nav: | [Date Prev] [Date Next] | [Thread Prev] [Thread Next] |