This is the mail archive of the
gcc-testresults@gcc.gnu.org
mailing list for the GCC project.
Results for 2.96 20000604 (experimental) testsuite on sparc-sun-solaris2.6
- To: gcc-testresults at gcc dot gnu dot org
- Subject: Results for 2.96 20000604 (experimental) testsuite on sparc-sun-solaris2.6
- From: Dave Schuler <schuld at psu2 dot btv dot ibm dot com>
- Date: Mon, 5 Jun 2000 12:57:34 -0400 (EDT)
Native configuration is sparc-sun-solaris2.6
=== libio tests ===
Running target unix
FAIL: tFile.cc execution
FAIL: tFile.cc execution -b0
FAIL: tFile.cc execution -b3
FAIL: tfformat.c execution
=== libio Summary ===
# of expected passes 33
# of unexpected failures 4
# of expected failures 4
=== libstdc++ tests ===
Running target unix
FAIL: tcomplex.cc -O execution
FAIL: tlist.cc -O execution
FAIL: tmap.cc -O execution
FAIL: tstring.cc -O execution
=== libstdc++ Summary ===
# of expected passes 22
# of unexpected failures 4
# of expected failures 4
=== gcc tests ===
Running target unix
FAIL: gcc.c-torture/compile/20000405-3.c, -O0
FAIL: gcc.c-torture/compile/20000405-3.c, -O1
FAIL: gcc.c-torture/compile/20000405-3.c, -O2
FAIL: gcc.c-torture/compile/20000405-3.c, -O3 -fomit-frame-pointer
FAIL: gcc.c-torture/compile/20000405-3.c, -O3 -g
FAIL: gcc.c-torture/compile/20000405-3.c, -O3 -fssa
FAIL: gcc.c-torture/compile/20000405-3.c, -Os
FAIL: gcc.c-torture/execute/20000225-1.c execution, -O2
FAIL: gcc.c-torture/execute/20000225-1.c execution, -O3 -fomit-frame-pointer
FAIL: gcc.c-torture/execute/20000225-1.c execution, -O3 -fomit-frame-pointer -funroll-loops
FAIL: gcc.c-torture/execute/20000225-1.c execution, -O3 -fomit-frame-pointer -funroll-all-loops -finline-functions
FAIL: gcc.c-torture/execute/20000225-1.c execution, -O3 -g
FAIL: gcc.c-torture/execute/20000225-1.c execution, -O3 -fssa
FAIL: gcc.c-torture/execute/20000225-1.c execution, -Os
FAIL: gcc.c-torture/execute/20000412-2.c execution, -O2
FAIL: gcc.c-torture/execute/20000412-2.c execution, -O3 -fomit-frame-pointer
FAIL: gcc.c-torture/execute/20000412-2.c execution, -O3 -g
FAIL: gcc.c-torture/execute/20000412-2.c execution, -O3 -fssa
FAIL: gcc.c-torture/execute/20000412-2.c execution, -Os
FAIL: gcc.c-torture/execute/20000603-1.c execution, -O2
FAIL: gcc.c-torture/execute/20000603-1.c execution, -Os
FAIL: gcc.c-torture/execute/920501-6.c compilation, -O3 -fssa
FAIL: gcc.c-torture/execute/990324-1.c execution, -O3 -fomit-frame-pointer
FAIL: gcc.c-torture/execute/990324-1.c execution, -O3 -g
FAIL: gcc.c-torture/execute/990324-1.c execution, -O3 -fssa
FAIL: gcc.c-torture/execute/va-arg-12.c execution, -O1
FAIL: gcc.c-torture/execute/va-arg-12.c execution, -O2
FAIL: gcc.c-torture/execute/va-arg-12.c execution, -O3 -fomit-frame-pointer
FAIL: gcc.c-torture/execute/va-arg-12.c execution, -O3 -g
FAIL: gcc.c-torture/execute/va-arg-12.c execution, -O3 -fssa
FAIL: gcc.c-torture/execute/va-arg-12.c execution, -Os
FAIL: gcc.c-torture/execute/va-arg-15.c execution, -O1
FAIL: gcc.c-torture/execute/va-arg-15.c execution, -O2
FAIL: gcc.c-torture/execute/va-arg-15.c execution, -O3 -fomit-frame-pointer
FAIL: gcc.c-torture/execute/va-arg-15.c execution, -O3 -fomit-frame-pointer -funroll-loops
FAIL: gcc.c-torture/execute/va-arg-15.c execution, -O3 -fomit-frame-pointer -funroll-all-loops -finline-functions
FAIL: gcc.c-torture/execute/va-arg-15.c execution, -O3 -g
FAIL: gcc.c-torture/execute/va-arg-15.c execution, -O3 -fssa
FAIL: gcc.c-torture/execute/va-arg-15.c execution, -Os
FAIL: gcc.c-torture/execute/va-arg-16.c execution, -O1
FAIL: gcc.c-torture/execute/va-arg-16.c execution, -O2
FAIL: gcc.c-torture/execute/va-arg-16.c execution, -O3 -fomit-frame-pointer
FAIL: gcc.c-torture/execute/va-arg-16.c execution, -O3 -g
FAIL: gcc.c-torture/execute/va-arg-16.c execution, -O3 -fssa
FAIL: gcc.c-torture/execute/va-arg-16.c execution, -Os
FAIL: gcc.c-torture/execute/va-arg-20.c execution, -O1
FAIL: gcc.c-torture/execute/va-arg-20.c execution, -O2
FAIL: gcc.c-torture/execute/va-arg-20.c execution, -Os
FAIL: gcc.dg/compare2.c case 10 (test for bogus messages, line 29)
FAIL: gcc.dg/cpp-if2.c wide charconst recognition (test for bogus messages, line 9)
FAIL: gcc.dg/noreturn-1.c this function should not get any warnings (test for bogus messages, line 52)
FAIL: gcc.dg/noreturn-1.c detect return from tail call (test for warnings, line 59)
FAIL: gcc.dg/noreturn-2.c noreturn does return (test for bogus messages, line 12)
FAIL: gcc.misc-tests/mg.c
=== gcc Summary ===
# of expected passes 11389
# of unexpected failures 54
# of expected failures 35
# of unresolved testcases 1
# of unsupported tests 33
/tmp/egcs-solaris/gcc/xgcc version 2.96 20000604 (experimental)
=== g++ tests ===
Running target unix
FAIL: g++.dg/special/conpr-1.C execution test
FAIL: g++.dg/special/conpr-2.C execution test
FAIL: g++.dg/special/conpr-3.C execution test
FAIL: g++.dg/special/conpr-3.C execution test
FAIL: g++.brendan/eh1.C Execution test
FAIL: g++.eh/catch11.C Execution test
FAIL: g++.eh/catch12.C Execution test
FAIL: g++.eh/catch3.C Execution test
FAIL: g++.eh/catch3p.C Execution test
FAIL: g++.eh/catch4.C Execution test
FAIL: g++.eh/catch4p.C Execution test
FAIL: g++.eh/catch5.C Execution test
FAIL: g++.eh/catch5p.C Execution test
FAIL: g++.eh/catch6.C Execution test
FAIL: g++.eh/catch6p.C Execution test
FAIL: g++.eh/catch7.C Execution test
FAIL: g++.eh/catch7p.C Execution test
FAIL: g++.eh/catch8.C Execution test
FAIL: g++.eh/catch8p.C Execution test
FAIL: g++.eh/catch9.C Execution test
FAIL: g++.eh/catch9p.C Execution test
FAIL: g++.eh/catchptr1.C Execution test
FAIL: g++.eh/cleanup2.C Execution test
FAIL: g++.eh/flow1.C Execution test
FAIL: g++.eh/fntry1.C Execution test
FAIL: g++.eh/new1.C Execution test
FAIL: g++.eh/new2.C Execution test
FAIL: g++.eh/rethrow3.C Execution test
FAIL: g++.eh/spec1.C Execution test
FAIL: g++.eh/spec2.C Execution test
FAIL: g++.eh/spec3.C Execution test
FAIL: g++.eh/spec4.C Execution test
FAIL: g++.eh/tmpl1.C Execution test
FAIL: g++.eh/unwind1.C Execution test
FAIL: g++.eh/vbase1.C Execution test
FAIL: g++.eh/vbase2.C Execution test
FAIL: g++.eh/vbase4.C Execution test
FAIL: g++.ext/initp1.C Execution test
FAIL: g++.ext/instantiate1.C not instantiated (test for errors, line 18)
FAIL: g++.ext/instantiate1.C not instantiated (test for errors, line 20)
FAIL: g++.ext/instantiate2.C not instantiated (test for errors, line 16)
FAIL: g++.ext/instantiate3.C not instantiated (test for errors, line 13)
FAIL: g++.law/refs4.C Execution test
FAIL: g++.mike/eh10.C Execution test
FAIL: g++.mike/eh16.C Execution test
FAIL: g++.mike/eh17.C Execution test
FAIL: g++.mike/eh18.C Execution test
FAIL: g++.mike/eh21.C Execution test
FAIL: g++.mike/eh24.C Execution test
FAIL: g++.mike/eh28.C Execution test
FAIL: g++.mike/eh29.C Execution test
FAIL: g++.mike/eh33.C Execution test
FAIL: g++.mike/eh35.C Execution test
FAIL: g++.mike/eh36.C Execution test
FAIL: g++.mike/eh39.C Execution test
FAIL: g++.mike/eh40.C Execution test
FAIL: g++.mike/eh41.C Execution test
FAIL: g++.mike/eh42.C Execution test
FAIL: g++.mike/eh49.C Execution test
FAIL: g++.mike/eh50.C Execution test
FAIL: g++.mike/eh51.C Execution test
FAIL: g++.mike/eh6.C Execution test
FAIL: g++.mike/eh8.C Execution test
FAIL: g++.other/array1.C Execution test
FAIL: g++.other/crash18.C (test for excess errors)
FAIL: g++.other/dyncast3.C Execution test
FAIL: g++.other/init7.C Execution test
FAIL: g++.other/rttid3.C Execution test
FAIL: g++.other/vaarg3.C promote (test for errors, line 26)
FAIL: g++.other/vbase2.C Execution test
FAIL: g++.pt/fntry1.C Execution test
FAIL: g++.pt/infinite1.C excessive recursion (test for errors, line 6)
FAIL: g++.pt/infinite1.C starting here (test for errors, line 11)
FAIL: g++.pt/infinite1.C (test for excess errors)
FAIL: g++.pt/memtemp96.C (test for excess errors)
FAIL: g++.robertl/eb31.C Execution test
FAIL: g++.robertl/eb66.C Execution test
FAIL: g++.robertl/eb88.C Execution test
FAIL: g++.robertl/eh990323-1.C Execution test
FAIL: g++.robertl/eh990323-2.C Execution test
FAIL: g++.robertl/eh990323-5.C Execution test
=== g++ Summary ===
# of expected passes 5804
# of unexpected failures 81
# of expected failures 98
# of untested testcases 16
/tmp/egcs-solaris/gcc/testsuite/../g++ version 2.96 20000604 (experimental)
=== g77 tests ===
Running target unix
FAIL: g77.f-torture/execute/20000503-1.f execution, -O0
FAIL: g77.f-torture/execute/20000503-1.f execution, -O1
FAIL: g77.f-torture/execute/20000503-1.f execution, -O2
FAIL: g77.f-torture/execute/20000503-1.f execution, -O2 -fomit-frame-pointer -finline-functions
FAIL: g77.f-torture/execute/20000503-1.f execution, -O2 -fomit-frame-pointer -finline-functions -funroll-loops
FAIL: g77.f-torture/execute/20000503-1.f execution, -O2 -fomit-frame-pointer -finline-functions -funroll-all-loops
FAIL: g77.f-torture/execute/20000503-1.f execution, -O3 -g
FAIL: g77.f-torture/execute/20000503-1.f execution, -O3 -fssa
FAIL: g77.f-torture/execute/20000503-1.f execution, -Os
=== g77 Summary ===
# of expected passes 958
# of unexpected failures 9
=== objc tests ===
Running target unix
FAIL: objc/execute/bf-1.m compilation, -O
FAIL: objc/execute/bf-10.m compilation, -O
FAIL: objc/execute/bf-11.m compilation, -O
FAIL: objc/execute/bf-12.m compilation, -O
FAIL: objc/execute/bf-13.m compilation, -O
FAIL: objc/execute/bf-14.m compilation, -O
FAIL: objc/execute/bf-15.m compilation, -O
FAIL: objc/execute/bf-16.m compilation, -O
FAIL: objc/execute/bf-17.m compilation, -O
FAIL: objc/execute/bf-18.m compilation, -O
FAIL: objc/execute/bf-19.m compilation, -O
FAIL: objc/execute/bf-2.m compilation, -O
FAIL: objc/execute/bf-20.m compilation, -O
FAIL: objc/execute/bf-3.m compilation, -O
FAIL: objc/execute/bf-4.m compilation, -O
FAIL: objc/execute/bf-5.m compilation, -O
FAIL: objc/execute/bf-6.m compilation, -O
FAIL: objc/execute/bf-7.m compilation, -O
FAIL: objc/execute/bf-8.m compilation, -O
FAIL: objc/execute/bf-9.m compilation, -O
=== objc Summary ===
# of unexpected failures 20
# of untested testcases 20
/tmp/egcs-solaris/gcc/xgcc version 2.96 20000604 (experimental)
Compiler version: 2.96 20000604 (experimental)
Platform: sparc-sun-solaris2.6
configure flags: --host=sparc-sun-solaris2.6 --prefix=/afs/btv.ibm.com/data/n37v/software/gnu-solaris/egcs --with-gnu-as --with-gnu-ld --enable-haifa --enable-multilib
Counting all warnings,
there are 161 warnings in stage3 of this bootstrap.
Number of warnings per file:
29 ../../egcs/gcc/combine.c
20 ../../egcs/gcc/collect2.c
13 cc1plus
11 ../../egcs/gcc/gcc.c
11 ../../egcs/gcc/expr.c
7 ../../egcs/gcc/libgcc2.c
6 ../../egcs/gcc/frame-dwarf2.c
6 ../../egcs/gcc/cse.c
5 ../../egcs/gcc/scan-decls.c
5 ../../../egcs/gcc/cp/decl.c
4 ../../egcs/gcc/config/sparc/sparc.c
3 ../../egcs/gcc/regrename.c
3 ../../egcs/gcc/cpplex.c
2 ../../egcs/gcc/reload1.c
2 ../../egcs/gcc/regmove.c
2 ../../egcs/gcc/ifcvt.c
2 ../../egcs/gcc/function.c
2 ../../egcs/gcc/fold-const.c
2 ../../egcs/gcc/fix-header.c
2 ../../egcs/gcc/calls.c
2 ../../egcs/gcc/alias.c
2 ../../../egcs/gcc/java/jcf-write.c
2 ../../../egcs/gcc/f/com.c
2 ../../../egcs/gcc/cp/class.c
2 ../../../egcs/gcc/ch/lang.c
1 ../../egcs/gcc/loop.c
1 ../../egcs/gcc/gcse.c
1 ../../egcs/gcc/flow.c
1 ../../egcs/gcc/expmed.c
1 ../../egcs/gcc/dwarfout.c
1 ../../egcs/gcc/dwarf2out.c
1 ../../egcs/gcc/bb-reorder.c
1 ../../../egcs/gcc/java/lang.c
1 ../../../egcs/gcc/java/decl.c
1 ../../../egcs/gcc/java/class.c
1 ../../../egcs/gcc/f/expr.c
1 ../../../egcs/gcc/cp/error.c
1 ../../../egcs/gcc/cp/errfn.c
1 ../../../egcs/gcc/cp/cfns.h
Number of warning types:
53 comparison between signed and unsigned
36 function declaration isnt a prototype
14 signed and unsigned type in conditional expression
13 Ignoring command line option -Wstrict-prototypes
11 ??? might be used uninitialized in this function
8 pointer targets in passing arg ??? of ??? differ in signedness
5 ??? in identifier
5 (near initialization for ???)
3 unused parameter ???
3 missing braces around initializer
2 trigraph ??/ ignored
2 passing arg ??? of ??? from incompatible pointer type
2 missing initializer
1 trigraph ??= ignored
1 passing arg ??? of ??? discards qualifiers from pointer target type
1 implicit declaration of function ???
1 empty body in an if-statement