This is the mail archive of the
gcc-testresults@gcc.gnu.org
mailing list for the GCC project.
Results for 2.96 20000530 (experimental) testsuite on sparc-sun-solaris2.5.1
- To: gcc-testresults at gcc dot gnu dot org
- Subject: Results for 2.96 20000530 (experimental) testsuite on sparc-sun-solaris2.5.1
- From: Rodney Brown <rdb at localhost>
- Date: Mon, 5 Jun 2000 07:53:07 +1000
Native configuration is sparc-sun-solaris2.5.1
=== libio tests ===
Running target unix
FAIL: tFile.cc execution
FAIL: tFile.cc execution -b0
FAIL: tFile.cc execution -b3
FAIL: tfformat.c execution
=== libio Summary ===
# of expected passes 33
# of unexpected failures 4
# of expected failures 4
=== libstdc++ tests ===
Running target unix
=== libstdc++ Summary ===
# of expected passes 30
=== gcc tests ===
Running target unix
FAIL: gcc.c-torture/compile/20000405-3.c, -O0
FAIL: gcc.c-torture/compile/20000405-3.c, -O1
FAIL: gcc.c-torture/compile/20000405-3.c, -O2
FAIL: gcc.c-torture/compile/20000405-3.c, -O3 -fomit-frame-pointer
FAIL: gcc.c-torture/compile/20000405-3.c, -O3 -g
FAIL: gcc.c-torture/compile/20000405-3.c, -O3 -fssa
FAIL: gcc.c-torture/compile/20000405-3.c, -Os
FAIL: gcc.c-torture/execute/20000225-1.c execution, -O2
FAIL: gcc.c-torture/execute/20000225-1.c execution, -O3 -fomit-frame-pointer
FAIL: gcc.c-torture/execute/20000225-1.c execution, -O3 -fomit-frame-pointer -funroll-loops
FAIL: gcc.c-torture/execute/20000225-1.c execution, -O3 -fomit-frame-pointer -funroll-all-loops -finline-functions
FAIL: gcc.c-torture/execute/20000225-1.c execution, -O3 -g
FAIL: gcc.c-torture/execute/20000225-1.c execution, -O3 -fssa
FAIL: gcc.c-torture/execute/20000225-1.c execution, -Os
FAIL: gcc.c-torture/execute/20000412-2.c execution, -O2
FAIL: gcc.c-torture/execute/20000412-2.c execution, -O3 -fomit-frame-pointer
FAIL: gcc.c-torture/execute/20000412-2.c execution, -O3 -g
FAIL: gcc.c-torture/execute/20000412-2.c execution, -O3 -fssa
FAIL: gcc.c-torture/execute/20000412-2.c execution, -Os
FAIL: gcc.c-torture/execute/920501-6.c compilation, -O3 -fssa
FAIL: gcc.c-torture/execute/990324-1.c execution, -O3 -fomit-frame-pointer
FAIL: gcc.c-torture/execute/990324-1.c execution, -O3 -g
FAIL: gcc.c-torture/execute/990324-1.c execution, -O3 -fssa
FAIL: gcc.c-torture/execute/va-arg-12.c execution, -O1
FAIL: gcc.c-torture/execute/va-arg-12.c execution, -O2
FAIL: gcc.c-torture/execute/va-arg-12.c execution, -O3 -fomit-frame-pointer
FAIL: gcc.c-torture/execute/va-arg-12.c execution, -O3 -g
FAIL: gcc.c-torture/execute/va-arg-12.c execution, -O3 -fssa
FAIL: gcc.c-torture/execute/va-arg-12.c execution, -Os
FAIL: gcc.c-torture/execute/va-arg-15.c execution, -O1
FAIL: gcc.c-torture/execute/va-arg-15.c execution, -O2
FAIL: gcc.c-torture/execute/va-arg-15.c execution, -O3 -fomit-frame-pointer
FAIL: gcc.c-torture/execute/va-arg-15.c execution, -O3 -fomit-frame-pointer -funroll-loops
FAIL: gcc.c-torture/execute/va-arg-15.c execution, -O3 -fomit-frame-pointer -funroll-all-loops -finline-functions
FAIL: gcc.c-torture/execute/va-arg-15.c execution, -O3 -g
FAIL: gcc.c-torture/execute/va-arg-15.c execution, -O3 -fssa
FAIL: gcc.c-torture/execute/va-arg-15.c execution, -Os
FAIL: gcc.c-torture/execute/va-arg-16.c execution, -O1
FAIL: gcc.c-torture/execute/va-arg-16.c execution, -O2
FAIL: gcc.c-torture/execute/va-arg-16.c execution, -O3 -fomit-frame-pointer
FAIL: gcc.c-torture/execute/va-arg-16.c execution, -O3 -g
FAIL: gcc.c-torture/execute/va-arg-16.c execution, -O3 -fssa
FAIL: gcc.c-torture/execute/va-arg-16.c execution, -Os
FAIL: gcc.c-torture/execute/va-arg-20.c execution, -O1
FAIL: gcc.c-torture/execute/va-arg-20.c execution, -O2
FAIL: gcc.c-torture/execute/va-arg-20.c execution, -Os
FAIL: gcc.c-torture/noncompile/920616-2.c
FAIL: gcc.c-torture/noncompile/920616-2.c
FAIL: gcc.c-torture/noncompile/920616-2.c
FAIL: gcc.c-torture/noncompile/920616-2.c
FAIL: gcc.c-torture/noncompile/920616-2.c
FAIL: gcc.c-torture/noncompile/920616-2.c
FAIL: gcc.c-torture/noncompile/920616-2.c
FAIL: gcc.c-torture/noncompile/920616-2.c
FAIL: gcc.c-torture/noncompile/920616-2.c
FAIL: gcc.c-torture/noncompile/921116-1.c
FAIL: gcc.c-torture/noncompile/921116-1.c
FAIL: gcc.c-torture/noncompile/921116-1.c
FAIL: gcc.c-torture/noncompile/921116-1.c
FAIL: gcc.c-torture/noncompile/921116-1.c
FAIL: gcc.c-torture/noncompile/921116-1.c
FAIL: gcc.c-torture/noncompile/921116-1.c
FAIL: gcc.c-torture/noncompile/921116-1.c
FAIL: gcc.c-torture/noncompile/921116-1.c
FAIL: gcc.dg/compare2.c case 10 (test for bogus messages, line 29)
FAIL: gcc.dg/compare2.c case 12 (test for bogus messages, line 33)
FAIL: gcc.dg/cpp-if2.c wide charconst recognition (test for bogus messages, line 9)
FAIL: gcc.dg/noreturn-1.c this function should not get any warnings (test for bogus messages, line 52)
FAIL: gcc.dg/noreturn-1.c detect return from tail call (test for warnings, line 59)
FAIL: gcc.dg/noreturn-2.c (test for excess errors)
FAIL: gcc.dg/ultrasp1.c (test for excess errors)
=== gcc Summary ===
# of expected passes 11352
# of unexpected failures 71
# of expected failures 34
# of unresolved testcases 4
# of unsupported tests 33
/devel/src/egcs-20000530.chk/gcc/xgcc version 2.96 20000530 (experimental)
=== g++ tests ===
Running target unix
FAIL: g++.dg/special/conpr-1.C execution test
FAIL: g++.dg/special/conpr-2.C execution test
FAIL: g++.dg/special/conpr-3.C execution test
FAIL: g++.dg/special/conpr-3.C execution test
FAIL: g++.ext/initp1.C Execution test
FAIL: g++.law/refs4.C Execution test
FAIL: g++.oliva/template7.C caused compiler crash
FAIL: g++.other/crash18.C (test for excess errors)
FAIL: g++.other/vaarg3.C promote (test for errors, line 26)
=== g++ Summary ===
# of expected passes 5850
# of unexpected failures 9
# of expected failures 93
# of untested testcases 16
/devel/src/egcs-20000530.chk/gcc/testsuite/../g++ version 2.96 20000530 (experimental)
=== g77 tests ===
Running target unix
FAIL: g77.f-torture/execute/20000503-1.f execution, -O0
FAIL: g77.f-torture/execute/20000503-1.f execution, -O1
FAIL: g77.f-torture/execute/20000503-1.f execution, -O2
FAIL: g77.f-torture/execute/20000503-1.f execution, -O2 -fomit-frame-pointer -finline-functions
FAIL: g77.f-torture/execute/20000503-1.f execution, -O2 -fomit-frame-pointer -finline-functions -funroll-loops
FAIL: g77.f-torture/execute/20000503-1.f execution, -O2 -fomit-frame-pointer -finline-functions -funroll-all-loops
FAIL: g77.f-torture/execute/20000503-1.f execution, -O3 -g
FAIL: g77.f-torture/execute/20000503-1.f execution, -O3 -fssa
FAIL: g77.f-torture/execute/20000503-1.f execution, -Os
=== g77 Summary ===
# of expected passes 949
# of unexpected failures 9
=== objc tests ===
Running target unix
FAIL: objc/execute/bf-1.m compilation, -O
FAIL: objc/execute/bf-10.m compilation, -O
FAIL: objc/execute/bf-11.m compilation, -O
FAIL: objc/execute/bf-12.m compilation, -O
FAIL: objc/execute/bf-13.m compilation, -O
FAIL: objc/execute/bf-14.m compilation, -O
FAIL: objc/execute/bf-15.m compilation, -O
FAIL: objc/execute/bf-16.m compilation, -O
FAIL: objc/execute/bf-17.m compilation, -O
FAIL: objc/execute/bf-18.m compilation, -O
FAIL: objc/execute/bf-19.m compilation, -O
FAIL: objc/execute/bf-2.m compilation, -O
FAIL: objc/execute/bf-20.m compilation, -O
FAIL: objc/execute/bf-3.m compilation, -O
FAIL: objc/execute/bf-4.m compilation, -O
FAIL: objc/execute/bf-5.m compilation, -O
FAIL: objc/execute/bf-6.m compilation, -O
FAIL: objc/execute/bf-7.m compilation, -O
FAIL: objc/execute/bf-8.m compilation, -O
FAIL: objc/execute/bf-9.m compilation, -O
=== objc Summary ===
# of unexpected failures 20
# of untested testcases 20
/devel/src/egcs-20000530.chk/gcc/xgcc version 2.96 20000530 (experimental)
Compiler version: 2.96 20000530 (experimental)
Platform: sparc-sun-solaris2.5.1
configure flags: --with-gcc-version-trigger=/devel/src/egcs-20000530/gcc/version.c --host=sparc-sun-solaris2.5.1 --enable-checking --norecursion
Counting all warnings,
there are 172 warnings in stage3 of this bootstrap.
Number of warnings per file:
29 ../../egcs-20000530/gcc/combine.c
20 ../../egcs-20000530/gcc/collect2.c
15 ../../egcs-20000530/gcc/gcc.c
13 cc1plus
11 ../../egcs-20000530/gcc/expr.c
8 ../../egcs-20000530/gcc/libgcc2.c
6 ../../egcs-20000530/gcc/frame-dwarf2.c
6 ../../egcs-20000530/gcc/cse.c
6 ../../../egcs-20000530/gcc/cp/decl.c
5 ../../egcs-20000530/gcc/scan-decls.c
5 ../../../egcs-20000530/gcc/java/jcf-write.c
4 ../../egcs-20000530/gcc/config/sparc/sparc.c
3 ../../egcs-20000530/gcc/regrename.c
3 ../../egcs-20000530/gcc/cpplex.c
2 ../../egcs-20000530/gcc/reload1.c
2 ../../egcs-20000530/gcc/regmove.c
2 ../../egcs-20000530/gcc/ifcvt.c
2 ../../egcs-20000530/gcc/function.c
2 ../../egcs-20000530/gcc/fold-const.c
2 ../../egcs-20000530/gcc/fix-header.c
2 ../../egcs-20000530/gcc/emit-rtl.c
2 ../../egcs-20000530/gcc/calls.c
2 ../../egcs-20000530/gcc/alias.c
2 ../../../egcs-20000530/gcc/f/ste.c
2 ../../../egcs-20000530/gcc/cp/class.c
1 ../../egcs-20000530/gcc/tree.h
1 ../../egcs-20000530/gcc/tree.c
1 ../../egcs-20000530/gcc/loop.c
1 ../../egcs-20000530/gcc/ggc-page.c
1 ../../egcs-20000530/gcc/gcse.c
1 ../../egcs-20000530/gcc/flow.c
1 ../../egcs-20000530/gcc/expmed.c
1 ../../egcs-20000530/gcc/dwarfout.c
1 ../../egcs-20000530/gcc/dwarf2out.c
1 ../../egcs-20000530/gcc/cppfiles.c
1 ../../egcs-20000530/gcc/bb-reorder.c
1 ../../../egcs-20000530/gcc/f/expr.c
1 ../../../egcs-20000530/gcc/cp/error.c
1 ../../../egcs-20000530/gcc/cp/errfn.c
1 ../../../egcs-20000530/gcc/cp/decl2.c
1 ../../../egcs-20000530/gcc/cp/cfns.h
Number of warning types:
53 comparison between signed and unsigned
37 function declaration isn't a prototype
14 signed and unsigned type in conditional expression
13 Ignoring command line option '-Wstrict-prototypes'
9 `???' might be used uninitialized in this function
8 pointer targets in passing arg ??? of `???' differ in signedness
5 `???' in identifier
5 (near initialization for `???')
4 implicit declaration of function `???'
3 missing braces around initializer
3 assignment discards qualifiers from pointer target type
2 trigraph ??/ ignored
2 passing arg ??? of `???' from incompatible pointer type
2 missing initializer
2 initialization discards qualifiers from pointer target type
2 comparison of distinct pointer types lacks a cast
2 assignment from incompatible pointer type
1 trigraph ??= ignored
1 prototype declaration
1 promoted argument `???' doesn't match prototype
1 passing arg ??? of `???' discards qualifiers from pointer target type
1 no previous prototype for `???'
1 empty body in an if-statement