This is the mail archive of the
gcc-testresults@gcc.gnu.org
mailing list for the GCC project.
Results for 2.96 20000602 (experimental) testsuite on i686-pc-linux-gnu
- To: gcc-testresults at gcc dot gnu dot org
- Subject: Results for 2.96 20000602 (experimental) testsuite on i686-pc-linux-gnu
- From: "Kaveh R. Ghazi" <ghazi at caip dot rutgers dot edu>
- Date: Sat, 3 Jun 2000 10:58:58 -0400 (EDT)
Native configuration is i686-pc-linux-gnu
=== libio tests ===
Running target unix
FAIL: tFile.cc execution
FAIL: tFile.cc execution -b0
FAIL: tFile.cc execution -b3
FAIL: tiomanip.cc execution
=== libio Summary ===
# of expected passes 32
# of unexpected failures 4
# of expected failures 4
=== libstdc++ tests ===
Running target unix
FAIL: tmap.cc -O execution
FAIL: tlist.cc -O execution
FAIL: tcomplex.cc output
FAIL: tcomplex.cc -O execution
=== libstdc++ Summary ===
# of expected passes 23
# of unexpected failures 4
# of expected failures 3
=== gcc tests ===
Running target unix
FAIL: gcc.c-torture/execute/20000225-1.c execution, -O2
FAIL: gcc.c-torture/execute/20000225-1.c execution, -O3 -fomit-frame-pointer
FAIL: gcc.c-torture/execute/20000225-1.c execution, -O3 -fomit-frame-pointer -funroll-loops
FAIL: gcc.c-torture/execute/20000225-1.c execution, -O3 -fomit-frame-pointer -funroll-all-loops -finline-functions
FAIL: gcc.c-torture/execute/20000225-1.c execution, -O3 -g
FAIL: gcc.c-torture/execute/20000225-1.c execution, -O3 -fssa
FAIL: gcc.c-torture/execute/20000225-1.c execution, -Os
FAIL: gcc.c-torture/execute/20000412-2.c execution, -O2
FAIL: gcc.c-torture/execute/20000412-2.c execution, -O3 -fomit-frame-pointer
FAIL: gcc.c-torture/execute/20000412-2.c execution, -O3 -g
FAIL: gcc.c-torture/execute/20000412-2.c execution, -O3 -fssa
FAIL: gcc.c-torture/execute/20000412-2.c execution, -Os
FAIL: gcc.c-torture/execute/20000419-1.c execution, -O2
FAIL: gcc.c-torture/execute/20000419-1.c execution, -Os
FAIL: gcc.dg/20000503-1.c (test for excess errors)
FAIL: gcc.dg/991214-1.c (test for excess errors)
FAIL: gcc.dg/compare2.c case 10 (test for bogus messages, line 29)
FAIL: gcc.dg/special/weak-1.c execution test
=== gcc Summary ===
# of expected passes 11446
# of unexpected failures 18
# of expected failures 38
# of unsupported tests 15
/home/ghazi/gcc-testing/build/gcc/xgcc version 2.96 20000602 (experimental)
=== g++ tests ===
Running target unix
FAIL: g++.dg/special/conpr-1.C execution test
FAIL: g++.dg/special/conpr-2.C execution test
FAIL: g++.dg/special/conpr-3.C execution test
FAIL: g++.dg/special/conpr-3.C execution test
FAIL: g++.ext/initp1.C Execution test
FAIL: g++.ext/instantiate1.C not instantiated (test for errors, line 18)
FAIL: g++.ext/instantiate1.C not instantiated (test for errors, line 20)
FAIL: g++.other/crash18.C (test for excess errors)
FAIL: g++.pt/infinite1.C excessive recursion (test for errors, line 6)
FAIL: g++.pt/infinite1.C starting here (test for errors, line 11)
FAIL: g++.pt/infinite1.C (test for excess errors)
=== g++ Summary ===
# of expected passes 5880
# of unexpected failures 11
# of expected failures 98
# of untested testcases 8
/home/ghazi/gcc-testing/build/gcc/testsuite/../g++ version 2.96 20000602 (experimental)
=== g77 tests ===
Running target unix
FAIL: g77.f-torture/execute/20000503-1.f execution, -O0
FAIL: g77.f-torture/execute/20000503-1.f execution, -O1
FAIL: g77.f-torture/execute/20000503-1.f execution, -O2
FAIL: g77.f-torture/execute/20000503-1.f execution, -O2 -fomit-frame-pointer -finline-functions
FAIL: g77.f-torture/execute/20000503-1.f execution, -O2 -fomit-frame-pointer -finline-functions -funroll-loops
FAIL: g77.f-torture/execute/20000503-1.f execution, -O2 -fomit-frame-pointer -finline-functions -funroll-all-loops
FAIL: g77.f-torture/execute/20000503-1.f execution, -O3 -g
FAIL: g77.f-torture/execute/20000503-1.f execution, -O3 -fssa
FAIL: g77.f-torture/execute/20000503-1.f execution, -Os
FAIL: g77.f-torture/execute/short.f execution, -Os
=== g77 Summary ===
# of expected passes 948
# of unexpected failures 10
=== objc tests ===
Running target unix
=== objc Summary ===
# of expected passes 40
/home/ghazi/gcc-testing/build/gcc/xgcc version 2.96 20000602 (experimental)
Compiler version: 2.96 20000602 (experimental)
Platform: i686-pc-linux-gnu
configure flags: --with-gcc-version-trigger=/home/ghazi/gcc-testing/egcs-CVS20000602/gcc/version.c --host=i686-pc-linux-gnu --verbose --norecursion