This is the mail archive of the
gcc-testresults@gcc.gnu.org
mailing list for the GCC project.
Results for 2.96 20000530 (experimental) testsuite on hppa1.1-hp-hpux11.00
- To: gcc-testresults at gcc dot gnu dot org
- Subject: Results for 2.96 20000530 (experimental) testsuite on hppa1.1-hp-hpux11.00
- From: Rodney Brown <rdb at localhost>
- Date: Sat, 3 Jun 2000 00:37:18 +1000
Native configuration is hppa1.1-hp-hpux11.00
=== gcc tests ===
Running target unix
FAIL: gcc.c-torture/compile/20000405-3.c, -O0
FAIL: gcc.c-torture/compile/20000405-3.c, -O1
FAIL: gcc.c-torture/compile/20000405-3.c, -O2
FAIL: gcc.c-torture/compile/20000405-3.c, -O3 -fomit-frame-pointer
FAIL: gcc.c-torture/compile/20000405-3.c, -O3 -g
FAIL: gcc.c-torture/compile/20000405-3.c, -O3 -fssa
FAIL: gcc.c-torture/compile/20000405-3.c, -Os
FAIL: gcc.c-torture/execute/20000225-1.c execution, -O2
FAIL: gcc.c-torture/execute/20000225-1.c execution, -O3 -fomit-frame-pointer
FAIL: gcc.c-torture/execute/20000225-1.c execution, -O3 -fomit-frame-pointer -funroll-loops
FAIL: gcc.c-torture/execute/20000225-1.c execution, -O3 -fomit-frame-pointer -funroll-all-loops -finline-functions
FAIL: gcc.c-torture/execute/20000225-1.c execution, -O3 -g
FAIL: gcc.c-torture/execute/20000225-1.c execution, -O3 -fssa
FAIL: gcc.c-torture/execute/20000225-1.c execution, -Os
FAIL: gcc.c-torture/execute/20000412-2.c execution, -O2
FAIL: gcc.c-torture/execute/20000412-2.c execution, -O3 -fomit-frame-pointer
FAIL: gcc.c-torture/execute/20000412-2.c execution, -O3 -g
FAIL: gcc.c-torture/execute/20000412-2.c execution, -O3 -fssa
FAIL: gcc.c-torture/execute/20000412-2.c execution, -Os
FAIL: gcc.c-torture/execute/920501-6.c compilation, -O3 -fssa
FAIL: gcc.c-torture/execute/960513-1.c execution, -O3 -fssa
FAIL: gcc.c-torture/execute/strct-stdarg-1.c execution, -O0
FAIL: gcc.c-torture/execute/strct-stdarg-1.c execution, -O1
FAIL: gcc.c-torture/execute/strct-stdarg-1.c execution, -O2
FAIL: gcc.c-torture/execute/strct-stdarg-1.c execution, -O3 -fomit-frame-pointer
FAIL: gcc.c-torture/execute/strct-stdarg-1.c execution, -O3 -fomit-frame-pointer -funroll-loops
FAIL: gcc.c-torture/execute/strct-stdarg-1.c execution, -O3 -fomit-frame-pointer -funroll-all-loops -finline-functions
FAIL: gcc.c-torture/execute/strct-stdarg-1.c execution, -O3 -g
FAIL: gcc.c-torture/execute/strct-stdarg-1.c execution, -O3 -fssa
FAIL: gcc.c-torture/execute/strct-stdarg-1.c execution, -Os
FAIL: gcc.c-torture/execute/ieee/fp-cmp-1.c execution, -O0
FAIL: gcc.c-torture/execute/ieee/fp-cmp-1.c execution, -O1
FAIL: gcc.c-torture/execute/ieee/fp-cmp-1.c execution, -O2
FAIL: gcc.c-torture/execute/ieee/fp-cmp-1.c execution, -O3 -fomit-frame-pointer
FAIL: gcc.c-torture/execute/ieee/fp-cmp-1.c execution, -O3 -fomit-frame-pointer -funroll-loops
FAIL: gcc.c-torture/execute/ieee/fp-cmp-1.c execution, -O3 -fomit-frame-pointer -funroll-all-loops -finline-functions
FAIL: gcc.c-torture/execute/ieee/fp-cmp-1.c execution, -O3 -g
FAIL: gcc.c-torture/execute/ieee/fp-cmp-1.c execution, -O3 -fssa
FAIL: gcc.c-torture/execute/ieee/fp-cmp-1.c execution, -Os
FAIL: gcc.c-torture/execute/ieee/fp-cmp-2.c execution, -O0
FAIL: gcc.c-torture/execute/ieee/fp-cmp-2.c execution, -O1
FAIL: gcc.c-torture/execute/ieee/fp-cmp-2.c execution, -O2
FAIL: gcc.c-torture/execute/ieee/fp-cmp-2.c execution, -O3 -fomit-frame-pointer
FAIL: gcc.c-torture/execute/ieee/fp-cmp-2.c execution, -O3 -fomit-frame-pointer -funroll-loops
FAIL: gcc.c-torture/execute/ieee/fp-cmp-2.c execution, -O3 -fomit-frame-pointer -funroll-all-loops -finline-functions
FAIL: gcc.c-torture/execute/ieee/fp-cmp-2.c execution, -O3 -g
FAIL: gcc.c-torture/execute/ieee/fp-cmp-2.c execution, -O3 -fssa
FAIL: gcc.c-torture/execute/ieee/fp-cmp-2.c execution, -Os
FAIL: gcc.c-torture/execute/ieee/fp-cmp-4.c compilation, -O0
FAIL: gcc.c-torture/execute/ieee/fp-cmp-4.c compilation, -O1
FAIL: gcc.c-torture/execute/ieee/fp-cmp-4.c compilation, -O2
FAIL: gcc.c-torture/execute/ieee/fp-cmp-4.c compilation, -O3 -fomit-frame-pointer
FAIL: gcc.c-torture/execute/ieee/fp-cmp-4.c compilation, -O3 -fomit-frame-pointer -funroll-loops
FAIL: gcc.c-torture/execute/ieee/fp-cmp-4.c compilation, -O3 -fomit-frame-pointer -funroll-all-loops -finline-functions
FAIL: gcc.c-torture/execute/ieee/fp-cmp-4.c compilation, -O3 -g
FAIL: gcc.c-torture/execute/ieee/fp-cmp-4.c compilation, -O3 -fssa
FAIL: gcc.c-torture/execute/ieee/fp-cmp-4.c compilation, -Os
FAIL: gcc.c-torture/execute/ieee/mzero2.c execution, -O1
FAIL: gcc.c-torture/execute/ieee/mzero2.c execution, -O2
FAIL: gcc.c-torture/execute/ieee/mzero2.c execution, -O3 -fomit-frame-pointer
FAIL: gcc.c-torture/execute/ieee/mzero2.c execution, -O3 -g
FAIL: gcc.c-torture/execute/ieee/mzero2.c execution, -O3 -fssa
FAIL: gcc.c-torture/execute/ieee/mzero2.c execution, -Os
FAIL: gcc.dg/20000419-2.c (test for excess errors)
FAIL: gcc.dg/compare2.c case 10 (test for bogus messages, line 29)
FAIL: gcc.dg/compare2.c case 12 (test for bogus messages, line 33)
FAIL: gcc.dg/noreturn-2.c (test for excess errors)
=== gcc Summary for unix ===
# of expected passes 11345
# of unexpected failures 67
# of expected failures 34
# of unresolved testcases 13
# of unsupported tests 35
Running target unix/-march=1.0
FAIL: gcc.c-torture/compile/20000405-3.c, -O0
FAIL: gcc.c-torture/compile/20000405-3.c, -O1
FAIL: gcc.c-torture/compile/20000405-3.c, -O2
FAIL: gcc.c-torture/compile/20000405-3.c, -O3 -fomit-frame-pointer
FAIL: gcc.c-torture/compile/20000405-3.c, -O3 -g
FAIL: gcc.c-torture/compile/20000405-3.c, -O3 -fssa
FAIL: gcc.c-torture/compile/20000405-3.c, -Os
FAIL: gcc.c-torture/compile/921011-2.c, -O0
FAIL: gcc.c-torture/compile/921011-2.c, -O1
FAIL: gcc.c-torture/compile/921011-2.c, -O2
FAIL: gcc.c-torture/compile/921011-2.c, -O3 -fomit-frame-pointer
FAIL: gcc.c-torture/compile/921011-2.c, -O3 -fomit-frame-pointer -funroll-loops
FAIL: gcc.c-torture/compile/921011-2.c, -O3 -fomit-frame-pointer -funroll-all-loops -finline-functions
FAIL: gcc.c-torture/compile/921011-2.c, -O3 -g
FAIL: gcc.c-torture/compile/921011-2.c, -O3 -fssa
FAIL: gcc.c-torture/compile/921011-2.c, -Os
FAIL: gcc.c-torture/compile/940712-1.c, -O0
FAIL: gcc.c-torture/compile/940712-1.c, -O1
FAIL: gcc.c-torture/compile/940712-1.c, -O2
FAIL: gcc.c-torture/compile/940712-1.c, -O3 -fomit-frame-pointer
FAIL: gcc.c-torture/compile/940712-1.c, -O3 -g
FAIL: gcc.c-torture/compile/940712-1.c, -O3 -fssa
FAIL: gcc.c-torture/compile/940712-1.c, -Os
FAIL: gcc.c-torture/compile/980726-1.c, -O0
FAIL: gcc.c-torture/compile/980726-1.c, -O1
FAIL: gcc.c-torture/compile/980726-1.c, -O2
FAIL: gcc.c-torture/compile/980726-1.c, -O3 -fomit-frame-pointer
FAIL: gcc.c-torture/compile/980726-1.c, -O3 -g
FAIL: gcc.c-torture/compile/980726-1.c, -O3 -fssa
FAIL: gcc.c-torture/compile/980726-1.c, -Os
FAIL: gcc.c-torture/compile/990913-1.c, -O0
FAIL: gcc.c-torture/compile/990913-1.c, -O1
FAIL: gcc.c-torture/compile/990913-1.c, -O2
FAIL: gcc.c-torture/compile/990913-1.c, -O3 -fomit-frame-pointer
FAIL: gcc.c-torture/compile/990913-1.c, -O3 -g
FAIL: gcc.c-torture/compile/990913-1.c, -O3 -fssa
FAIL: gcc.c-torture/compile/990913-1.c, -Os
FAIL: gcc.c-torture/execute/20000225-1.c execution, -O2
FAIL: gcc.c-torture/execute/20000225-1.c execution, -O3 -fomit-frame-pointer
FAIL: gcc.c-torture/execute/20000225-1.c execution, -O3 -fomit-frame-pointer -funroll-loops
FAIL: gcc.c-torture/execute/20000225-1.c execution, -O3 -fomit-frame-pointer -funroll-all-loops -finline-functions
FAIL: gcc.c-torture/execute/20000225-1.c execution, -O3 -g
FAIL: gcc.c-torture/execute/20000225-1.c execution, -O3 -fssa
FAIL: gcc.c-torture/execute/20000225-1.c execution, -Os
FAIL: gcc.c-torture/execute/20000412-2.c execution, -O2
FAIL: gcc.c-torture/execute/20000412-2.c execution, -O3 -fomit-frame-pointer
FAIL: gcc.c-torture/execute/20000412-2.c execution, -O3 -g
FAIL: gcc.c-torture/execute/20000412-2.c execution, -O3 -fssa
FAIL: gcc.c-torture/execute/20000412-2.c execution, -Os
FAIL: gcc.c-torture/execute/920501-6.c compilation, -O3 -fssa
FAIL: gcc.c-torture/execute/930529-1.c compilation, -O0
FAIL: gcc.c-torture/execute/930529-1.c compilation, -O1
FAIL: gcc.c-torture/execute/930529-1.c compilation, -O2
FAIL: gcc.c-torture/execute/930529-1.c compilation, -Os
FAIL: gcc.c-torture/execute/930921-1.c compilation, -O0
FAIL: gcc.c-torture/execute/930921-1.c compilation, -O1
FAIL: gcc.c-torture/execute/930921-1.c compilation, -O2
FAIL: gcc.c-torture/execute/930921-1.c compilation, -O3 -fomit-frame-pointer
FAIL: gcc.c-torture/execute/930921-1.c compilation, -O3 -fomit-frame-pointer -funroll-loops
FAIL: gcc.c-torture/execute/930921-1.c compilation, -O3 -fomit-frame-pointer -funroll-all-loops -finline-functions
FAIL: gcc.c-torture/execute/930921-1.c compilation, -O3 -g
FAIL: gcc.c-torture/execute/930921-1.c compilation, -O3 -fssa
FAIL: gcc.c-torture/execute/930921-1.c compilation, -Os
FAIL: gcc.c-torture/execute/941101-1.c compilation, -O0
FAIL: gcc.c-torture/execute/960513-1.c execution, -O3 -fssa
FAIL: gcc.c-torture/execute/961223-1.c compilation, -O0
FAIL: gcc.c-torture/execute/961223-1.c compilation, -O1
FAIL: gcc.c-torture/execute/961223-1.c compilation, -O2
FAIL: gcc.c-torture/execute/961223-1.c compilation, -O3 -fomit-frame-pointer
FAIL: gcc.c-torture/execute/961223-1.c compilation, -O3 -g
FAIL: gcc.c-torture/execute/961223-1.c compilation, -Os
FAIL: gcc.c-torture/execute/991019-1.c compilation, -O1
FAIL: gcc.c-torture/execute/991019-1.c compilation, -O2
FAIL: gcc.c-torture/execute/991019-1.c compilation, -O3 -fomit-frame-pointer
FAIL: gcc.c-torture/execute/991019-1.c compilation, -O3 -fomit-frame-pointer -funroll-loops
FAIL: gcc.c-torture/execute/991019-1.c compilation, -O3 -fomit-frame-pointer -funroll-all-loops -finline-functions
FAIL: gcc.c-torture/execute/991019-1.c compilation, -O3 -g
FAIL: gcc.c-torture/execute/991019-1.c compilation, -Os
FAIL: gcc.c-torture/execute/cbrt.c compilation, -O0
FAIL: gcc.c-torture/execute/cbrt.c compilation, -O1
FAIL: gcc.c-torture/execute/cbrt.c compilation, -O2
FAIL: gcc.c-torture/execute/cbrt.c compilation, -O3 -fomit-frame-pointer
FAIL: gcc.c-torture/execute/cbrt.c compilation, -O3 -g
FAIL: gcc.c-torture/execute/cbrt.c compilation, -O3 -fssa
FAIL: gcc.c-torture/execute/cbrt.c compilation, -Os
FAIL: gcc.c-torture/execute/complex-5.c execution, -O0
FAIL: gcc.c-torture/execute/complex-5.c execution, -O1
FAIL: gcc.c-torture/execute/complex-5.c execution, -O2
FAIL: gcc.c-torture/execute/complex-5.c execution, -Os
FAIL: gcc.c-torture/execute/divconst-1.c compilation, -O0
FAIL: gcc.c-torture/execute/strct-pack-1.c compilation, -O0
FAIL: gcc.c-torture/execute/strct-stdarg-1.c execution, -O0
FAIL: gcc.c-torture/execute/strct-stdarg-1.c execution, -O1
FAIL: gcc.c-torture/execute/strct-stdarg-1.c execution, -O2
FAIL: gcc.c-torture/execute/strct-stdarg-1.c execution, -O3 -fomit-frame-pointer
FAIL: gcc.c-torture/execute/strct-stdarg-1.c execution, -O3 -fomit-frame-pointer -funroll-loops
FAIL: gcc.c-torture/execute/strct-stdarg-1.c execution, -O3 -fomit-frame-pointer -funroll-all-loops -finline-functions
FAIL: gcc.c-torture/execute/strct-stdarg-1.c execution, -O3 -g
FAIL: gcc.c-torture/execute/strct-stdarg-1.c execution, -O3 -fssa
FAIL: gcc.c-torture/execute/strct-stdarg-1.c execution, -Os
FAIL: gcc.c-torture/execute/ieee/fp-cmp-1.c execution, -O0
FAIL: gcc.c-torture/execute/ieee/fp-cmp-1.c execution, -O1
FAIL: gcc.c-torture/execute/ieee/fp-cmp-1.c execution, -O2
FAIL: gcc.c-torture/execute/ieee/fp-cmp-1.c execution, -O3 -fomit-frame-pointer
FAIL: gcc.c-torture/execute/ieee/fp-cmp-1.c execution, -O3 -fomit-frame-pointer -funroll-loops
FAIL: gcc.c-torture/execute/ieee/fp-cmp-1.c execution, -O3 -fomit-frame-pointer -funroll-all-loops -finline-functions
FAIL: gcc.c-torture/execute/ieee/fp-cmp-1.c execution, -O3 -g
FAIL: gcc.c-torture/execute/ieee/fp-cmp-1.c execution, -O3 -fssa
FAIL: gcc.c-torture/execute/ieee/fp-cmp-1.c execution, -Os
FAIL: gcc.c-torture/execute/ieee/fp-cmp-2.c execution, -O0
FAIL: gcc.c-torture/execute/ieee/fp-cmp-2.c execution, -O1
FAIL: gcc.c-torture/execute/ieee/fp-cmp-2.c execution, -O2
FAIL: gcc.c-torture/execute/ieee/fp-cmp-2.c execution, -O3 -fomit-frame-pointer
FAIL: gcc.c-torture/execute/ieee/fp-cmp-2.c execution, -O3 -fomit-frame-pointer -funroll-loops
FAIL: gcc.c-torture/execute/ieee/fp-cmp-2.c execution, -O3 -fomit-frame-pointer -funroll-all-loops -finline-functions
FAIL: gcc.c-torture/execute/ieee/fp-cmp-2.c execution, -O3 -g
FAIL: gcc.c-torture/execute/ieee/fp-cmp-2.c execution, -O3 -fssa
FAIL: gcc.c-torture/execute/ieee/fp-cmp-2.c execution, -Os
FAIL: gcc.c-torture/execute/ieee/fp-cmp-4.c compilation, -O0
FAIL: gcc.c-torture/execute/ieee/fp-cmp-4.c compilation, -O1
FAIL: gcc.c-torture/execute/ieee/fp-cmp-4.c compilation, -O2
FAIL: gcc.c-torture/execute/ieee/fp-cmp-4.c compilation, -O3 -fomit-frame-pointer
FAIL: gcc.c-torture/execute/ieee/fp-cmp-4.c compilation, -O3 -fomit-frame-pointer -funroll-loops
FAIL: gcc.c-torture/execute/ieee/fp-cmp-4.c compilation, -O3 -fomit-frame-pointer -funroll-all-loops -finline-functions
FAIL: gcc.c-torture/execute/ieee/fp-cmp-4.c compilation, -O3 -g
FAIL: gcc.c-torture/execute/ieee/fp-cmp-4.c compilation, -O3 -fssa
FAIL: gcc.c-torture/execute/ieee/fp-cmp-4.c compilation, -Os
FAIL: gcc.c-torture/execute/ieee/mzero2.c execution, -O1
FAIL: gcc.c-torture/execute/ieee/mzero2.c execution, -O2
FAIL: gcc.c-torture/execute/ieee/mzero2.c execution, -O3 -fomit-frame-pointer
FAIL: gcc.c-torture/execute/ieee/mzero2.c execution, -O3 -g
FAIL: gcc.c-torture/execute/ieee/mzero2.c execution, -O3 -fssa
FAIL: gcc.c-torture/execute/ieee/mzero2.c execution, -Os
FAIL: gcc.dg/20000419-2.c (test for excess errors)
FAIL: gcc.dg/compare2.c case 10 (test for bogus messages, line 29)
FAIL: gcc.dg/compare2.c case 12 (test for bogus messages, line 33)
FAIL: gcc.dg/noreturn-2.c (test for excess errors)
=== gcc Summary for unix/-march=1.0 ===
# of expected passes 11239
# of unexpected failures 137
# of expected failures 34
# of unresolved testcases 49
# of unsupported tests 35
=== gcc Summary ===
# of expected passes 22584
# of unexpected failures 204
# of expected failures 68
# of unresolved testcases 62
# of unsupported tests 70
/devel/src/egcs-20000530.obj/gcc/xgcc version 2.96 20000530 (experimental)
=== g++ tests ===
Running target unix
FAIL: g++.dg/special/conpr-1.C (test for excess errors)
FAIL: g++.dg/special/conpr-2.C (test for excess errors)
FAIL: g++.dg/special/conpr-3.C (test for excess errors)
FAIL: g++.dg/special/conpr-3.C (test for excess errors)
FAIL: g++.abi/arraynew.C (test for excess errors)
FAIL: g++.abi/cxa_vec.C (test for excess errors)
FAIL: g++.abi/empty.C (test for excess errors)
FAIL: g++.abi/layout1.C (test for excess errors)
FAIL: g++.abi/primary.C (test for excess errors)
FAIL: g++.abi/ptrflags.C (test for excess errors)
FAIL: g++.abi/ptrmem.C (test for excess errors)
FAIL: g++.abi/vmihint.C (test for excess errors)
FAIL: g++.abi/vtable.C (test for excess errors)
FAIL: g++.abi/vtable2.C (test for excess errors)
FAIL: g++.benjamin/14687.C (test for excess errors)
FAIL: g++.benjamin/15071.C (test for excess errors)
FAIL: g++.benjamin/15351-1.C (test for excess errors)
FAIL: g++.benjamin/15351-2.C (test for excess errors)
FAIL: g++.benjamin/15822.C (test for excess errors)
FAIL: g++.benjamin/bool01.C (test for excess errors)
FAIL: g++.benjamin/bool02.C (test for excess errors)
FAIL: g++.benjamin/tem06.C (test for excess errors)
FAIL: g++.benjamin/tem07.C (test for excess errors)
FAIL: g++.benjamin/typeid01.C (test for excess errors)
FAIL: g++.bob/delete1.C (test for excess errors)
FAIL: g++.bob/packed1.C (test for excess errors)
FAIL: g++.bob/template4.C (test for excess errors)
FAIL: g++.brendan/code-gen1.C (test for excess errors)
FAIL: g++.brendan/code-gen2.C (test for excess errors)
FAIL: g++.brendan/code-gen3.C (test for excess errors)
FAIL: g++.brendan/code-gen4.C (test for excess errors)
FAIL: g++.brendan/code-gen6.C (test for excess errors)
FAIL: g++.brendan/complex1.C (test for excess errors)
FAIL: g++.brendan/copy1.C (test for excess errors)
FAIL: g++.brendan/copy2.C (test for excess errors)
FAIL: g++.brendan/copy3.C (test for excess errors)
FAIL: g++.brendan/copy4.C (test for excess errors)
FAIL: g++.brendan/copy5.C (test for excess errors)
FAIL: g++.brendan/copy6.C (test for excess errors)
FAIL: g++.brendan/copy7.C (test for excess errors)
FAIL: g++.brendan/copy8.C (test for excess errors)
FAIL: g++.brendan/copy9.C (test for excess errors)
FAIL: g++.brendan/ctors1.C (test for excess errors)
FAIL: g++.brendan/ctors2.C (test for excess errors)
FAIL: g++.brendan/delete2.C (test for excess errors)
FAIL: g++.brendan/dtors1.C (test for excess errors)
FAIL: g++.brendan/dtors2.C (test for excess errors)
FAIL: g++.brendan/dtors3.C (test for excess errors)
FAIL: g++.brendan/eh1.C (test for excess errors)
FAIL: g++.brendan/groff1.C (test for excess errors)
FAIL: g++.brendan/init3.C (test for excess errors)
FAIL: g++.brendan/misc7.C (test for excess errors)
FAIL: g++.brendan/nest21.C (test for excess errors)
FAIL: g++.brendan/new2.C (test for excess errors)
FAIL: g++.brendan/new3.C (test for excess errors)
FAIL: g++.brendan/operators5.C (test for excess errors)
FAIL: g++.brendan/overload2.C (test for excess errors)
FAIL: g++.brendan/overload7.C (test for excess errors)
FAIL: g++.brendan/ptolemy2.C (test for excess errors)
FAIL: g++.brendan/redecl2.C (test for excess errors)
FAIL: g++.brendan/reference1.C (test for excess errors)
FAIL: g++.brendan/sizeof5.C (test for excess errors)
FAIL: g++.brendan/template22.C (test for excess errors)
FAIL: g++.brendan/template24.C (test for excess errors)
FAIL: g++.brendan/template3.C (test for excess errors)
FAIL: g++.brendan/template9.C (test for excess errors)
FAIL: g++.brendan/vtables1.C (test for excess errors)
FAIL: g++.bugs/891230_01.C (test for excess errors)
FAIL: g++.bugs/900107_01.C (test for excess errors)
FAIL: g++.bugs/900205_03.C (test for excess errors)
FAIL: g++.bugs/900207_03.C (test for excess errors)
FAIL: g++.bugs/900208_02.C (test for excess errors)
FAIL: g++.bugs/900212_03.C (test for excess errors)
FAIL: g++.bugs/900215_01.C (test for excess errors)
FAIL: g++.bugs/900220_01.C (test for excess errors)
FAIL: g++.bugs/900220_02.C (test for excess errors)
FAIL: g++.bugs/900220_03.C (test for excess errors)
FAIL: g++.bugs/900227_01.C (test for excess errors)
FAIL: g++.bugs/900321_02.C (test for excess errors)
FAIL: g++.bugs/900321_04.C (test for excess errors)
FAIL: g++.bugs/900321_05.C (test for excess errors)
FAIL: g++.bugs/900324_03.C (test for excess errors)
FAIL: g++.bugs/900324_06.C (test for excess errors)
FAIL: g++.bugs/900331_02.C (test for excess errors)
FAIL: g++.bugs/900331_03.C (test for excess errors)
FAIL: g++.bugs/900331_04.C (test for excess errors)
FAIL: g++.bugs/900404_02.C (test for excess errors)
FAIL: g++.bugs/900404_04.C (test for excess errors)
FAIL: g++.bugs/900406_02.C (test for excess errors)
FAIL: g++.bugs/900511_01.C (test for excess errors)
FAIL: g++.bugs/900519_04.C (test for excess errors)
FAIL: g++.bugs/900519_05.C (test for excess errors)
FAIL: g++.bugs/900520_04.C (test for excess errors)
FAIL: g++.bugs/900520_05.C (test for excess errors)
FAIL: g++.bugs/900520_06.C (test for excess errors)
FAIL: g++.eh/catch11.C (test for excess errors)
FAIL: g++.eh/catch12.C (test for excess errors)
FAIL: g++.eh/catch3.C (test for excess errors)
FAIL: g++.eh/catch3p.C (test for excess errors)
FAIL: g++.eh/catch4.C (test for excess errors)
FAIL: g++.eh/catch4p.C (test for excess errors)
FAIL: g++.eh/catch5.C (test for excess errors)
FAIL: g++.eh/catch5p.C (test for excess errors)
FAIL: g++.eh/catch6.C (test for excess errors)
FAIL: g++.eh/catch6p.C (test for excess errors)
FAIL: g++.eh/catch7.C (test for excess errors)
FAIL: g++.eh/catch7p.C (test for excess errors)
FAIL: g++.eh/catch8.C (test for excess errors)
FAIL: g++.eh/catch8p.C (test for excess errors)
FAIL: g++.eh/catch9.C (test for excess errors)
FAIL: g++.eh/catch9p.C (test for excess errors)
FAIL: g++.eh/catchptr1.C (test for excess errors)
FAIL: g++.eh/cleanup1.C (test for excess errors)
FAIL: g++.eh/cleanup2.C (test for excess errors)
FAIL: g++.eh/crash4.C caused compiler crash
FAIL: g++.eh/flow1.C (test for excess errors)
FAIL: g++.eh/fntry1.C (test for excess errors)
FAIL: g++.eh/new1.C (test for excess errors)
FAIL: g++.eh/new2.C (test for excess errors)
FAIL: g++.eh/pdel1.C (test for excess errors)
FAIL: g++.eh/pdel2.C (test for excess errors)
FAIL: g++.eh/ptr1.C (test for excess errors)
FAIL: g++.eh/rethrow1.C (test for excess errors)
FAIL: g++.eh/rethrow2.C (test for excess errors)
FAIL: g++.eh/rethrow3.C (test for excess errors)
FAIL: g++.eh/rethrow4.C (test for excess errors)
FAIL: g++.eh/rethrow5.C (test for excess errors)
FAIL: g++.eh/spec1.C (test for excess errors)
FAIL: g++.eh/spec2.C (test for excess errors)
FAIL: g++.eh/spec3.C (test for excess errors)
FAIL: g++.eh/spec4.C (test for excess errors)
FAIL: g++.eh/tmpl1.C (test for excess errors)
FAIL: g++.eh/unwind1.C (test for excess errors)
FAIL: g++.eh/vbase1.C (test for excess errors)
FAIL: g++.eh/vbase2.C (test for excess errors)
FAIL: g++.eh/vbase4.C (test for excess errors)
FAIL: g++.ext/addrfunc2.C (test for excess errors)
FAIL: g++.ext/addrfunc3.C (test for excess errors)
FAIL: g++.ext/addrfunc4.C (test for excess errors)
FAIL: g++.ext/anon1.C (test for excess errors)
FAIL: g++.ext/attrib5.C (test for excess errors)
FAIL: g++.ext/comint1.C (test for excess errors)
FAIL: g++.ext/constructor.C (test for excess errors)
FAIL: g++.ext/default.C (test for excess errors)
FAIL: g++.ext/implicit1.C (test for excess errors)
FAIL: g++.ext/initp1.C (test for excess errors)
FAIL: g++.ext/jump1.C (test for excess errors)
FAIL: g++.ext/label1.C (test for excess errors)
FAIL: g++.ext/label2.C (test for excess errors)
FAIL: g++.ext/null1.C (test for excess errors)
FAIL: g++.ext/pretty2.C (test for excess errors)
FAIL: g++.ext/pretty3.C (test for excess errors)
FAIL: g++.ext/pretty4.C (test for excess errors)
FAIL: g++.jason/2371.C caused compiler crash
FAIL: g++.jason/aggregate.C (test for excess errors)
FAIL: g++.jason/anon.C (test for excess errors)
FAIL: g++.jason/bool2.C (test for excess errors)
FAIL: g++.jason/bool4.C (test for excess errors)
FAIL: g++.jason/bool5.C (test for excess errors)
FAIL: g++.jason/byval.C (test for excess errors)
FAIL: g++.jason/cleanup.C (test for excess errors)
FAIL: g++.jason/cond2.C (test for excess errors)
FAIL: g++.jason/const.C (test for excess errors)
FAIL: g++.jason/const2.C (test for excess errors)
FAIL: g++.jason/const3.C (test for excess errors)
FAIL: g++.jason/conversion6.C (test for excess errors)
FAIL: g++.jason/conversion7.C (test for excess errors)
FAIL: g++.jason/conversion8.C (test for excess errors)
FAIL: g++.jason/conversion9.C (test for excess errors)
FAIL: g++.jason/ctor1.C (test for excess errors)
FAIL: g++.jason/dcast2.C (test for excess errors)
FAIL: g++.jason/dcast3.C (test for excess errors)
FAIL: g++.jason/defctor.C (test for excess errors)
FAIL: g++.jason/dtor2.C (test for excess errors)
FAIL: g++.jason/dtor5.C (test for excess errors)
FAIL: g++.jason/enum5.C (test for excess errors)
FAIL: g++.jason/enum6.C (test for excess errors)
FAIL: g++.jason/enum8.C (test for excess errors)
FAIL: g++.jason/friend.C (test for excess errors)
FAIL: g++.jason/groff1.C (test for excess errors)
FAIL: g++.jason/init2.C (test for excess errors)
FAIL: g++.jason/init3.C (test for excess errors)
FAIL: g++.jason/inline.C (test for excess errors)
FAIL: g++.jason/inline3.C (test for excess errors)
FAIL: g++.jason/lex1.C (test for excess errors)
FAIL: g++.jason/lvalue4.C (test for excess errors)
FAIL: g++.jason/mangle3.C (test for excess errors)
FAIL: g++.jason/mi.C (test for excess errors)
FAIL: g++.jason/mutable1.C (test for excess errors)
FAIL: g++.jason/net2.C (test for excess errors)
FAIL: g++.jason/new2.C (test for excess errors)
FAIL: g++.jason/new3.C (test for excess errors)
FAIL: g++.jason/new4.C (test for excess errors)
FAIL: g++.jason/new5.C (test for excess errors)
FAIL: g++.jason/offset2.C (test for excess errors)
FAIL: g++.jason/opeq.C (test for excess errors)
FAIL: g++.jason/opeq5.C (test for excess errors)
FAIL: g++.jason/optimize2.C (test for excess errors)
FAIL: g++.jason/overload11.C (test for excess errors)
FAIL: g++.jason/overload12.C (test for excess errors)
FAIL: g++.jason/overload13.C (test for excess errors)
FAIL: g++.jason/overload19.C (test for excess errors)
FAIL: g++.jason/overload27.C (test for excess errors)
FAIL: g++.jason/overload36.C (test for excess errors)
FAIL: g++.jason/parse10.C (test for excess errors)
FAIL: g++.jason/parse12.C (test for excess errors)
FAIL: g++.jason/parse9.C (test for excess errors)
FAIL: g++.jason/pmem2.C (test for excess errors)
FAIL: g++.jason/pmem3.C (test for excess errors)
FAIL: g++.jason/pmf7.C (test for excess errors)
FAIL: g++.jason/pmf8.C (test for excess errors)
FAIL: g++.jason/ref10.C (test for excess errors)
FAIL: g++.jason/ref11.C (test for excess errors)
FAIL: g++.jason/ref12.C (test for excess errors)
FAIL: g++.jason/ref7.C (test for excess errors)
FAIL: g++.jason/ref8.C (test for excess errors)
FAIL: g++.jason/ref9.C (test for excess errors)
FAIL: g++.jason/return.C (test for excess errors)
FAIL: g++.jason/return2.C (test for excess errors)
FAIL: g++.jason/return3.C (test for excess errors)
FAIL: g++.jason/rvalue1.C (test for excess errors)
FAIL: g++.jason/rvalue2.C (test for excess errors)
FAIL: g++.jason/scoping17.C (test for excess errors)
FAIL: g++.jason/static1.C (test for excess errors)
FAIL: g++.jason/synth5.C caused compiler crash
FAIL: g++.jason/synth7.C (test for excess errors)
FAIL: g++.jason/tempinst1.C (test for excess errors)
FAIL: g++.jason/template11.C (test for excess errors)
FAIL: g++.jason/template13.C (test for excess errors)
FAIL: g++.jason/template14.C (test for excess errors)
FAIL: g++.jason/template15.C (test for excess errors)
FAIL: g++.jason/template16.C (test for excess errors)
FAIL: g++.jason/template19.C (test for excess errors)
FAIL: g++.jason/template20.C (test for excess errors)
FAIL: g++.jason/template24.C (test for excess errors)
FAIL: g++.jason/template25.C (test for excess errors)
FAIL: g++.jason/template26.C (test for excess errors)
FAIL: g++.jason/template27.C (test for excess errors)
FAIL: g++.jason/template28.C (test for excess errors)
FAIL: g++.jason/template3.C (test for excess errors)
FAIL: g++.jason/template31.C (test for excess errors)
FAIL: g++.jason/template34.C (test for excess errors)
FAIL: g++.jason/template36.C (test for excess errors)
FAIL: g++.jason/template37.C (test for excess errors)
FAIL: g++.jason/template38.C (test for excess errors)
FAIL: g++.jason/template40.C (test for excess errors)
FAIL: g++.jason/template41.C (test for excess errors)
FAIL: g++.jason/template42.C (test for excess errors)
FAIL: g++.jason/template43.C (test for excess errors)
FAIL: g++.jason/template44.C (test for excess errors)
FAIL: g++.jason/template6.C (test for excess errors)
FAIL: g++.jason/temporary.C (test for excess errors)
FAIL: g++.jason/temporary3.C (test for excess errors)
FAIL: g++.jason/temporary4.C (test for excess errors)
FAIL: g++.jason/temporary5.C (test for excess errors)
FAIL: g++.jason/temporary7.C (test for excess errors)
FAIL: g++.jason/temporary8.C (test for excess errors)
FAIL: g++.jason/thunk1.C (test for excess errors)
FAIL: g++.jason/thunk2.C (test for excess errors)
FAIL: g++.jason/thunk3.C (test for excess errors)
FAIL: g++.jason/typedef2.C (test for excess errors)
FAIL: g++.jason/typeid1.C (test for excess errors)
FAIL: g++.jason/typeid2.C (test for excess errors)
FAIL: g++.jason/vecdel.C (test for excess errors)
FAIL: g++.jason/virtual2.C (test for excess errors)
FAIL: g++.jason/warning5.C (test for excess errors)
FAIL: g++.jason/warning9.C (test for excess errors)
FAIL: g++.law/arg7.C (test for excess errors)
FAIL: g++.law/arg8.C (test for excess errors)
FAIL: g++.law/arm13.C (test for excess errors)
FAIL: g++.law/arm15.C (test for excess errors)
FAIL: g++.law/arm4.C (test for excess errors)
FAIL: g++.law/arm5.C (test for excess errors)
FAIL: g++.law/arm7.C (test for excess errors)
FAIL: g++.law/array1.C (test for excess errors)
FAIL: g++.law/bit-fields2.C (test for excess errors)
FAIL: g++.law/builtin1.C (test for excess errors)
FAIL: g++.law/code-gen1.C (test for excess errors)
FAIL: g++.law/code-gen2.C (test for excess errors)
FAIL: g++.law/code-gen4.C (test for excess errors)
FAIL: g++.law/code-gen5.C (test for excess errors)
FAIL: g++.law/copy1.C (test for excess errors)
FAIL: g++.law/ctors12.C (test for excess errors)
FAIL: g++.law/ctors15.C (test for excess errors)
FAIL: g++.law/ctors16.C (test for excess errors)
FAIL: g++.law/ctors2.C (test for excess errors)
FAIL: g++.law/ctors4.C (test for excess errors)
FAIL: g++.law/ctors8.C (test for excess errors)
FAIL: g++.law/cvt12.C (test for excess errors)
FAIL: g++.law/cvt2.C (test for excess errors)
FAIL: g++.law/cvt4.C (test for excess errors)
FAIL: g++.law/cvt7.C (test for excess errors)
FAIL: g++.law/dtors2.C (test for excess errors)
FAIL: g++.law/dtors3.C (test for excess errors)
FAIL: g++.law/dtors4.C (test for excess errors)
FAIL: g++.law/dtors5.C (test for excess errors)
FAIL: g++.law/enum9.C (test for excess errors)
FAIL: g++.law/global-init1.C (test for excess errors)
FAIL: g++.law/init11.C (test for excess errors)
FAIL: g++.law/init13.C (test for excess errors)
FAIL: g++.law/init14.C (test for excess errors)
FAIL: g++.law/init9.C (test for excess errors)
FAIL: g++.law/inline4.C (test for excess errors)
FAIL: g++.law/operators15.C (test for excess errors)
FAIL: g++.law/operators16.C (test for excess errors)
FAIL: g++.law/operators23.C (test for excess errors)
FAIL: g++.law/operators27.C (test for excess errors)
FAIL: g++.law/operators30.C (test for excess errors)
FAIL: g++.law/operators8.C (test for excess errors)
FAIL: g++.law/profile1.C (test for excess errors)
FAIL: g++.law/refs1.C (test for excess errors)
FAIL: g++.law/refs4.C (test for excess errors)
FAIL: g++.law/scope2.C (test for excess errors)
FAIL: g++.law/template2.C (test for excess errors)
FAIL: g++.law/temps2.C (test for excess errors)
FAIL: g++.law/temps3.C (test for excess errors)
FAIL: g++.law/temps4.C (test for excess errors)
FAIL: g++.law/temps5.C (test for excess errors)
FAIL: g++.law/temps6.C (test for excess errors)
FAIL: g++.law/virtual2.C (test for excess errors)
FAIL: g++.law/virtual3.C (test for excess errors)
FAIL: g++.law/virtual4.C (test for excess errors)
FAIL: g++.law/vtable3.C (test for excess errors)
FAIL: g++.martin/bitset1.C (test for excess errors)
FAIL: g++.martin/conv1.C (test for excess errors)
FAIL: g++.martin/eval1.C (test for excess errors)
FAIL: g++.martin/new1.C (test for excess errors)
FAIL: g++.martin/overload1.C (test for excess errors)
FAIL: g++.martin/pmf1.C (test for excess errors)
FAIL: g++.martin/pmf2.C (test for excess errors)
FAIL: g++.martin/sts_conv.C (test for excess errors)
FAIL: g++.martin/sts_iarr.C (test for excess errors)
FAIL: g++.martin/sts_vectini.C (test for excess errors)
FAIL: g++.mike/align1.C (test for excess errors)
FAIL: g++.mike/align2.C (test for excess errors)
FAIL: g++.mike/asm2.C (test for excess errors)
FAIL: g++.mike/bool2.C (test for excess errors)
FAIL: g++.mike/conv1.C (test for excess errors)
FAIL: g++.mike/dyncast1.C (test for excess errors)
FAIL: g++.mike/dyncast2.C (test for excess errors)
FAIL: g++.mike/dyncast3.C (test for excess errors)
FAIL: g++.mike/dyncast5.C (test for excess errors)
FAIL: g++.mike/dyncast7.C (test for excess errors)
FAIL: g++.mike/dyncast8.C (test for excess errors)
FAIL: g++.mike/dyncast9.C (test for excess errors)
FAIL: g++.mike/eh10.C (test for excess errors)
FAIL: g++.mike/eh12.C (test for excess errors)
FAIL: g++.mike/eh13.C (test for excess errors)
FAIL: g++.mike/eh14.C (test for excess errors)
FAIL: g++.mike/eh16.C (test for excess errors)
FAIL: g++.mike/eh17.C (test for excess errors)
FAIL: g++.mike/eh18.C (test for excess errors)
FAIL: g++.mike/eh2.C (test for excess errors)
FAIL: g++.mike/eh21.C (test for excess errors)
FAIL: g++.mike/eh23.C (test for excess errors)
FAIL: g++.mike/eh24.C (test for excess errors)
FAIL: g++.mike/eh25.C (test for excess errors)
FAIL: g++.mike/eh26.C (test for excess errors)
FAIL: g++.mike/eh27.C (test for excess errors)
FAIL: g++.mike/eh28.C (test for excess errors)
FAIL: g++.mike/eh29.C (test for excess errors)
FAIL: g++.mike/eh3.C (test for excess errors)
FAIL: g++.mike/eh31.C (test for excess errors)
FAIL: g++.mike/eh34.C (test for excess errors)
FAIL: g++.mike/eh35.C (test for excess errors)
FAIL: g++.mike/eh36.C (test for excess errors)
FAIL: g++.mike/eh37.C (test for excess errors)
FAIL: g++.mike/eh38.C (test for excess errors)
FAIL: g++.mike/eh39.C (test for excess errors)
FAIL: g++.mike/eh40.C (test for excess errors)
FAIL: g++.mike/eh41.C (test for excess errors)
FAIL: g++.mike/eh42.C (test for excess errors)
FAIL: g++.mike/eh44.C (test for excess errors)
FAIL: g++.mike/eh45.C (test for excess errors)
FAIL: g++.mike/eh47.C (test for excess errors)
FAIL: g++.mike/eh48.C (test for excess errors)
FAIL: g++.mike/eh49.C (test for excess errors)
FAIL: g++.mike/eh5.C (test for excess errors)
FAIL: g++.mike/eh51.C (test for excess errors)
FAIL: g++.mike/eh52.C (test for excess errors)
FAIL: g++.mike/eh53.C (test for excess errors)
FAIL: g++.mike/eh55.C (test for excess errors)
FAIL: g++.mike/eh56.C (test for excess errors)
FAIL: g++.mike/eh59.C (test for excess errors)
FAIL: g++.mike/eh6.C (test for excess errors)
FAIL: g++.mike/eh7.C (test for excess errors)
FAIL: g++.mike/eh8.C (test for excess errors)
FAIL: g++.mike/eh9.C (test for excess errors)
FAIL: g++.mike/for3.C (test for excess errors)
FAIL: g++.mike/hog1.C (test for excess errors)
FAIL: g++.mike/init1.C (test for excess errors)
FAIL: g++.mike/leak1.C (test for excess errors)
FAIL: g++.mike/mangle3.C (test for excess errors)
FAIL: g++.mike/mi1.C (test for excess errors)
FAIL: g++.mike/mi2.C (test for excess errors)
FAIL: g++.mike/misc1.C (test for excess errors)
FAIL: g++.mike/misc13.C (test for excess errors)
FAIL: g++.mike/misc14.C (test for excess errors)
FAIL: g++.mike/net15.C (test for excess errors)
FAIL: g++.mike/net16.C (test for excess errors)
FAIL: g++.mike/net17.C (test for excess errors)
FAIL: g++.mike/net21.C (test for excess errors)
FAIL: g++.mike/net26.C (test for excess errors)
FAIL: g++.mike/net34.C (test for excess errors)
FAIL: g++.mike/net35.C (test for excess errors)
FAIL: g++.mike/net37.C (test for excess errors)
FAIL: g++.mike/net38.C (test for excess errors)
FAIL: g++.mike/net39.C (test for excess errors)
FAIL: g++.mike/net40.C (test for excess errors)
FAIL: g++.mike/net41.C (test for excess errors)
FAIL: g++.mike/net46.C (test for excess errors)
FAIL: g++.mike/ns1.C (test for excess errors)
FAIL: g++.mike/ns10.C (test for excess errors)
FAIL: g++.mike/ns11.C (test for excess errors)
FAIL: g++.mike/ns12.C (test for excess errors)
FAIL: g++.mike/ns2.C (test for excess errors)
FAIL: g++.mike/ns9.C (test for excess errors)
FAIL: g++.mike/offset1.C (test for excess errors)
FAIL: g++.mike/opr-as1.C (test for excess errors)
FAIL: g++.mike/p10148.C (test for excess errors)
FAIL: g++.mike/p10849a.C (test for excess errors)
FAIL: g++.mike/p11144.C (test for excess errors)
FAIL: g++.mike/p11667.C (test for excess errors)
FAIL: g++.mike/p12306.C (test for excess errors)
FAIL: g++.mike/p12306a.C (test for excess errors)
FAIL: g++.mike/p1248.C (test for excess errors)
FAIL: g++.mike/p1567.C (test for excess errors)
FAIL: g++.mike/p16146.C (test for excess errors)
FAIL: g++.mike/p1862.C (test for excess errors)
FAIL: g++.mike/p2394.C (test for excess errors)
FAIL: g++.mike/p2736.C (test for excess errors)
FAIL: g++.mike/p2846.C (test for excess errors)
FAIL: g++.mike/p2846a.C (test for excess errors)
FAIL: g++.mike/p2846b.C (test for excess errors)
FAIL: g++.mike/p2960.C (test for excess errors)
FAIL: g++.mike/p3041.C (test for excess errors)
FAIL: g++.mike/p3060d.C (test for excess errors)
FAIL: g++.mike/p3068.C (test for excess errors)
FAIL: g++.mike/p3139.C (test for excess errors)
FAIL: g++.mike/p3570.C (test for excess errors)
FAIL: g++.mike/p3579.C (test for excess errors)
FAIL: g++.mike/p3708.C (test for excess errors)
FAIL: g++.mike/p3708a.C (test for excess errors)
FAIL: g++.mike/p3708b.C (test for excess errors)
FAIL: g++.mike/p4068.C (test for excess errors)
FAIL: g++.mike/p4104.C (test for excess errors)
FAIL: g++.mike/p4246.C (test for excess errors)
FAIL: g++.mike/p4511.C (test for excess errors)
FAIL: g++.mike/p4623.C (test for excess errors)
FAIL: g++.mike/p4667.C (test for excess errors)
FAIL: g++.mike/p4736a.C (test for excess errors)
FAIL: g++.mike/p4736b.C (test for excess errors)
FAIL: g++.mike/p4736c.C (test for excess errors)
FAIL: g++.mike/p5469.C (test for excess errors)
FAIL: g++.mike/p5469a.C (test for excess errors)
FAIL: g++.mike/p5571.C (test for excess errors)
FAIL: g++.mike/p5611.C (test for excess errors)
FAIL: g++.mike/p5673.C (test for excess errors)
FAIL: g++.mike/p5718.C (test for excess errors)
FAIL: g++.mike/p5840.C (test for excess errors)
FAIL: g++.mike/p5958.C (test for excess errors)
FAIL: g++.mike/p6004.C (test for excess errors)
FAIL: g++.mike/p6311.C (test for excess errors)
FAIL: g++.mike/p646.C (test for excess errors)
FAIL: g++.mike/p658.C (test for excess errors)
FAIL: g++.mike/p6610a.C (test for excess errors)
FAIL: g++.mike/p6610b.C (test for excess errors)
FAIL: g++.mike/p6611.C (test for excess errors)
FAIL: g++.mike/p6927.C (test for excess errors)
FAIL: g++.mike/p7180.C (test for excess errors)
FAIL: g++.mike/p7325.C (test for excess errors)
FAIL: g++.mike/p755.C (test for excess errors)
FAIL: g++.mike/p755a.C (test for excess errors)
FAIL: g++.mike/p7651.C (test for excess errors)
FAIL: g++.mike/p783.C (test for excess errors)
FAIL: g++.mike/p783a.C (test for excess errors)
FAIL: g++.mike/p783b.C (test for excess errors)
FAIL: g++.mike/p786.C (test for excess errors)
FAIL: g++.mike/p7865.C (test for excess errors)
FAIL: g++.mike/p789.C (test for excess errors)
FAIL: g++.mike/p789a.C (test for excess errors)
FAIL: g++.mike/p7912.C (test for excess errors)
FAIL: g++.mike/p8018.C (test for excess errors)
FAIL: g++.mike/p8155.C (test for excess errors)
FAIL: g++.mike/p8483.C (test for excess errors)
FAIL: g++.mike/p8804.C (test for excess errors)
FAIL: g++.mike/p9206.C (test for excess errors)
FAIL: g++.mike/p9706.C (test for excess errors)
FAIL: g++.mike/p9732a.C (test for excess errors)
FAIL: g++.mike/p9732b.C (test for excess errors)
FAIL: g++.mike/pmf1.C (test for excess errors)
FAIL: g++.mike/pmf2.C (test for excess errors)
FAIL: g++.mike/pmf5.C (test for excess errors)
FAIL: g++.mike/pmf7.C (test for excess errors)
FAIL: g++.mike/pmf8.C (test for excess errors)
FAIL: g++.mike/pmf9.C (test for excess errors)
FAIL: g++.mike/pt1.C (test for excess errors)
FAIL: g++.mike/pt2.C (test for excess errors)
FAIL: g++.mike/ref1.C (test for excess errors)
FAIL: g++.mike/rtti2.C (test for excess errors)
FAIL: g++.mike/rtti3.C (test for excess errors)
FAIL: g++.mike/temp.C (test for excess errors)
FAIL: g++.mike/thunk2.C (test for excess errors)
FAIL: g++.mike/thunk3.C (test for excess errors)
FAIL: g++.mike/virt2.C (test for excess errors)
FAIL: g++.mike/virt4.C (test for excess errors)
FAIL: g++.mike/virt5.C (test for excess errors)
FAIL: g++.mike/virt6.C (test for excess errors)
FAIL: g++.mike/vtable1.C (test for excess errors)
FAIL: g++.niklas/t140.C (test for excess errors)
FAIL: g++.ns/alias1.C (test for excess errors)
FAIL: g++.ns/alias3.C (test for excess errors)
FAIL: g++.ns/alias5.C (test for excess errors)
FAIL: g++.ns/alias6.C (test for excess errors)
FAIL: g++.ns/anon1.C (test for excess errors)
FAIL: g++.ns/extern1.C (test for excess errors)
FAIL: g++.ns/koenig3.C (test for excess errors)
FAIL: g++.ns/koenig4.C (test for excess errors)
FAIL: g++.ns/koenig6.C (test for excess errors)
FAIL: g++.ns/koenig7.C (test for excess errors)
FAIL: g++.ns/lookup3.C (test for excess errors)
FAIL: g++.ns/new1.C (test for excess errors)
FAIL: g++.ns/ns1.C (test for excess errors)
FAIL: g++.ns/ns12.C (test for excess errors)
FAIL: g++.ns/ns13.C (test for excess errors)
FAIL: g++.ns/ns14.C (test for excess errors)
FAIL: g++.ns/ns2.C (test for excess errors)
FAIL: g++.ns/ns6.C (test for excess errors)
FAIL: g++.ns/overload1.C (test for excess errors)
FAIL: g++.ns/template11.C (test for excess errors)
FAIL: g++.ns/template3.C (test for excess errors)
FAIL: g++.ns/template4.C (test for excess errors)
FAIL: g++.ns/template5.C (test for excess errors)
FAIL: g++.ns/template9.C (test for excess errors)
FAIL: g++.ns/using13.C (test for excess errors)
FAIL: g++.ns/using7.C (test for excess errors)
FAIL: g++.oliva/delete2.C (test for excess errors)
FAIL: g++.oliva/delete3.C (test for excess errors)
FAIL: g++.oliva/delete4.C (test for excess errors)
FAIL: g++.oliva/delete5.C (test for excess errors)
FAIL: g++.oliva/expr2.C (test for excess errors)
FAIL: g++.oliva/ext1.C (test for excess errors)
FAIL: g++.oliva/new1.C (test for excess errors)
FAIL: g++.oliva/template7.C caused compiler crash
FAIL: g++.oliva/thunk1.C (test for excess errors)
FAIL: g++.other/addrof1.C (test for excess errors)
FAIL: g++.other/anon2.C (test for excess errors)
FAIL: g++.other/anon3.C (test for excess errors)
FAIL: g++.other/array1.C (test for excess errors)
FAIL: g++.other/array2.C (test for excess errors)
FAIL: g++.other/badopt1.C (test for excess errors)
FAIL: g++.other/cleanup1.C (test for excess errors)
FAIL: g++.other/cleanup2.C (test for excess errors)
FAIL: g++.other/cond1.C (test for excess errors)
FAIL: g++.other/conv4.C (test for excess errors)
FAIL: g++.other/copy1.C (test for excess errors)
FAIL: g++.other/copy2.C (test for excess errors)
FAIL: g++.other/crash18.C (test for excess errors)
FAIL: g++.other/defarg2.C (test for excess errors)
FAIL: g++.other/delete3.C (test for excess errors)
FAIL: g++.other/delete5.C (test for excess errors)
FAIL: g++.other/delete6.C (test for excess errors)
FAIL: g++.other/dtor1.C (test for excess errors)
FAIL: g++.other/dtor5.C (test for excess errors)
FAIL: g++.other/dtor6.C (test for excess errors)
FAIL: g++.other/dtor7.C (test for excess errors)
FAIL: g++.other/dtor8.C (test for excess errors)
FAIL: g++.other/dtor9.C (test for excess errors)
FAIL: g++.other/dyncast1.C (test for excess errors)
FAIL: g++.other/dyncast2.C (test for excess errors)
FAIL: g++.other/dyncast3.C (test for excess errors)
FAIL: g++.other/dyncast4.C (test for excess errors)
FAIL: g++.other/dyncast5.C (test for excess errors)
FAIL: g++.other/empty1.C (test for excess errors)
FAIL: g++.other/enum1.C (test for excess errors)
FAIL: g++.other/field2.C (test for excess errors)
FAIL: g++.other/init1.C (test for excess errors)
FAIL: g++.other/init10.C (test for excess errors)
FAIL: g++.other/init11.C (test for excess errors)
FAIL: g++.other/init12.C (test for excess errors)
FAIL: g++.other/init13.C (test for excess errors)
FAIL: g++.other/init2.C (test for excess errors)
FAIL: g++.other/init5.C (test for excess errors)
FAIL: g++.other/init6.C (test for excess errors)
FAIL: g++.other/init7.C (test for excess errors)
FAIL: g++.other/inline7.C (test for excess errors)
FAIL: g++.other/inline8.C (test for excess errors)
FAIL: g++.other/local1.C (test for excess errors)
FAIL: g++.other/local3.C (test for excess errors)
FAIL: g++.other/lookup13.C (test for excess errors)
FAIL: g++.other/lookup17.C (test for excess errors)
FAIL: g++.other/lookup3.C (test for excess errors)
FAIL: g++.other/lookup4.C (test for excess errors)
FAIL: g++.other/lookup6.C (test for excess errors)
FAIL: g++.other/lookup7.C (test for excess errors)
FAIL: g++.other/loop1.C (test for excess errors)
FAIL: g++.other/mutable1.C (test for excess errors)
FAIL: g++.other/new3.C (test for excess errors)
FAIL: g++.other/null1.C (test for excess errors)
FAIL: g++.other/null2.C (test for excess errors)
FAIL: g++.other/overcnv2.C (test for excess errors)
FAIL: g++.other/overload1.C (test for excess errors)
FAIL: g++.other/overload2.C (test for excess errors)
FAIL: g++.other/overload3.C (test for excess errors)
FAIL: g++.other/overload4.C (test for excess errors)
FAIL: g++.other/overload5.C (test for excess errors)
FAIL: g++.other/overload6.C (test for excess errors)
FAIL: g++.other/overload7.C (test for excess errors)
FAIL: g++.other/overload8.C (test for excess errors)
FAIL: g++.other/overload9.C (test for excess errors)
FAIL: g++.other/pmf1.C (test for excess errors)
FAIL: g++.other/pmf4.C (test for excess errors)
FAIL: g++.other/ptrmem4.C (test for excess errors)
FAIL: g++.other/ref3.C (test for excess errors)
FAIL: g++.other/rtti1.C (test for excess errors)
FAIL: g++.other/rtti2.C (test for excess errors)
FAIL: g++.other/rtti3.C (test for excess errors)
FAIL: g++.other/rtti4.C (test for excess errors)
FAIL: g++.other/rttid2.C (test for excess errors)
FAIL: g++.other/rttid3.C (test for excess errors)
FAIL: g++.other/rttid4.C (test for excess errors)
FAIL: g++.other/singleton.C (test for excess errors)
FAIL: g++.other/sizeof3.C (test for excess errors)
FAIL: g++.other/static4.C (test for excess errors)
FAIL: g++.other/static7.C (test for excess errors)
FAIL: g++.other/string2.C (test for excess errors)
FAIL: g++.other/syntax1.C caused compiler crash
FAIL: g++.other/syntax2.C caused compiler crash
FAIL: g++.other/temporary1.C (test for excess errors)
FAIL: g++.other/union2.C (test for excess errors)
FAIL: g++.other/union3.C (test for excess errors)
FAIL: g++.other/using6.C (test for excess errors)
FAIL: g++.other/vaarg2.C (test for excess errors)
FAIL: g++.other/vbase1.C (test for excess errors)
FAIL: g++.other/vbase2.C (test for excess errors)
FAIL: g++.other/virtual2.C (test for excess errors)
FAIL: g++.other/virtual3.C (test for excess errors)
FAIL: g++.other/vtbl1.C (test for excess errors)
FAIL: g++.other/vtbl2.C (test for excess errors)
FAIL: g++.pt/alignof.C (test for excess errors)
FAIL: g++.pt/array1.C (test for excess errors)
FAIL: g++.pt/auto_ptr.C (test for excess errors)
FAIL: g++.pt/copy1.C (test for excess errors)
FAIL: g++.pt/crash18.C (test for excess errors)
FAIL: g++.pt/defarg.C (test for excess errors)
FAIL: g++.pt/defarg2.C (test for excess errors)
FAIL: g++.pt/eichin01.C (test for excess errors)
FAIL: g++.pt/eichin01a.C (test for excess errors)
FAIL: g++.pt/eichin01b.C (test for excess errors)
FAIL: g++.pt/enum3.C (test for excess errors)
FAIL: g++.pt/enum7.C (test for excess errors)
FAIL: g++.pt/explicit12.C (test for excess errors)
FAIL: g++.pt/explicit13.C (test for excess errors)
FAIL: g++.pt/explicit18.C (test for excess errors)
FAIL: g++.pt/explicit19.C (test for excess errors)
FAIL: g++.pt/explicit23.C (test for excess errors)
FAIL: g++.pt/explicit26.C (test for excess errors)
FAIL: g++.pt/explicit27.C (test for excess errors)
FAIL: g++.pt/explicit28.C (test for excess errors)
FAIL: g++.pt/explicit29.C (test for excess errors)
FAIL: g++.pt/explicit31.C (test for excess errors)
FAIL: g++.pt/explicit35.C (test for excess errors)
FAIL: g++.pt/explicit36.C (test for excess errors)
FAIL: g++.pt/explicit37.C (test for excess errors)
FAIL: g++.pt/explicit40.C (test for excess errors)
FAIL: g++.pt/explicit42.C (test for excess errors)
FAIL: g++.pt/explicit43.C (test for excess errors)
FAIL: g++.pt/explicit50.C (test for excess errors)
FAIL: g++.pt/explicit51.C (test for excess errors)
FAIL: g++.pt/explicit52.C (test for excess errors)
FAIL: g++.pt/explicit53.C (test for excess errors)
FAIL: g++.pt/explicit54.C (test for excess errors)
FAIL: g++.pt/explicit55.C (test for excess errors)
FAIL: g++.pt/explicit56.C (test for excess errors)
FAIL: g++.pt/explicit57.C (test for excess errors)
FAIL: g++.pt/explicit58.C (test for excess errors)
FAIL: g++.pt/explicit59.C (test for excess errors)
FAIL: g++.pt/explicit6.C (test for excess errors)
FAIL: g++.pt/explicit60.C (test for excess errors)
FAIL: g++.pt/explicit61.C (test for excess errors)
FAIL: g++.pt/explicit62.C (test for excess errors)
FAIL: g++.pt/explicit63.C (test for excess errors)
FAIL: g++.pt/explicit64.C (test for excess errors)
FAIL: g++.pt/explicit65.C (test for excess errors)
FAIL: g++.pt/explicit66.C (test for excess errors)
FAIL: g++.pt/explicit74.C (test for excess errors)
FAIL: g++.pt/expr1.C (test for excess errors)
FAIL: g++.pt/fntry1.C (test for excess errors)
FAIL: g++.pt/friend1.C (test for excess errors)
FAIL: g++.pt/friend10.C (test for excess errors)
FAIL: g++.pt/friend12.C (test for excess errors)
FAIL: g++.pt/friend13.C (test for excess errors)
FAIL: g++.pt/friend33.C (test for excess errors)
FAIL: g++.pt/friend4.C (test for excess errors)
FAIL: g++.pt/friend5.C (test for excess errors)
FAIL: g++.pt/friend6.C (test for excess errors)
FAIL: g++.pt/friend7.C (test for excess errors)
FAIL: g++.pt/friend8.C (test for excess errors)
FAIL: g++.pt/friend9.C (test for excess errors)
FAIL: g++.pt/inherit1.C (test for excess errors)
FAIL: g++.pt/instantiate4.C (test for excess errors)
FAIL: g++.pt/instantiate5.C (test for excess errors)
FAIL: g++.pt/instantiate6.C (test for excess errors)
FAIL: g++.pt/link1.C (test for excess errors)
FAIL: g++.pt/local1.C (test for excess errors)
FAIL: g++.pt/local2.C (test for excess errors)
FAIL: g++.pt/local3.C (test for excess errors)
FAIL: g++.pt/local4.C (test for excess errors)
FAIL: g++.pt/local5.C (test for excess errors)
FAIL: g++.pt/local6.C (test for excess errors)
FAIL: g++.pt/lookup3.C (test for excess errors)
FAIL: g++.pt/memclass1.C (test for excess errors)
FAIL: g++.pt/memclass2.C (test for excess errors)
FAIL: g++.pt/memclass3.C (test for excess errors)
FAIL: g++.pt/memclass4.C (test for excess errors)
FAIL: g++.pt/memclass5.C (test for excess errors)
FAIL: g++.pt/memclass6.C (test for excess errors)
FAIL: g++.pt/memclass7.C (test for excess errors)
FAIL: g++.pt/memtemp10.C (test for excess errors)
FAIL: g++.pt/memtemp11.C (test for excess errors)
FAIL: g++.pt/memtemp14.C (test for excess errors)
FAIL: g++.pt/memtemp16.C (test for excess errors)
FAIL: g++.pt/memtemp17.C (test for excess errors)
FAIL: g++.pt/memtemp19.C (test for excess errors)
FAIL: g++.pt/memtemp20.C (test for excess errors)
FAIL: g++.pt/memtemp23.C (test for excess errors)
FAIL: g++.pt/memtemp24.C (test for excess errors)
FAIL: g++.pt/memtemp25.C (test for excess errors)
FAIL: g++.pt/memtemp26.C (test for excess errors)
FAIL: g++.pt/memtemp27.C (test for excess errors)
FAIL: g++.pt/memtemp28.C (test for excess errors)
FAIL: g++.pt/memtemp29.C (test for excess errors)
FAIL: g++.pt/memtemp3.C (test for excess errors)
FAIL: g++.pt/memtemp30.C (test for excess errors)
FAIL: g++.pt/memtemp31.C (test for excess errors)
FAIL: g++.pt/memtemp32.C (test for excess errors)
FAIL: g++.pt/memtemp33.C (test for excess errors)
FAIL: g++.pt/memtemp34.C (test for excess errors)
FAIL: g++.pt/memtemp42.C (test for excess errors)
FAIL: g++.pt/memtemp43.C (test for excess errors)
FAIL: g++.pt/memtemp44.C (test for excess errors)
FAIL: g++.pt/memtemp45.C (test for excess errors)
FAIL: g++.pt/memtemp46.C (test for excess errors)
FAIL: g++.pt/memtemp47.C (test for excess errors)
FAIL: g++.pt/memtemp5.C (test for excess errors)
FAIL: g++.pt/memtemp53.C (test for excess errors)
FAIL: g++.pt/memtemp61.C (test for excess errors)
FAIL: g++.pt/memtemp62.C (test for excess errors)
FAIL: g++.pt/memtemp63.C (test for excess errors)
FAIL: g++.pt/memtemp67.C (test for excess errors)
FAIL: g++.pt/memtemp69.C (test for excess errors)
FAIL: g++.pt/memtemp7.C (test for excess errors)
FAIL: g++.pt/memtemp73.C (test for excess errors)
FAIL: g++.pt/memtemp77.C (test for excess errors)
FAIL: g++.pt/memtemp9.C (test for excess errors)
FAIL: g++.pt/memtemp93.C (test for excess errors)
FAIL: g++.pt/mi1.C (test for excess errors)
FAIL: g++.pt/nttp1.C (test for excess errors)
FAIL: g++.pt/nttp2.C (test for excess errors)
FAIL: g++.pt/overload1.C (test for excess errors)
FAIL: g++.pt/overload10.C (test for excess errors)
FAIL: g++.pt/overload11.C (test for excess errors)
FAIL: g++.pt/overload12.C (test for excess errors)
FAIL: g++.pt/overload6.C (test for excess errors)
FAIL: g++.pt/overload9.C (test for excess errors)
FAIL: g++.pt/parms1.C (test for excess errors)
FAIL: g++.pt/partial1.C (test for excess errors)
FAIL: g++.pt/partial3.C (test for excess errors)
FAIL: g++.pt/ptrmem1.C (test for excess errors)
FAIL: g++.pt/ptrmem2.C (test for excess errors)
FAIL: g++.pt/ptrmem4.C (test for excess errors)
FAIL: g++.pt/recursion2.C (test for excess errors)
FAIL: g++.pt/repo1.C (test for excess errors)
FAIL: g++.pt/repo2.C (test for excess errors)
FAIL: g++.pt/sizeof.C (test for excess errors)
FAIL: g++.pt/sizeof2.C (test for excess errors)
FAIL: g++.pt/sizeof3.C (test for excess errors)
FAIL: g++.pt/spec10.C (test for excess errors)
FAIL: g++.pt/spec11.C (test for excess errors)
FAIL: g++.pt/spec12.C (test for excess errors)
FAIL: g++.pt/spec13.C (test for excess errors)
FAIL: g++.pt/spec15.C (test for excess errors)
FAIL: g++.pt/spec29.C (test for excess errors)
FAIL: g++.pt/spec3.C (test for excess errors)
FAIL: g++.pt/spec30.C (test for excess errors)
FAIL: g++.pt/spec7.C (test for excess errors)
FAIL: g++.pt/spec8.C (test for excess errors)
FAIL: g++.pt/static1.C (test for excess errors)
FAIL: g++.pt/static6.C (test for excess errors)
FAIL: g++.pt/static8.C (test for excess errors)
FAIL: g++.pt/stmtexpr.C (test for excess errors)
FAIL: g++.pt/stmtexpr2.C (test for excess errors)
FAIL: g++.pt/t16.C (test for excess errors)
FAIL: g++.pt/t39.C (test for excess errors)
FAIL: g++.pt/t42.C (test for excess errors)
FAIL: g++.pt/tiemann2.C (test for excess errors)
FAIL: g++.pt/ttp11.C (test for excess errors)
FAIL: g++.pt/ttp12.C (test for excess errors)
FAIL: g++.pt/ttp13.C (test for excess errors)
FAIL: g++.pt/ttp14.C (test for excess errors)
FAIL: g++.pt/ttp15.C (test for excess errors)
FAIL: g++.pt/ttp16.C (test for excess errors)
FAIL: g++.pt/ttp17.C (test for excess errors)
FAIL: g++.pt/ttp18.C (test for excess errors)
FAIL: g++.pt/ttp19.C (test for excess errors)
FAIL: g++.pt/ttp20.C (test for excess errors)
FAIL: g++.pt/ttp21.C (test for excess errors)
FAIL: g++.pt/ttp22.C (test for excess errors)
FAIL: g++.pt/ttp23.C (test for excess errors)
FAIL: g++.pt/ttp24.C (test for excess errors)
FAIL: g++.pt/ttp25.C (test for excess errors)
FAIL: g++.pt/ttp26.C (test for excess errors)
FAIL: g++.pt/ttp27.C (test for excess errors)
FAIL: g++.pt/ttp28.C (test for excess errors)
FAIL: g++.pt/ttp29.C (test for excess errors)
FAIL: g++.pt/ttp30.C (test for excess errors)
FAIL: g++.pt/ttp31.C (test for excess errors)
FAIL: g++.pt/ttp32.C (test for excess errors)
FAIL: g++.pt/ttp33.C (test for excess errors)
FAIL: g++.pt/ttp34.C (test for excess errors)
FAIL: g++.pt/ttp35.C (test for excess errors)
FAIL: g++.pt/ttp36.C (test for excess errors)
FAIL: g++.pt/ttp37.C (test for excess errors)
FAIL: g++.pt/ttp38.C (test for excess errors)
FAIL: g++.pt/ttp39.C (test for excess errors)
FAIL: g++.pt/ttp40.C (test for excess errors)
FAIL: g++.pt/ttp41.C (test for excess errors)
FAIL: g++.pt/ttp42.C (test for excess errors)
FAIL: g++.pt/ttp47.C (test for excess errors)
FAIL: g++.pt/ttp48.C (test for excess errors)
FAIL: g++.pt/ttp50.C (test for excess errors)
FAIL: g++.pt/ttp51.C (test for excess errors)
FAIL: g++.pt/ttp6.C (test for excess errors)
FAIL: g++.pt/ttp8.C (test for excess errors)
FAIL: g++.pt/ttp9.C (test for excess errors)
FAIL: g++.pt/typename16.C (test for excess errors)
FAIL: g++.pt/typename19.C (test for excess errors)
FAIL: g++.pt/typename9.C (test for excess errors)
FAIL: g++.pt/vaarg.C (test for excess errors)
FAIL: g++.pt/vbase1.C (test for excess errors)
FAIL: g++.pt/virtual1.C (test for excess errors)
FAIL: g++.pt/virtual4.C (test for excess errors)
FAIL: g++.robertl/980310-1.C (test for excess errors)
FAIL: g++.robertl/eb102.C (test for excess errors)
FAIL: g++.robertl/eb104.C (test for excess errors)
FAIL: g++.robertl/eb111.C (test for excess errors)
FAIL: g++.robertl/eb114.C (test for excess errors)
FAIL: g++.robertl/eb115.C (test for excess errors)
FAIL: g++.robertl/eb116.C (test for excess errors)
FAIL: g++.robertl/eb118.C (test for excess errors)
FAIL: g++.robertl/eb120.C (test for excess errors)
FAIL: g++.robertl/eb126.C (test for excess errors)
FAIL: g++.robertl/eb14.C (test for excess errors)
FAIL: g++.robertl/eb21.C (test for excess errors)
FAIL: g++.robertl/eb26.C (test for excess errors)
FAIL: g++.robertl/eb27.C (test for excess errors)
FAIL: g++.robertl/eb31.C (test for excess errors)
FAIL: g++.robertl/eb33.C (test for excess errors)
FAIL: g++.robertl/eb41.C (test for excess errors)
FAIL: g++.robertl/eb44.C (test for excess errors)
FAIL: g++.robertl/eb46.C (test for excess errors)
FAIL: g++.robertl/eb50.C (test for excess errors)
FAIL: g++.robertl/eb54.C (test for excess errors)
FAIL: g++.robertl/eb58.C (test for excess errors)
FAIL: g++.robertl/eb59.C (test for excess errors)
FAIL: g++.robertl/eb63.C (test for excess errors)
FAIL: g++.robertl/eb65.C (test for excess errors)
FAIL: g++.robertl/eb66.C (test for excess errors)
FAIL: g++.robertl/eb69.C (test for excess errors)
FAIL: g++.robertl/eb73.C (test for excess errors)
FAIL: g++.robertl/eb77.C (test for excess errors)
FAIL: g++.robertl/eb83.C (test for excess errors)
FAIL: g++.robertl/eb84.C (test for excess errors)
FAIL: g++.robertl/eb88.C (test for excess errors)
FAIL: g++.robertl/eb91.C (test for excess errors)
FAIL: g++.robertl/eb95.C (test for excess errors)
FAIL: g++.robertl/eb97.C (test for excess errors)
FAIL: g++.robertl/ebnull-cast.C (test for excess errors)
FAIL: g++.robertl/ebnull-oldcast.C (test for excess errors)
FAIL: g++.robertl/ebnull.C (test for excess errors)
FAIL: g++.robertl/eh990323-1.C (test for excess errors)
FAIL: g++.robertl/eh990323-2.C (test for excess errors)
FAIL: g++.robertl/eh990323-3.C (test for excess errors)
FAIL: g++.robertl/eh990323-4.C (test for excess errors)
FAIL: g++.robertl/eh990323-5.C (test for excess errors)
FAIL: g++.robertl/ice990323-2.C (test for excess errors)
=== g++ Summary for unix ===
# of expected passes 4175
# of unexpected failures 886
# of expected failures 882
# of untested testcases 18
Running target unix/-march=1.0
FAIL: g++.dg/special/conpr-1.C (test for excess errors)
FAIL: g++.dg/special/conpr-2.C (test for excess errors)
FAIL: g++.dg/special/conpr-3.C (test for excess errors)
FAIL: g++.dg/special/conpr-3.C (test for excess errors)
FAIL: g++.abi/arraynew.C (test for excess errors)
FAIL: g++.abi/cxa_vec.C (test for excess errors)
FAIL: g++.abi/empty.C (test for excess errors)
FAIL: g++.abi/layout1.C (test for excess errors)
FAIL: g++.abi/primary.C (test for excess errors)
FAIL: g++.abi/ptrflags.C (test for excess errors)
FAIL: g++.abi/ptrmem.C (test for excess errors)
FAIL: g++.abi/vmihint.C (test for excess errors)
FAIL: g++.abi/vtable.C (test for excess errors)
FAIL: g++.abi/vtable2.C (test for excess errors)
FAIL: g++.benjamin/14687.C (test for excess errors)
FAIL: g++.benjamin/15071.C (test for excess errors)
FAIL: g++.benjamin/15351-1.C (test for excess errors)
FAIL: g++.benjamin/15351-2.C (test for excess errors)
FAIL: g++.benjamin/15822.C (test for excess errors)
FAIL: g++.benjamin/bool01.C (test for excess errors)
FAIL: g++.benjamin/bool02.C (test for excess errors)
FAIL: g++.benjamin/tem06.C (test for excess errors)
FAIL: g++.benjamin/tem07.C (test for excess errors)
FAIL: g++.benjamin/typeid01.C (test for excess errors)
FAIL: g++.bob/delete1.C (test for excess errors)
FAIL: g++.bob/packed1.C (test for excess errors)
FAIL: g++.bob/template4.C (test for excess errors)
FAIL: g++.brendan/code-gen1.C (test for excess errors)
FAIL: g++.brendan/code-gen2.C (test for excess errors)
FAIL: g++.brendan/code-gen3.C (test for excess errors)
FAIL: g++.brendan/code-gen4.C (test for excess errors)
FAIL: g++.brendan/code-gen6.C (test for excess errors)
FAIL: g++.brendan/complex1.C (test for excess errors)
FAIL: g++.brendan/copy1.C (test for excess errors)
FAIL: g++.brendan/copy2.C (test for excess errors)
FAIL: g++.brendan/copy3.C (test for excess errors)
FAIL: g++.brendan/copy4.C (test for excess errors)
FAIL: g++.brendan/copy5.C (test for excess errors)
FAIL: g++.brendan/copy6.C (test for excess errors)
FAIL: g++.brendan/copy7.C (test for excess errors)
FAIL: g++.brendan/copy8.C (test for excess errors)
FAIL: g++.brendan/copy9.C (test for excess errors)
FAIL: g++.brendan/ctors1.C (test for excess errors)
FAIL: g++.brendan/ctors2.C (test for excess errors)
FAIL: g++.brendan/delete2.C (test for excess errors)
FAIL: g++.brendan/dtors1.C (test for excess errors)
FAIL: g++.brendan/dtors2.C (test for excess errors)
FAIL: g++.brendan/dtors3.C (test for excess errors)
FAIL: g++.brendan/eh1.C (test for excess errors)
FAIL: g++.brendan/groff1.C (test for excess errors)
FAIL: g++.brendan/init3.C (test for excess errors)
FAIL: g++.brendan/misc7.C (test for excess errors)
FAIL: g++.brendan/nest21.C (test for excess errors)
FAIL: g++.brendan/new2.C (test for excess errors)
FAIL: g++.brendan/new3.C (test for excess errors)
FAIL: g++.brendan/operators5.C (test for excess errors)
FAIL: g++.brendan/overload2.C (test for excess errors)
FAIL: g++.brendan/overload7.C (test for excess errors)
FAIL: g++.brendan/ptolemy2.C (test for excess errors)
FAIL: g++.brendan/redecl2.C (test for excess errors)
FAIL: g++.brendan/reference1.C (test for excess errors)
FAIL: g++.brendan/sizeof5.C (test for excess errors)
FAIL: g++.brendan/template22.C (test for excess errors)
FAIL: g++.brendan/template24.C (test for excess errors)
FAIL: g++.brendan/template3.C (test for excess errors)
FAIL: g++.brendan/template9.C (test for excess errors)
FAIL: g++.brendan/vtables1.C (test for excess errors)
FAIL: g++.bugs/891230_01.C (test for excess errors)
FAIL: g++.bugs/900107_01.C (test for excess errors)
FAIL: g++.bugs/900205_03.C (test for excess errors)
FAIL: g++.bugs/900207_03.C (test for excess errors)
FAIL: g++.bugs/900208_02.C (test for excess errors)
FAIL: g++.bugs/900212_03.C (test for excess errors)
FAIL: g++.bugs/900215_01.C (test for excess errors)
FAIL: g++.bugs/900220_01.C (test for excess errors)
FAIL: g++.bugs/900220_02.C (test for excess errors)
FAIL: g++.bugs/900220_03.C (test for excess errors)
FAIL: g++.bugs/900227_01.C (test for excess errors)
FAIL: g++.bugs/900321_02.C (test for excess errors)
FAIL: g++.bugs/900321_04.C (test for excess errors)
FAIL: g++.bugs/900321_05.C (test for excess errors)
FAIL: g++.bugs/900324_03.C (test for excess errors)
FAIL: g++.bugs/900324_06.C (test for excess errors)
FAIL: g++.bugs/900331_02.C (test for excess errors)
FAIL: g++.bugs/900331_03.C (test for excess errors)
FAIL: g++.bugs/900331_04.C (test for excess errors)
FAIL: g++.bugs/900404_02.C (test for excess errors)
FAIL: g++.bugs/900404_04.C (test for excess errors)
FAIL: g++.bugs/900406_02.C (test for excess errors)
FAIL: g++.bugs/900511_01.C (test for excess errors)
FAIL: g++.bugs/900519_04.C (test for excess errors)
FAIL: g++.bugs/900519_05.C (test for excess errors)
FAIL: g++.bugs/900520_04.C (test for excess errors)
FAIL: g++.bugs/900520_05.C (test for excess errors)
FAIL: g++.bugs/900520_06.C (test for excess errors)
FAIL: g++.eh/catch11.C (test for excess errors)
FAIL: g++.eh/catch12.C (test for excess errors)
FAIL: g++.eh/catch3.C (test for excess errors)
FAIL: g++.eh/catch3p.C (test for excess errors)
FAIL: g++.eh/catch4.C (test for excess errors)
FAIL: g++.eh/catch4p.C (test for excess errors)
FAIL: g++.eh/catch5.C (test for excess errors)
FAIL: g++.eh/catch5p.C (test for excess errors)
FAIL: g++.eh/catch6.C (test for excess errors)
FAIL: g++.eh/catch6p.C (test for excess errors)
FAIL: g++.eh/catch7.C (test for excess errors)
FAIL: g++.eh/catch7p.C (test for excess errors)
FAIL: g++.eh/catch8.C (test for excess errors)
FAIL: g++.eh/catch8p.C (test for excess errors)
FAIL: g++.eh/catch9.C (test for excess errors)
FAIL: g++.eh/catch9p.C (test for excess errors)
FAIL: g++.eh/catchptr1.C (test for excess errors)
FAIL: g++.eh/cleanup1.C (test for excess errors)
FAIL: g++.eh/cleanup2.C (test for excess errors)
FAIL: g++.eh/crash4.C caused compiler crash
FAIL: g++.eh/flow1.C (test for excess errors)
FAIL: g++.eh/fntry1.C (test for excess errors)
FAIL: g++.eh/new1.C (test for excess errors)
FAIL: g++.eh/new2.C (test for excess errors)
FAIL: g++.eh/pdel1.C (test for excess errors)
FAIL: g++.eh/pdel2.C (test for excess errors)
FAIL: g++.eh/ptr1.C (test for excess errors)
FAIL: g++.eh/rethrow1.C (test for excess errors)
FAIL: g++.eh/rethrow2.C (test for excess errors)
FAIL: g++.eh/rethrow3.C (test for excess errors)
FAIL: g++.eh/rethrow4.C (test for excess errors)
FAIL: g++.eh/rethrow5.C (test for excess errors)
FAIL: g++.eh/spec1.C (test for excess errors)
FAIL: g++.eh/spec2.C (test for excess errors)
FAIL: g++.eh/spec3.C (test for excess errors)
FAIL: g++.eh/spec4.C (test for excess errors)
FAIL: g++.eh/tmpl1.C (test for excess errors)
FAIL: g++.eh/unwind1.C (test for excess errors)
FAIL: g++.eh/vbase1.C (test for excess errors)
FAIL: g++.eh/vbase2.C (test for excess errors)
FAIL: g++.eh/vbase4.C (test for excess errors)
FAIL: g++.ext/addrfunc2.C (test for excess errors)
FAIL: g++.ext/addrfunc3.C (test for excess errors)
FAIL: g++.ext/addrfunc4.C (test for excess errors)
FAIL: g++.ext/anon1.C (test for excess errors)
FAIL: g++.ext/attrib5.C (test for excess errors)
FAIL: g++.ext/comint1.C (test for excess errors)
FAIL: g++.ext/constructor.C (test for excess errors)
FAIL: g++.ext/default.C (test for excess errors)
FAIL: g++.ext/implicit1.C (test for excess errors)
FAIL: g++.ext/initp1.C (test for excess errors)
FAIL: g++.ext/jump1.C (test for excess errors)
FAIL: g++.ext/label1.C (test for excess errors)
FAIL: g++.ext/label2.C (test for excess errors)
FAIL: g++.ext/null1.C (test for excess errors)
FAIL: g++.ext/pretty2.C (test for excess errors)
FAIL: g++.ext/pretty3.C (test for excess errors)
FAIL: g++.ext/pretty4.C (test for excess errors)
FAIL: g++.jason/2371.C caused compiler crash
FAIL: g++.jason/aggregate.C (test for excess errors)
FAIL: g++.jason/anon.C (test for excess errors)
FAIL: g++.jason/bool2.C (test for excess errors)
FAIL: g++.jason/bool4.C (test for excess errors)
FAIL: g++.jason/bool5.C (test for excess errors)
FAIL: g++.jason/byval.C (test for excess errors)
FAIL: g++.jason/cleanup.C (test for excess errors)
FAIL: g++.jason/cond2.C (test for excess errors)
FAIL: g++.jason/const.C (test for excess errors)
FAIL: g++.jason/const2.C (test for excess errors)
FAIL: g++.jason/const3.C (test for excess errors)
FAIL: g++.jason/conversion6.C (test for excess errors)
FAIL: g++.jason/conversion7.C (test for excess errors)
FAIL: g++.jason/conversion8.C (test for excess errors)
FAIL: g++.jason/conversion9.C (test for excess errors)
FAIL: g++.jason/ctor1.C (test for excess errors)
FAIL: g++.jason/dcast2.C (test for excess errors)
FAIL: g++.jason/dcast3.C (test for excess errors)
FAIL: g++.jason/defctor.C (test for excess errors)
FAIL: g++.jason/dtor2.C (test for excess errors)
FAIL: g++.jason/dtor5.C (test for excess errors)
FAIL: g++.jason/enum5.C (test for excess errors)
FAIL: g++.jason/enum6.C (test for excess errors)
FAIL: g++.jason/enum8.C (test for excess errors)
FAIL: g++.jason/friend.C (test for excess errors)
FAIL: g++.jason/groff1.C (test for excess errors)
FAIL: g++.jason/init2.C (test for excess errors)
FAIL: g++.jason/init3.C (test for excess errors)
FAIL: g++.jason/inline.C (test for excess errors)
FAIL: g++.jason/inline3.C (test for excess errors)
FAIL: g++.jason/lex1.C (test for excess errors)
FAIL: g++.jason/lvalue4.C (test for excess errors)
FAIL: g++.jason/mangle3.C (test for excess errors)
FAIL: g++.jason/mi.C (test for excess errors)
FAIL: g++.jason/mutable1.C (test for excess errors)
FAIL: g++.jason/net2.C (test for excess errors)
FAIL: g++.jason/new2.C (test for excess errors)
FAIL: g++.jason/new3.C (test for excess errors)
FAIL: g++.jason/new4.C (test for excess errors)
FAIL: g++.jason/new5.C (test for excess errors)
FAIL: g++.jason/offset2.C (test for excess errors)
FAIL: g++.jason/opeq.C (test for excess errors)
FAIL: g++.jason/opeq5.C (test for excess errors)
FAIL: g++.jason/optimize2.C (test for excess errors)
FAIL: g++.jason/overload11.C (test for excess errors)
FAIL: g++.jason/overload12.C (test for excess errors)
FAIL: g++.jason/overload13.C (test for excess errors)
FAIL: g++.jason/overload19.C (test for excess errors)
FAIL: g++.jason/overload27.C (test for excess errors)
FAIL: g++.jason/overload36.C (test for excess errors)
FAIL: g++.jason/parse10.C (test for excess errors)
FAIL: g++.jason/parse12.C (test for excess errors)
FAIL: g++.jason/parse9.C (test for excess errors)
FAIL: g++.jason/pmem2.C (test for excess errors)
FAIL: g++.jason/pmem3.C (test for excess errors)
FAIL: g++.jason/pmf7.C (test for excess errors)
FAIL: g++.jason/pmf8.C (test for excess errors)
FAIL: g++.jason/ref10.C (test for excess errors)
FAIL: g++.jason/ref11.C (test for excess errors)
FAIL: g++.jason/ref12.C (test for excess errors)
FAIL: g++.jason/ref7.C (test for excess errors)
FAIL: g++.jason/ref8.C (test for excess errors)
FAIL: g++.jason/ref9.C (test for excess errors)
FAIL: g++.jason/return.C (test for excess errors)
FAIL: g++.jason/return2.C (test for excess errors)
FAIL: g++.jason/return3.C (test for excess errors)
FAIL: g++.jason/rvalue1.C (test for excess errors)
FAIL: g++.jason/rvalue2.C (test for excess errors)
FAIL: g++.jason/scoping17.C (test for excess errors)
FAIL: g++.jason/static1.C (test for excess errors)
FAIL: g++.jason/synth5.C caused compiler crash
FAIL: g++.jason/synth7.C (test for excess errors)
FAIL: g++.jason/tempinst1.C (test for excess errors)
FAIL: g++.jason/template11.C (test for excess errors)
FAIL: g++.jason/template13.C (test for excess errors)
FAIL: g++.jason/template14.C (test for excess errors)
FAIL: g++.jason/template15.C (test for excess errors)
FAIL: g++.jason/template16.C (test for excess errors)
FAIL: g++.jason/template19.C (test for excess errors)
FAIL: g++.jason/template20.C (test for excess errors)
FAIL: g++.jason/template24.C (test for excess errors)
FAIL: g++.jason/template25.C (test for excess errors)
FAIL: g++.jason/template26.C (test for excess errors)
FAIL: g++.jason/template27.C (test for excess errors)
FAIL: g++.jason/template28.C (test for excess errors)
FAIL: g++.jason/template3.C (test for excess errors)
FAIL: g++.jason/template31.C (test for excess errors)
FAIL: g++.jason/template34.C (test for excess errors)
FAIL: g++.jason/template36.C (test for excess errors)
FAIL: g++.jason/template37.C (test for excess errors)
FAIL: g++.jason/template38.C (test for excess errors)
FAIL: g++.jason/template40.C (test for excess errors)
FAIL: g++.jason/template41.C (test for excess errors)
FAIL: g++.jason/template42.C (test for excess errors)
FAIL: g++.jason/template43.C (test for excess errors)
FAIL: g++.jason/template44.C (test for excess errors)
FAIL: g++.jason/template6.C (test for excess errors)
FAIL: g++.jason/temporary.C (test for excess errors)
FAIL: g++.jason/temporary3.C (test for excess errors)
FAIL: g++.jason/temporary4.C (test for excess errors)
FAIL: g++.jason/temporary5.C (test for excess errors)
FAIL: g++.jason/temporary7.C (test for excess errors)
FAIL: g++.jason/temporary8.C (test for excess errors)
FAIL: g++.jason/thunk1.C (test for excess errors)
FAIL: g++.jason/thunk2.C (test for excess errors)
FAIL: g++.jason/thunk3.C (test for excess errors)
FAIL: g++.jason/typedef2.C (test for excess errors)
FAIL: g++.jason/typeid1.C (test for excess errors)
FAIL: g++.jason/typeid2.C (test for excess errors)
FAIL: g++.jason/vecdel.C (test for excess errors)
FAIL: g++.jason/virtual2.C (test for excess errors)
FAIL: g++.jason/warning5.C (test for excess errors)
FAIL: g++.jason/warning9.C (test for excess errors)
FAIL: g++.law/arg7.C (test for excess errors)
FAIL: g++.law/arg8.C (test for excess errors)
FAIL: g++.law/arm13.C (test for excess errors)
FAIL: g++.law/arm15.C (test for excess errors)
FAIL: g++.law/arm4.C (test for excess errors)
FAIL: g++.law/arm5.C (test for excess errors)
FAIL: g++.law/arm7.C (test for excess errors)
FAIL: g++.law/array1.C (test for excess errors)
FAIL: g++.law/bit-fields2.C (test for excess errors)
FAIL: g++.law/builtin1.C (test for excess errors)
FAIL: g++.law/code-gen1.C (test for excess errors)
FAIL: g++.law/code-gen2.C (test for excess errors)
FAIL: g++.law/code-gen4.C (test for excess errors)
FAIL: g++.law/code-gen5.C (test for excess errors)
FAIL: g++.law/copy1.C (test for excess errors)
FAIL: g++.law/ctors12.C (test for excess errors)
FAIL: g++.law/ctors15.C (test for excess errors)
FAIL: g++.law/ctors16.C (test for excess errors)
FAIL: g++.law/ctors2.C (test for excess errors)
FAIL: g++.law/ctors4.C (test for excess errors)
FAIL: g++.law/ctors8.C (test for excess errors)
FAIL: g++.law/cvt12.C (test for excess errors)
FAIL: g++.law/cvt2.C (test for excess errors)
FAIL: g++.law/cvt4.C (test for excess errors)
FAIL: g++.law/cvt7.C (test for excess errors)
FAIL: g++.law/dtors2.C (test for excess errors)
FAIL: g++.law/dtors3.C (test for excess errors)
FAIL: g++.law/dtors4.C (test for excess errors)
FAIL: g++.law/dtors5.C (test for excess errors)
FAIL: g++.law/enum9.C (test for excess errors)
FAIL: g++.law/global-init1.C (test for excess errors)
FAIL: g++.law/init11.C (test for excess errors)
FAIL: g++.law/init13.C (test for excess errors)
FAIL: g++.law/init14.C (test for excess errors)
FAIL: g++.law/init9.C (test for excess errors)
FAIL: g++.law/inline4.C (test for excess errors)
FAIL: g++.law/operators15.C (test for excess errors)
FAIL: g++.law/operators16.C (test for excess errors)
FAIL: g++.law/operators23.C (test for excess errors)
FAIL: g++.law/operators27.C (test for excess errors)
FAIL: g++.law/operators30.C (test for excess errors)
FAIL: g++.law/operators8.C (test for excess errors)
FAIL: g++.law/profile1.C (test for excess errors)
FAIL: g++.law/refs1.C (test for excess errors)
FAIL: g++.law/refs4.C (test for excess errors)
FAIL: g++.law/scope2.C (test for excess errors)
FAIL: g++.law/template2.C (test for excess errors)
FAIL: g++.law/temps2.C (test for excess errors)
FAIL: g++.law/temps3.C (test for excess errors)
FAIL: g++.law/temps4.C (test for excess errors)
FAIL: g++.law/temps5.C (test for excess errors)
FAIL: g++.law/temps6.C (test for excess errors)
FAIL: g++.law/virtual2.C (test for excess errors)
FAIL: g++.law/virtual3.C (test for excess errors)
FAIL: g++.law/virtual4.C (test for excess errors)
FAIL: g++.law/vtable3.C (test for excess errors)
FAIL: g++.martin/bitset1.C (test for excess errors)
FAIL: g++.martin/conv1.C (test for excess errors)
FAIL: g++.martin/eval1.C (test for excess errors)
FAIL: g++.martin/new1.C (test for excess errors)
FAIL: g++.martin/overload1.C (test for excess errors)
FAIL: g++.martin/pmf1.C (test for excess errors)
FAIL: g++.martin/pmf2.C (test for excess errors)
FAIL: g++.martin/sts_conv.C (test for excess errors)
FAIL: g++.martin/sts_iarr.C (test for excess errors)
FAIL: g++.martin/sts_vectini.C (test for excess errors)
FAIL: g++.mike/align1.C (test for excess errors)
FAIL: g++.mike/align2.C (test for excess errors)
FAIL: g++.mike/asm2.C (test for excess errors)
FAIL: g++.mike/bool2.C (test for excess errors)
FAIL: g++.mike/conv1.C (test for excess errors)
FAIL: g++.mike/dyncast1.C (test for excess errors)
FAIL: g++.mike/dyncast2.C (test for excess errors)
FAIL: g++.mike/dyncast3.C (test for excess errors)
FAIL: g++.mike/dyncast5.C (test for excess errors)
FAIL: g++.mike/dyncast7.C (test for excess errors)
FAIL: g++.mike/dyncast8.C (test for excess errors)
FAIL: g++.mike/dyncast9.C (test for excess errors)
FAIL: g++.mike/eh10.C (test for excess errors)
FAIL: g++.mike/eh12.C (test for excess errors)
FAIL: g++.mike/eh13.C (test for excess errors)
FAIL: g++.mike/eh14.C (test for excess errors)
FAIL: g++.mike/eh16.C (test for excess errors)
FAIL: g++.mike/eh17.C (test for excess errors)
FAIL: g++.mike/eh18.C (test for excess errors)
FAIL: g++.mike/eh2.C (test for excess errors)
FAIL: g++.mike/eh21.C (test for excess errors)
FAIL: g++.mike/eh23.C (test for excess errors)
FAIL: g++.mike/eh24.C (test for excess errors)
FAIL: g++.mike/eh25.C (test for excess errors)
FAIL: g++.mike/eh26.C (test for excess errors)
FAIL: g++.mike/eh27.C (test for excess errors)
FAIL: g++.mike/eh28.C (test for excess errors)
FAIL: g++.mike/eh29.C (test for excess errors)
FAIL: g++.mike/eh3.C (test for excess errors)
FAIL: g++.mike/eh31.C (test for excess errors)
FAIL: g++.mike/eh34.C (test for excess errors)
FAIL: g++.mike/eh35.C (test for excess errors)
FAIL: g++.mike/eh36.C (test for excess errors)
FAIL: g++.mike/eh37.C (test for excess errors)
FAIL: g++.mike/eh38.C (test for excess errors)
FAIL: g++.mike/eh39.C (test for excess errors)
FAIL: g++.mike/eh40.C (test for excess errors)
FAIL: g++.mike/eh41.C (test for excess errors)
FAIL: g++.mike/eh42.C (test for excess errors)
FAIL: g++.mike/eh44.C (test for excess errors)
FAIL: g++.mike/eh45.C (test for excess errors)
FAIL: g++.mike/eh47.C (test for excess errors)
FAIL: g++.mike/eh48.C (test for excess errors)
FAIL: g++.mike/eh49.C (test for excess errors)
FAIL: g++.mike/eh5.C (test for excess errors)
FAIL: g++.mike/eh51.C (test for excess errors)
FAIL: g++.mike/eh52.C (test for excess errors)
FAIL: g++.mike/eh53.C (test for excess errors)
FAIL: g++.mike/eh55.C (test for excess errors)
FAIL: g++.mike/eh56.C (test for excess errors)
FAIL: g++.mike/eh59.C (test for excess errors)
FAIL: g++.mike/eh6.C (test for excess errors)
FAIL: g++.mike/eh7.C (test for excess errors)
FAIL: g++.mike/eh8.C (test for excess errors)
FAIL: g++.mike/eh9.C (test for excess errors)
FAIL: g++.mike/for3.C (test for excess errors)
FAIL: g++.mike/hog1.C (test for excess errors)
FAIL: g++.mike/init1.C (test for excess errors)
FAIL: g++.mike/leak1.C (test for excess errors)
FAIL: g++.mike/mangle3.C (test for excess errors)
FAIL: g++.mike/mi1.C (test for excess errors)
FAIL: g++.mike/mi2.C (test for excess errors)
FAIL: g++.mike/misc1.C (test for excess errors)
FAIL: g++.mike/misc13.C (test for excess errors)
FAIL: g++.mike/misc14.C (test for excess errors)
FAIL: g++.mike/net15.C (test for excess errors)
FAIL: g++.mike/net16.C (test for excess errors)
FAIL: g++.mike/net17.C (test for excess errors)
FAIL: g++.mike/net21.C (test for excess errors)
FAIL: g++.mike/net26.C (test for excess errors)
FAIL: g++.mike/net34.C (test for excess errors)
FAIL: g++.mike/net35.C (test for excess errors)
FAIL: g++.mike/net37.C (test for excess errors)
FAIL: g++.mike/net38.C (test for excess errors)
FAIL: g++.mike/net39.C (test for excess errors)
FAIL: g++.mike/net40.C (test for excess errors)
FAIL: g++.mike/net41.C (test for excess errors)
FAIL: g++.mike/net46.C (test for excess errors)
FAIL: g++.mike/ns1.C (test for excess errors)
FAIL: g++.mike/ns10.C (test for excess errors)
FAIL: g++.mike/ns11.C (test for excess errors)
FAIL: g++.mike/ns12.C (test for excess errors)
FAIL: g++.mike/ns2.C (test for excess errors)
FAIL: g++.mike/ns9.C (test for excess errors)
FAIL: g++.mike/offset1.C (test for excess errors)
FAIL: g++.mike/opr-as1.C (test for excess errors)
FAIL: g++.mike/p10148.C (test for excess errors)
FAIL: g++.mike/p10849a.C (test for excess errors)
FAIL: g++.mike/p11144.C (test for excess errors)
FAIL: g++.mike/p11667.C (test for excess errors)
FAIL: g++.mike/p12306.C (test for excess errors)
FAIL: g++.mike/p12306a.C (test for excess errors)
FAIL: g++.mike/p1248.C (test for excess errors)
FAIL: g++.mike/p1567.C (test for excess errors)
FAIL: g++.mike/p16146.C (test for excess errors)
FAIL: g++.mike/p1862.C (test for excess errors)
FAIL: g++.mike/p2394.C (test for excess errors)
FAIL: g++.mike/p2736.C (test for excess errors)
FAIL: g++.mike/p2846.C (test for excess errors)
FAIL: g++.mike/p2846a.C (test for excess errors)
FAIL: g++.mike/p2846b.C (test for excess errors)
FAIL: g++.mike/p2960.C (test for excess errors)
FAIL: g++.mike/p3041.C (test for excess errors)
FAIL: g++.mike/p3060d.C (test for excess errors)
FAIL: g++.mike/p3068.C (test for excess errors)
FAIL: g++.mike/p3139.C (test for excess errors)
FAIL: g++.mike/p3570.C (test for excess errors)
FAIL: g++.mike/p3579.C (test for excess errors)
FAIL: g++.mike/p3708.C (test for excess errors)
FAIL: g++.mike/p3708a.C (test for excess errors)
FAIL: g++.mike/p3708b.C (test for excess errors)
FAIL: g++.mike/p4068.C (test for excess errors)
FAIL: g++.mike/p4104.C (test for excess errors)
FAIL: g++.mike/p4246.C (test for excess errors)
FAIL: g++.mike/p4511.C (test for excess errors)
FAIL: g++.mike/p4623.C (test for excess errors)
FAIL: g++.mike/p4667.C (test for excess errors)
FAIL: g++.mike/p4736a.C (test for excess errors)
FAIL: g++.mike/p4736b.C (test for excess errors)
FAIL: g++.mike/p4736c.C (test for excess errors)
FAIL: g++.mike/p5469.C (test for excess errors)
FAIL: g++.mike/p5469a.C (test for excess errors)
FAIL: g++.mike/p5571.C (test for excess errors)
FAIL: g++.mike/p5611.C (test for excess errors)
FAIL: g++.mike/p5673.C (test for excess errors)
FAIL: g++.mike/p5718.C (test for excess errors)
FAIL: g++.mike/p5840.C (test for excess errors)
FAIL: g++.mike/p5958.C (test for excess errors)
FAIL: g++.mike/p6004.C (test for excess errors)
FAIL: g++.mike/p6311.C (test for excess errors)
FAIL: g++.mike/p646.C (test for excess errors)
FAIL: g++.mike/p658.C (test for excess errors)
FAIL: g++.mike/p6610a.C (test for excess errors)
FAIL: g++.mike/p6610b.C (test for excess errors)
FAIL: g++.mike/p6611.C (test for excess errors)
FAIL: g++.mike/p6927.C (test for excess errors)
FAIL: g++.mike/p7180.C (test for excess errors)
FAIL: g++.mike/p7325.C (test for excess errors)
FAIL: g++.mike/p755.C (test for excess errors)
FAIL: g++.mike/p755a.C (test for excess errors)
FAIL: g++.mike/p7651.C (test for excess errors)
FAIL: g++.mike/p783.C (test for excess errors)
FAIL: g++.mike/p783a.C (test for excess errors)
FAIL: g++.mike/p783b.C (test for excess errors)
FAIL: g++.mike/p786.C (test for excess errors)
FAIL: g++.mike/p7865.C (test for excess errors)
FAIL: g++.mike/p789.C (test for excess errors)
FAIL: g++.mike/p789a.C (test for excess errors)
FAIL: g++.mike/p7912.C (test for excess errors)
FAIL: g++.mike/p8018.C (test for excess errors)
FAIL: g++.mike/p8155.C (test for excess errors)
FAIL: g++.mike/p8483.C (test for excess errors)
FAIL: g++.mike/p8804.C (test for excess errors)
FAIL: g++.mike/p9206.C (test for excess errors)
FAIL: g++.mike/p9706.C (test for excess errors)
FAIL: g++.mike/p9732a.C (test for excess errors)
FAIL: g++.mike/p9732b.C (test for excess errors)
FAIL: g++.mike/pmf1.C (test for excess errors)
FAIL: g++.mike/pmf2.C (test for excess errors)
FAIL: g++.mike/pmf5.C (test for excess errors)
FAIL: g++.mike/pmf7.C (test for excess errors)
FAIL: g++.mike/pmf8.C (test for excess errors)
FAIL: g++.mike/pmf9.C (test for excess errors)
FAIL: g++.mike/pt1.C (test for excess errors)
FAIL: g++.mike/pt2.C (test for excess errors)
FAIL: g++.mike/ref1.C (test for excess errors)
FAIL: g++.mike/rtti2.C (test for excess errors)
FAIL: g++.mike/rtti3.C (test for excess errors)
FAIL: g++.mike/temp.C (test for excess errors)
FAIL: g++.mike/thunk2.C (test for excess errors)
FAIL: g++.mike/thunk3.C (test for excess errors)
FAIL: g++.mike/virt2.C (test for excess errors)
FAIL: g++.mike/virt4.C (test for excess errors)
FAIL: g++.mike/virt5.C (test for excess errors)
FAIL: g++.mike/virt6.C (test for excess errors)
FAIL: g++.mike/vtable1.C (test for excess errors)
FAIL: g++.niklas/t140.C (test for excess errors)
FAIL: g++.ns/alias1.C (test for excess errors)
FAIL: g++.ns/alias3.C (test for excess errors)
FAIL: g++.ns/alias5.C (test for excess errors)
FAIL: g++.ns/alias6.C (test for excess errors)
FAIL: g++.ns/anon1.C (test for excess errors)
FAIL: g++.ns/extern1.C (test for excess errors)
FAIL: g++.ns/koenig3.C (test for excess errors)
FAIL: g++.ns/koenig4.C (test for excess errors)
FAIL: g++.ns/koenig6.C (test for excess errors)
FAIL: g++.ns/koenig7.C (test for excess errors)
FAIL: g++.ns/lookup3.C (test for excess errors)
FAIL: g++.ns/new1.C (test for excess errors)
FAIL: g++.ns/ns1.C (test for excess errors)
FAIL: g++.ns/ns12.C (test for excess errors)
FAIL: g++.ns/ns13.C (test for excess errors)
FAIL: g++.ns/ns14.C (test for excess errors)
FAIL: g++.ns/ns2.C (test for excess errors)
FAIL: g++.ns/ns6.C (test for excess errors)
FAIL: g++.ns/overload1.C (test for excess errors)
FAIL: g++.ns/template11.C (test for excess errors)
FAIL: g++.ns/template3.C (test for excess errors)
FAIL: g++.ns/template4.C (test for excess errors)
FAIL: g++.ns/template5.C (test for excess errors)
FAIL: g++.ns/template9.C (test for excess errors)
FAIL: g++.ns/using13.C (test for excess errors)
FAIL: g++.ns/using7.C (test for excess errors)
FAIL: g++.oliva/delete2.C (test for excess errors)
FAIL: g++.oliva/delete3.C (test for excess errors)
FAIL: g++.oliva/delete4.C (test for excess errors)
FAIL: g++.oliva/delete5.C (test for excess errors)
FAIL: g++.oliva/expr2.C (test for excess errors)
FAIL: g++.oliva/ext1.C (test for excess errors)
FAIL: g++.oliva/new1.C (test for excess errors)
FAIL: g++.oliva/template7.C caused compiler crash
FAIL: g++.oliva/thunk1.C (test for excess errors)
FAIL: g++.other/addrof1.C (test for excess errors)
FAIL: g++.other/anon2.C (test for excess errors)
FAIL: g++.other/anon3.C (test for excess errors)
FAIL: g++.other/array1.C (test for excess errors)
FAIL: g++.other/array2.C (test for excess errors)
FAIL: g++.other/badopt1.C (test for excess errors)
FAIL: g++.other/cleanup1.C (test for excess errors)
FAIL: g++.other/cleanup2.C (test for excess errors)
FAIL: g++.other/cond1.C (test for excess errors)
FAIL: g++.other/conv4.C (test for excess errors)
FAIL: g++.other/copy1.C (test for excess errors)
FAIL: g++.other/copy2.C (test for excess errors)
FAIL: g++.other/crash18.C (test for excess errors)
FAIL: g++.other/defarg2.C (test for excess errors)
FAIL: g++.other/delete3.C (test for excess errors)
FAIL: g++.other/delete5.C (test for excess errors)
FAIL: g++.other/delete6.C (test for excess errors)
FAIL: g++.other/dtor1.C (test for excess errors)
FAIL: g++.other/dtor5.C (test for excess errors)
FAIL: g++.other/dtor6.C (test for excess errors)
FAIL: g++.other/dtor7.C (test for excess errors)
FAIL: g++.other/dtor8.C (test for excess errors)
FAIL: g++.other/dtor9.C (test for excess errors)
FAIL: g++.other/dyncast1.C (test for excess errors)
FAIL: g++.other/dyncast2.C (test for excess errors)
FAIL: g++.other/dyncast3.C (test for excess errors)
FAIL: g++.other/dyncast4.C (test for excess errors)
FAIL: g++.other/dyncast5.C (test for excess errors)
FAIL: g++.other/empty1.C (test for excess errors)
FAIL: g++.other/enum1.C (test for excess errors)
FAIL: g++.other/field2.C (test for excess errors)
FAIL: g++.other/init1.C (test for excess errors)
FAIL: g++.other/init10.C (test for excess errors)
FAIL: g++.other/init11.C (test for excess errors)
FAIL: g++.other/init12.C (test for excess errors)
FAIL: g++.other/init13.C (test for excess errors)
FAIL: g++.other/init2.C (test for excess errors)
FAIL: g++.other/init5.C (test for excess errors)
FAIL: g++.other/init6.C (test for excess errors)
FAIL: g++.other/init7.C (test for excess errors)
FAIL: g++.other/inline7.C (test for excess errors)
FAIL: g++.other/inline8.C (test for excess errors)
FAIL: g++.other/local1.C (test for excess errors)
FAIL: g++.other/local3.C (test for excess errors)
FAIL: g++.other/lookup13.C (test for excess errors)
FAIL: g++.other/lookup17.C (test for excess errors)
FAIL: g++.other/lookup3.C (test for excess errors)
FAIL: g++.other/lookup4.C (test for excess errors)
FAIL: g++.other/lookup6.C (test for excess errors)
FAIL: g++.other/lookup7.C (test for excess errors)
FAIL: g++.other/loop1.C (test for excess errors)
FAIL: g++.other/mutable1.C (test for excess errors)
FAIL: g++.other/new3.C (test for excess errors)
FAIL: g++.other/null1.C (test for excess errors)
FAIL: g++.other/null2.C (test for excess errors)
FAIL: g++.other/overcnv2.C (test for excess errors)
FAIL: g++.other/overload1.C (test for excess errors)
FAIL: g++.other/overload2.C (test for excess errors)
FAIL: g++.other/overload3.C (test for excess errors)
FAIL: g++.other/overload4.C (test for excess errors)
FAIL: g++.other/overload5.C (test for excess errors)
FAIL: g++.other/overload6.C (test for excess errors)
FAIL: g++.other/overload7.C (test for excess errors)
FAIL: g++.other/overload8.C (test for excess errors)
FAIL: g++.other/overload9.C (test for excess errors)
FAIL: g++.other/pmf1.C (test for excess errors)
FAIL: g++.other/pmf4.C (test for excess errors)
FAIL: g++.other/ptrmem4.C (test for excess errors)
FAIL: g++.other/ref3.C (test for excess errors)
FAIL: g++.other/rtti1.C (test for excess errors)
FAIL: g++.other/rtti2.C (test for excess errors)
FAIL: g++.other/rtti3.C (test for excess errors)
FAIL: g++.other/rtti4.C (test for excess errors)
FAIL: g++.other/rttid2.C (test for excess errors)
FAIL: g++.other/rttid3.C (test for excess errors)
FAIL: g++.other/rttid4.C (test for excess errors)
FAIL: g++.other/singleton.C (test for excess errors)
FAIL: g++.other/sizeof3.C (test for excess errors)
FAIL: g++.other/static4.C (test for excess errors)
FAIL: g++.other/static7.C (test for excess errors)
FAIL: g++.other/string2.C (test for excess errors)
FAIL: g++.other/syntax1.C caused compiler crash
FAIL: g++.other/syntax2.C caused compiler crash
FAIL: g++.other/temporary1.C (test for excess errors)
FAIL: g++.other/union2.C (test for excess errors)
FAIL: g++.other/union3.C (test for excess errors)
FAIL: g++.other/using6.C (test for excess errors)
FAIL: g++.other/vaarg2.C (test for excess errors)
FAIL: g++.other/vbase1.C (test for excess errors)
FAIL: g++.other/vbase2.C (test for excess errors)
FAIL: g++.other/virtual2.C (test for excess errors)
FAIL: g++.other/virtual3.C (test for excess errors)
FAIL: g++.other/vtbl1.C (test for excess errors)
FAIL: g++.other/vtbl2.C (test for excess errors)
FAIL: g++.pt/alignof.C (test for excess errors)
FAIL: g++.pt/array1.C (test for excess errors)
FAIL: g++.pt/auto_ptr.C (test for excess errors)
FAIL: g++.pt/copy1.C (test for excess errors)
FAIL: g++.pt/crash18.C (test for excess errors)
FAIL: g++.pt/defarg.C (test for excess errors)
FAIL: g++.pt/defarg2.C (test for excess errors)
FAIL: g++.pt/eichin01.C (test for excess errors)
FAIL: g++.pt/eichin01a.C (test for excess errors)
FAIL: g++.pt/eichin01b.C (test for excess errors)
FAIL: g++.pt/enum3.C (test for excess errors)
FAIL: g++.pt/enum7.C (test for excess errors)
FAIL: g++.pt/explicit12.C (test for excess errors)
FAIL: g++.pt/explicit13.C (test for excess errors)
FAIL: g++.pt/explicit18.C (test for excess errors)
FAIL: g++.pt/explicit19.C (test for excess errors)
FAIL: g++.pt/explicit23.C (test for excess errors)
FAIL: g++.pt/explicit26.C (test for excess errors)
FAIL: g++.pt/explicit27.C (test for excess errors)
FAIL: g++.pt/explicit28.C (test for excess errors)
FAIL: g++.pt/explicit29.C (test for excess errors)
FAIL: g++.pt/explicit31.C (test for excess errors)
FAIL: g++.pt/explicit35.C (test for excess errors)
FAIL: g++.pt/explicit36.C (test for excess errors)
FAIL: g++.pt/explicit37.C (test for excess errors)
FAIL: g++.pt/explicit40.C (test for excess errors)
FAIL: g++.pt/explicit42.C (test for excess errors)
FAIL: g++.pt/explicit43.C (test for excess errors)
FAIL: g++.pt/explicit50.C (test for excess errors)
FAIL: g++.pt/explicit51.C (test for excess errors)
FAIL: g++.pt/explicit52.C (test for excess errors)
FAIL: g++.pt/explicit53.C (test for excess errors)
FAIL: g++.pt/explicit54.C (test for excess errors)
FAIL: g++.pt/explicit55.C (test for excess errors)
FAIL: g++.pt/explicit56.C (test for excess errors)
FAIL: g++.pt/explicit57.C (test for excess errors)
FAIL: g++.pt/explicit58.C (test for excess errors)
FAIL: g++.pt/explicit59.C (test for excess errors)
FAIL: g++.pt/explicit6.C (test for excess errors)
FAIL: g++.pt/explicit60.C (test for excess errors)
FAIL: g++.pt/explicit61.C (test for excess errors)
FAIL: g++.pt/explicit62.C (test for excess errors)
FAIL: g++.pt/explicit63.C (test for excess errors)
FAIL: g++.pt/explicit64.C (test for excess errors)
FAIL: g++.pt/explicit65.C (test for excess errors)
FAIL: g++.pt/explicit66.C (test for excess errors)
FAIL: g++.pt/explicit74.C (test for excess errors)
FAIL: g++.pt/expr1.C (test for excess errors)
FAIL: g++.pt/fntry1.C (test for excess errors)
FAIL: g++.pt/friend1.C (test for excess errors)
FAIL: g++.pt/friend10.C (test for excess errors)
FAIL: g++.pt/friend12.C (test for excess errors)
FAIL: g++.pt/friend13.C (test for excess errors)
FAIL: g++.pt/friend33.C (test for excess errors)
FAIL: g++.pt/friend4.C (test for excess errors)
FAIL: g++.pt/friend5.C (test for excess errors)
FAIL: g++.pt/friend6.C (test for excess errors)
FAIL: g++.pt/friend7.C (test for excess errors)
FAIL: g++.pt/friend8.C (test for excess errors)
FAIL: g++.pt/friend9.C (test for excess errors)
FAIL: g++.pt/inherit1.C (test for excess errors)
FAIL: g++.pt/instantiate4.C (test for excess errors)
FAIL: g++.pt/instantiate5.C (test for excess errors)
FAIL: g++.pt/instantiate6.C (test for excess errors)
FAIL: g++.pt/link1.C (test for excess errors)
FAIL: g++.pt/local1.C (test for excess errors)
FAIL: g++.pt/local2.C (test for excess errors)
FAIL: g++.pt/local3.C (test for excess errors)
FAIL: g++.pt/local4.C (test for excess errors)
FAIL: g++.pt/local5.C (test for excess errors)
FAIL: g++.pt/local6.C (test for excess errors)
FAIL: g++.pt/lookup3.C (test for excess errors)
FAIL: g++.pt/memclass1.C (test for excess errors)
FAIL: g++.pt/memclass2.C (test for excess errors)
FAIL: g++.pt/memclass3.C (test for excess errors)
FAIL: g++.pt/memclass4.C (test for excess errors)
FAIL: g++.pt/memclass5.C (test for excess errors)
FAIL: g++.pt/memclass6.C (test for excess errors)
FAIL: g++.pt/memclass7.C (test for excess errors)
FAIL: g++.pt/memtemp10.C (test for excess errors)
FAIL: g++.pt/memtemp11.C (test for excess errors)
FAIL: g++.pt/memtemp14.C (test for excess errors)
FAIL: g++.pt/memtemp16.C (test for excess errors)
FAIL: g++.pt/memtemp17.C (test for excess errors)
FAIL: g++.pt/memtemp19.C (test for excess errors)
FAIL: g++.pt/memtemp20.C (test for excess errors)
FAIL: g++.pt/memtemp23.C (test for excess errors)
FAIL: g++.pt/memtemp24.C (test for excess errors)
FAIL: g++.pt/memtemp25.C (test for excess errors)
FAIL: g++.pt/memtemp26.C (test for excess errors)
FAIL: g++.pt/memtemp27.C (test for excess errors)
FAIL: g++.pt/memtemp28.C (test for excess errors)
FAIL: g++.pt/memtemp29.C (test for excess errors)
FAIL: g++.pt/memtemp3.C (test for excess errors)
FAIL: g++.pt/memtemp30.C (test for excess errors)
FAIL: g++.pt/memtemp31.C (test for excess errors)
FAIL: g++.pt/memtemp32.C (test for excess errors)
FAIL: g++.pt/memtemp33.C (test for excess errors)
FAIL: g++.pt/memtemp34.C (test for excess errors)
FAIL: g++.pt/memtemp42.C (test for excess errors)
FAIL: g++.pt/memtemp43.C (test for excess errors)
FAIL: g++.pt/memtemp44.C (test for excess errors)
FAIL: g++.pt/memtemp45.C (test for excess errors)
FAIL: g++.pt/memtemp46.C (test for excess errors)
FAIL: g++.pt/memtemp47.C (test for excess errors)
FAIL: g++.pt/memtemp5.C (test for excess errors)
FAIL: g++.pt/memtemp53.C (test for excess errors)
FAIL: g++.pt/memtemp61.C (test for excess errors)
FAIL: g++.pt/memtemp62.C (test for excess errors)
FAIL: g++.pt/memtemp63.C (test for excess errors)
FAIL: g++.pt/memtemp67.C (test for excess errors)
FAIL: g++.pt/memtemp69.C (test for excess errors)
FAIL: g++.pt/memtemp7.C (test for excess errors)
FAIL: g++.pt/memtemp73.C (test for excess errors)
FAIL: g++.pt/memtemp77.C (test for excess errors)
FAIL: g++.pt/memtemp9.C (test for excess errors)
FAIL: g++.pt/memtemp93.C (test for excess errors)
FAIL: g++.pt/mi1.C (test for excess errors)
FAIL: g++.pt/nttp1.C (test for excess errors)
FAIL: g++.pt/nttp2.C (test for excess errors)
FAIL: g++.pt/overload1.C (test for excess errors)
FAIL: g++.pt/overload10.C (test for excess errors)
FAIL: g++.pt/overload11.C (test for excess errors)
FAIL: g++.pt/overload12.C (test for excess errors)
FAIL: g++.pt/overload6.C (test for excess errors)
FAIL: g++.pt/overload9.C (test for excess errors)
FAIL: g++.pt/parms1.C (test for excess errors)
FAIL: g++.pt/partial1.C (test for excess errors)
FAIL: g++.pt/partial3.C (test for excess errors)
FAIL: g++.pt/ptrmem1.C (test for excess errors)
FAIL: g++.pt/ptrmem2.C (test for excess errors)
FAIL: g++.pt/ptrmem4.C (test for excess errors)
FAIL: g++.pt/recursion2.C (test for excess errors)
FAIL: g++.pt/repo1.C (test for excess errors)
FAIL: g++.pt/repo2.C (test for excess errors)
FAIL: g++.pt/sizeof.C (test for excess errors)
FAIL: g++.pt/sizeof2.C (test for excess errors)
FAIL: g++.pt/sizeof3.C (test for excess errors)
FAIL: g++.pt/spec10.C (test for excess errors)
FAIL: g++.pt/spec11.C (test for excess errors)
FAIL: g++.pt/spec12.C (test for excess errors)
FAIL: g++.pt/spec13.C (test for excess errors)
FAIL: g++.pt/spec15.C (test for excess errors)
FAIL: g++.pt/spec29.C (test for excess errors)
FAIL: g++.pt/spec3.C (test for excess errors)
FAIL: g++.pt/spec30.C (test for excess errors)
FAIL: g++.pt/spec7.C (test for excess errors)
FAIL: g++.pt/spec8.C (test for excess errors)
FAIL: g++.pt/static1.C (test for excess errors)
FAIL: g++.pt/static6.C (test for excess errors)
FAIL: g++.pt/static8.C (test for excess errors)
FAIL: g++.pt/stmtexpr.C (test for excess errors)
FAIL: g++.pt/stmtexpr2.C (test for excess errors)
FAIL: g++.pt/t16.C (test for excess errors)
FAIL: g++.pt/t39.C (test for excess errors)
FAIL: g++.pt/t42.C (test for excess errors)
FAIL: g++.pt/tiemann2.C (test for excess errors)
FAIL: g++.pt/ttp11.C (test for excess errors)
FAIL: g++.pt/ttp12.C (test for excess errors)
FAIL: g++.pt/ttp13.C (test for excess errors)
FAIL: g++.pt/ttp14.C (test for excess errors)
FAIL: g++.pt/ttp15.C (test for excess errors)
FAIL: g++.pt/ttp16.C (test for excess errors)
FAIL: g++.pt/ttp17.C (test for excess errors)
FAIL: g++.pt/ttp18.C (test for excess errors)
FAIL: g++.pt/ttp19.C (test for excess errors)
FAIL: g++.pt/ttp20.C (test for excess errors)
FAIL: g++.pt/ttp21.C (test for excess errors)
FAIL: g++.pt/ttp22.C (test for excess errors)
FAIL: g++.pt/ttp23.C (test for excess errors)
FAIL: g++.pt/ttp24.C (test for excess errors)
FAIL: g++.pt/ttp25.C (test for excess errors)
FAIL: g++.pt/ttp26.C (test for excess errors)
FAIL: g++.pt/ttp27.C (test for excess errors)
FAIL: g++.pt/ttp28.C (test for excess errors)
FAIL: g++.pt/ttp29.C (test for excess errors)
FAIL: g++.pt/ttp30.C (test for excess errors)
FAIL: g++.pt/ttp31.C (test for excess errors)
FAIL: g++.pt/ttp32.C (test for excess errors)
FAIL: g++.pt/ttp33.C (test for excess errors)
FAIL: g++.pt/ttp34.C (test for excess errors)
FAIL: g++.pt/ttp35.C (test for excess errors)
FAIL: g++.pt/ttp36.C (test for excess errors)
FAIL: g++.pt/ttp37.C (test for excess errors)
FAIL: g++.pt/ttp38.C (test for excess errors)
FAIL: g++.pt/ttp39.C (test for excess errors)
FAIL: g++.pt/ttp40.C (test for excess errors)
FAIL: g++.pt/ttp41.C (test for excess errors)
FAIL: g++.pt/ttp42.C (test for excess errors)
FAIL: g++.pt/ttp47.C (test for excess errors)
FAIL: g++.pt/ttp48.C (test for excess errors)
FAIL: g++.pt/ttp50.C (test for excess errors)
FAIL: g++.pt/ttp51.C (test for excess errors)
FAIL: g++.pt/ttp6.C (test for excess errors)
FAIL: g++.pt/ttp8.C (test for excess errors)
FAIL: g++.pt/ttp9.C (test for excess errors)
FAIL: g++.pt/typename16.C (test for excess errors)
FAIL: g++.pt/typename19.C (test for excess errors)
FAIL: g++.pt/typename9.C (test for excess errors)
FAIL: g++.pt/vaarg.C (test for excess errors)
FAIL: g++.pt/vbase1.C (test for excess errors)
FAIL: g++.pt/virtual1.C (test for excess errors)
FAIL: g++.pt/virtual4.C (test for excess errors)
FAIL: g++.robertl/980310-1.C (test for excess errors)
FAIL: g++.robertl/eb102.C (test for excess errors)
FAIL: g++.robertl/eb104.C (test for excess errors)
FAIL: g++.robertl/eb111.C (test for excess errors)
FAIL: g++.robertl/eb114.C (test for excess errors)
FAIL: g++.robertl/eb115.C (test for excess errors)
FAIL: g++.robertl/eb116.C (test for excess errors)
FAIL: g++.robertl/eb118.C (test for excess errors)
FAIL: g++.robertl/eb120.C (test for excess errors)
FAIL: g++.robertl/eb126.C (test for excess errors)
FAIL: g++.robertl/eb14.C (test for excess errors)
FAIL: g++.robertl/eb21.C (test for excess errors)
FAIL: g++.robertl/eb26.C (test for excess errors)
FAIL: g++.robertl/eb27.C (test for excess errors)
FAIL: g++.robertl/eb31.C (test for excess errors)
FAIL: g++.robertl/eb33.C (test for excess errors)
FAIL: g++.robertl/eb41.C (test for excess errors)
FAIL: g++.robertl/eb44.C (test for excess errors)
FAIL: g++.robertl/eb46.C (test for excess errors)
FAIL: g++.robertl/eb50.C (test for excess errors)
FAIL: g++.robertl/eb54.C (test for excess errors)
FAIL: g++.robertl/eb58.C (test for excess errors)
FAIL: g++.robertl/eb59.C (test for excess errors)
FAIL: g++.robertl/eb63.C (test for excess errors)
FAIL: g++.robertl/eb65.C (test for excess errors)
FAIL: g++.robertl/eb66.C (test for excess errors)
FAIL: g++.robertl/eb69.C (test for excess errors)
FAIL: g++.robertl/eb73.C (test for excess errors)
FAIL: g++.robertl/eb77.C (test for excess errors)
FAIL: g++.robertl/eb83.C (test for excess errors)
FAIL: g++.robertl/eb84.C (test for excess errors)
FAIL: g++.robertl/eb88.C (test for excess errors)
FAIL: g++.robertl/eb91.C (test for excess errors)
FAIL: g++.robertl/eb95.C (test for excess errors)
FAIL: g++.robertl/eb97.C (test for excess errors)
FAIL: g++.robertl/ebnull-cast.C (test for excess errors)
FAIL: g++.robertl/ebnull-oldcast.C (test for excess errors)
FAIL: g++.robertl/ebnull.C (test for excess errors)
FAIL: g++.robertl/eh990323-1.C (test for excess errors)
FAIL: g++.robertl/eh990323-2.C (test for excess errors)
FAIL: g++.robertl/eh990323-3.C (test for excess errors)
FAIL: g++.robertl/eh990323-4.C (test for excess errors)
FAIL: g++.robertl/eh990323-5.C (test for excess errors)
FAIL: g++.robertl/ice990323-2.C (test for excess errors)
=== g++ Summary for unix/-march=1.0 ===
# of expected passes 4175
# of unexpected failures 886
# of expected failures 882
# of untested testcases 18
=== g++ Summary ===
# of expected passes 8350
# of unexpected failures 1772
# of expected failures 1764
# of untested testcases 36
/devel/src/egcs-20000530.obj/gcc/testsuite/../g++ version 2.96 20000530 (experimental)
=== g77 tests ===
Running target unix
FAIL: g77.f-torture/compile/19990218-0.f, -O0
FAIL: g77.f-torture/compile/19990218-0.f, -O1
FAIL: g77.f-torture/compile/19990218-0.f, -O2
FAIL: g77.f-torture/compile/19990218-0.f, -Os
FAIL: g77.f-torture/compile/970125-0.f, -O0
FAIL: g77.f-torture/compile/970125-0.f, -O1
FAIL: g77.f-torture/compile/970125-0.f, -O2
FAIL: g77.f-torture/compile/970125-0.f, -O2 -fomit-frame-pointer -finline-functions
FAIL: g77.f-torture/compile/970125-0.f, -O3 -g
FAIL: g77.f-torture/compile/970125-0.f, -O3 -fssa
FAIL: g77.f-torture/compile/970125-0.f, -Os
FAIL: g77.f-torture/execute/20000503-1.f execution, -O0
FAIL: g77.f-torture/execute/20000503-1.f execution, -O1
FAIL: g77.f-torture/execute/20000503-1.f execution, -O2
FAIL: g77.f-torture/execute/20000503-1.f execution, -O2 -fomit-frame-pointer -finline-functions
FAIL: g77.f-torture/execute/20000503-1.f execution, -O2 -fomit-frame-pointer -finline-functions -funroll-loops
FAIL: g77.f-torture/execute/20000503-1.f execution, -O2 -fomit-frame-pointer -finline-functions -funroll-all-loops
FAIL: g77.f-torture/execute/20000503-1.f execution, -O3 -g
FAIL: g77.f-torture/execute/20000503-1.f execution, -O3 -fssa
FAIL: g77.f-torture/execute/20000503-1.f execution, -Os
FAIL: g77.f-torture/execute/u77-test.f compilation, -O0
FAIL: g77.f-torture/execute/u77-test.f compilation, -O1
FAIL: g77.f-torture/execute/u77-test.f compilation, -O2
FAIL: g77.f-torture/execute/u77-test.f compilation, -O2 -fomit-frame-pointer -finline-functions
FAIL: g77.f-torture/execute/u77-test.f compilation, -O2 -fomit-frame-pointer -finline-functions -funroll-loops
FAIL: g77.f-torture/execute/u77-test.f compilation, -O2 -fomit-frame-pointer -finline-functions -funroll-all-loops
FAIL: g77.f-torture/execute/u77-test.f compilation, -O3 -g
FAIL: g77.f-torture/execute/u77-test.f compilation, -O3 -fssa
FAIL: g77.f-torture/execute/u77-test.f compilation, -Os
=== g77 Summary for unix ===
# of expected passes 920
# of unexpected failures 29
# of untested testcases 9
Running target unix/-march=1.0
FAIL: g77.f-torture/compile/19990218-0.f, -O0
FAIL: g77.f-torture/compile/19990218-0.f, -O1
FAIL: g77.f-torture/compile/19990218-0.f, -O2
FAIL: g77.f-torture/compile/19990218-0.f, -Os
FAIL: g77.f-torture/compile/970125-0.f, -O0
FAIL: g77.f-torture/compile/970125-0.f, -O1
FAIL: g77.f-torture/compile/970125-0.f, -O2
FAIL: g77.f-torture/compile/970125-0.f, -O2 -fomit-frame-pointer -finline-functions
FAIL: g77.f-torture/compile/970125-0.f, -O3 -g
FAIL: g77.f-torture/compile/970125-0.f, -O3 -fssa
FAIL: g77.f-torture/compile/970125-0.f, -Os
FAIL: g77.f-torture/execute/19990826-2.f execution, -O0
FAIL: g77.f-torture/execute/20000503-1.f execution, -O0
FAIL: g77.f-torture/execute/20000503-1.f execution, -O1
FAIL: g77.f-torture/execute/20000503-1.f execution, -O2
FAIL: g77.f-torture/execute/20000503-1.f execution, -O2 -fomit-frame-pointer -finline-functions
FAIL: g77.f-torture/execute/20000503-1.f execution, -O2 -fomit-frame-pointer -finline-functions -funroll-loops
FAIL: g77.f-torture/execute/20000503-1.f execution, -O2 -fomit-frame-pointer -finline-functions -funroll-all-loops
FAIL: g77.f-torture/execute/20000503-1.f execution, -O3 -g
FAIL: g77.f-torture/execute/20000503-1.f execution, -O3 -fssa
FAIL: g77.f-torture/execute/20000503-1.f execution, -Os
FAIL: g77.f-torture/execute/u77-test.f compilation, -O0
FAIL: g77.f-torture/execute/u77-test.f compilation, -O1
FAIL: g77.f-torture/execute/u77-test.f compilation, -O2
FAIL: g77.f-torture/execute/u77-test.f compilation, -O2 -fomit-frame-pointer -finline-functions
FAIL: g77.f-torture/execute/u77-test.f compilation, -O2 -fomit-frame-pointer -finline-functions -funroll-loops
FAIL: g77.f-torture/execute/u77-test.f compilation, -O2 -fomit-frame-pointer -finline-functions -funroll-all-loops
FAIL: g77.f-torture/execute/u77-test.f compilation, -O3 -g
FAIL: g77.f-torture/execute/u77-test.f compilation, -O3 -fssa
FAIL: g77.f-torture/execute/u77-test.f compilation, -Os
=== g77 Summary for unix/-march=1.0 ===
# of expected passes 919
# of unexpected failures 30
# of untested testcases 9
=== g77 Summary ===
# of expected passes 1839
# of unexpected failures 59
# of untested testcases 18
=== objc tests ===
Running target unix
FAIL: objc/execute/bf-20.m execution, -O
=== objc Summary for unix ===
# of expected passes 39
# of unexpected failures 1
Running target unix/-march=1.0
FAIL: objc/execute/bf-20.m execution, -O
=== objc Summary for unix/-march=1.0 ===
# of expected passes 39
# of unexpected failures 1
=== objc Summary ===
# of expected passes 78
# of unexpected failures 2
/devel/src/egcs-20000530.obj/gcc/xgcc version 2.96 20000530 (experimental)
Compiler version: 2.96 20000530 (experimental)
Platform: hppa1.1-hp-hpux11.00
configure flags: --with-gcc-version-trigger=/devel/src/egcs-20000530/gcc/version.c --host=hppa1.1-hp-hpux11.00 --with-gnu-as --norecursion
Counting all warnings,
there are 409 warnings in stage3 of this bootstrap.
Number of warnings per file:
29 ../../egcs-20000530/gcc/combine.c
28 ../../../egcs-20000530/gcc/f/stb.c
27 cxxmain.c
26 ../../egcs-20000530/gcc/expr.c
26 ../../../egcs-20000530/libiberty/cplus-dem.c
22 ../../egcs-20000530/gcc/config/pa/pa.c
15 ../../../egcs-20000530/gcc/ch/lex.c
13 cc1plus
13 ../../egcs-20000530/gcc/calls.c
11 ../../egcs-20000530/gcc/recog.c
11 ../../egcs-20000530/gcc/gcc.c
11 ../../../egcs-20000530/libiberty/fnmatch.c
10 ../../egcs-20000530/gcc/collect2.c
8 quadlib.c
8 ../../egcs-20000530/gcc/libgcc2.c
8 ../../egcs-20000530/gcc/function.c
8 ../../../egcs-20000530/gcc/cp/lex.c
7 ../../egcs-20000530/gcc/varasm.c
7 ../../egcs-20000530/gcc/reload.c
7 ../../egcs-20000530/gcc/c-lex.c
6 ../../egcs-20000530/gcc/reload1.c
6 ../../egcs-20000530/gcc/cse.c
5 ../../egcs-20000530/gcc/scan-decls.c
5 ../../egcs-20000530/gcc/loop.c
5 ../../egcs-20000530/gcc/fix-header.c
5 ../../../egcs-20000530/libiberty/pexecute.c
5 ../../../egcs-20000530/gcc/f/lex.c
4 ../../../egcs-20000530/gcc/f/bad.c
3 ../../egcs-20000530/gcc/stmt.c
3 ../../egcs-20000530/gcc/scan.c
3 ../../egcs-20000530/gcc/regrename.c
3 ../../egcs-20000530/gcc/regmove.c
3 ../../egcs-20000530/gcc/gensupport.c
3 ../../egcs-20000530/gcc/cpplex.c
2 alloca.c
2 ../../egcs-20000530/gcc/tree.c
2 ../../egcs-20000530/gcc/tlink.c
2 ../../egcs-20000530/gcc/ifcvt.c
2 ../../egcs-20000530/gcc/genextract.c
2 ../../egcs-20000530/gcc/gen-protos.c
2 ../../egcs-20000530/gcc/fold-const.c
2 ../../egcs-20000530/gcc/final.c
2 ../../egcs-20000530/gcc/cpphash.c
2 ../../egcs-20000530/gcc/config/pa/pa.md
2 ../../egcs-20000530/gcc/alias.c
2 ../../../egcs-20000530/libiberty/getopt.c
2 ../../../egcs-20000530/gcc/f/intrin.c
2 ../../../egcs-20000530/gcc/f/fini.c
2 ../../../egcs-20000530/gcc/cp/error.c
1 insn-output.c
1 ../../egcs-20000530/gcc/regclass.c
1 ../../egcs-20000530/gcc/genoutput.c
1 ../../egcs-20000530/gcc/gengenrtl.c
1 ../../egcs-20000530/gcc/gencheck.c
1 ../../egcs-20000530/gcc/gcse.c
1 ../../egcs-20000530/gcc/flow.c
1 ../../egcs-20000530/gcc/expmed.c
1 ../../egcs-20000530/gcc/diagnostic.c
1 ../../egcs-20000530/gcc/cppexp.c
1 ../../egcs-20000530/gcc/c-common.c
1 ../../egcs-20000530/gcc/bb-reorder.c
1 ../../../egcs-20000530/libiberty/strsignal.c
1 ../../../egcs-20000530/libiberty/setenv.c
1 ../../../egcs-20000530/gcc/java/jcf-write.c
1 ../../../egcs-20000530/gcc/java/class.c
1 ../../../egcs-20000530/gcc/f/target.c
1 ../../../egcs-20000530/gcc/f/implic.c
1 ../../../egcs-20000530/gcc/f/expr.c
1 ../../../egcs-20000530/gcc/cp/xref.c
1 ../../../egcs-20000530/gcc/cp/errfn.c
1 ../../../egcs-20000530/gcc/cp/decl2.c
1 ../../../egcs-20000530/gcc/cp/decl.c
1 ../../../egcs-20000530/gcc/cp/class.c
1 ../../../egcs-20000530/gcc/cp/cfns.h
Number of warning types:
206 signed and unsigned type in conditional expression
69 comparison between signed and unsigned
39 integer constant larger than the maximum value of an unsigned long int
13 Ignoring command line option '-Wstrict-prototypes'
11 `???' might be used uninitialized in this function
10 no previous prototype for `???'
10 function declaration isn't a prototype
9 pointer targets in passing arg ??? of `???' differ in signedness
6 ??? format, ??? arg (arg ???)
5 unused parameter `???'
5 return discards qualifiers from pointer target type
5 `???' in identifier
4 variable `???' might be clobbered by `longjmp' or `vfork'
2 unused variable `???'
2 trigraph ??/ ignored
2 passing arg ??? of `???' from incompatible pointer type
2 `???' not in PREDICATE_CODES
2 ICE: would have deleted prologue/epilogue insn
1 trigraph ??= ignored
1 suggest explicit braces to avoid ambiguous `else'
1 static declaration for `???' follows non-static
1 non-static declaration for `???' follows static
1 empty body in an if-statement
1 assignment discards qualifiers from pointer target type
1 `???' used but never defined