This is the mail archive of the
gcc-testresults@gcc.gnu.org
mailing list for the GCC project.
Results for 2.96 20000601 (experimental) testsuite on alphaev67-dec-osf5.0
- To: gcc-testresults at gcc dot gnu dot org
- Subject: Results for 2.96 20000601 (experimental) testsuite on alphaev67-dec-osf5.0
- From: Loren James Rittle <rittle at latour dot rsch dot comm dot mot dot com>
- Date: Fri, 2 Jun 2000 00:28:03 -0500 (CDT)
- Reply-to: rittle at rsch dot comm dot mot dot com
[Note: configured with --enable-shared --enable-threads\=posix .
Unlike other targets that I have used recently, -threads had to be
provided to the test suite or else every test which builds an
executable fails with unknown __pthread* symbols.]
Native configuration is alphaev67-dec-osf5.0
=== libio tests ===
Running target unix/-threads -fpic
FAIL: tFile.cc execution
FAIL: tFile.cc execution -b0
FAIL: tFile.cc execution -b3
FAIL: tiomanip.cc output
=== libio Summary ===
# of expected passes 33
# of unexpected failures 4
# of expected failures 3
=== libstdc++ tests ===
Running target unix/-threads -fpic
FAIL: tcomplex.cc -O execution
FAIL: tlist.cc compilation
FAIL: tlist.cc -O compilation
FAIL: tmap.cc compilation
FAIL: tmap.cc -O compilation
FAIL: tstring.cc compilation
FAIL: tstring.cc -O compilation
FAIL: tvector.cc compilation
FAIL: tvector.cc -O compilation
=== libstdc++ Summary ===
# of expected passes 4
# of unexpected failures 9
# of expected failures 17
=== gcc tests ===
Running target unix/-threads -fpic
FAIL: gcc.c-torture/execute/930529-1.c execution, -O3 -fomit-frame-pointer
FAIL: gcc.c-torture/execute/930529-1.c execution, -O3 -fomit-frame-pointer -funroll-loops
FAIL: gcc.c-torture/execute/930529-1.c execution, -O3 -fomit-frame-pointer -funroll-all-loops -finline-functions
FAIL: gcc.c-torture/execute/930529-1.c execution, -O3 -g
FAIL: gcc.c-torture/execute/930529-1.c execution, -O3 -fssa
FAIL: gcc.c-torture/execute/930622-2.c execution, -O0
FAIL: gcc.c-torture/execute/930622-2.c execution, -O1
FAIL: gcc.c-torture/execute/930622-2.c execution, -O2
FAIL: gcc.c-torture/execute/930622-2.c execution, -Os
FAIL: gcc.c-torture/execute/960215-1.c execution, -O0
FAIL: gcc.c-torture/execute/960513-1.c execution, -O0
FAIL: gcc.c-torture/execute/960513-1.c execution, -O1
FAIL: gcc.c-torture/execute/960513-1.c execution, -Os
FAIL: gcc.c-torture/execute/regstack-1.c execution, -O0
FAIL: gcc.c-torture/execute/va-arg-5.c execution, -O0
FAIL: gcc.c-torture/execute/va-arg-5.c execution, -O1
FAIL: gcc.c-torture/execute/va-arg-5.c execution, -O2
FAIL: gcc.c-torture/execute/va-arg-5.c execution, -O3 -fomit-frame-pointer
FAIL: gcc.c-torture/execute/va-arg-5.c execution, -O3 -g
FAIL: gcc.c-torture/execute/va-arg-5.c execution, -O3 -fssa
FAIL: gcc.c-torture/execute/va-arg-5.c execution, -Os
FAIL: gcc.c-torture/execute/va-arg-6.c execution, -O0
FAIL: gcc.c-torture/execute/va-arg-6.c execution, -O1
FAIL: gcc.c-torture/execute/va-arg-6.c execution, -O2
FAIL: gcc.c-torture/execute/va-arg-6.c execution, -O3 -fomit-frame-pointer
FAIL: gcc.c-torture/execute/va-arg-6.c execution, -O3 -g
FAIL: gcc.c-torture/execute/va-arg-6.c execution, -O3 -fssa
FAIL: gcc.c-torture/execute/va-arg-6.c execution, -Os
FAIL: gcc.c-torture/execute/ieee/20000320-1.c execution, -O0
FAIL: gcc.c-torture/execute/ieee/20000320-1.c execution, -O1
FAIL: gcc.c-torture/execute/ieee/20000320-1.c execution, -O2
FAIL: gcc.c-torture/execute/ieee/20000320-1.c execution, -O3 -fomit-frame-pointer
FAIL: gcc.c-torture/execute/ieee/20000320-1.c execution, -O3 -g
FAIL: gcc.c-torture/execute/ieee/20000320-1.c execution, -O3 -fssa
FAIL: gcc.c-torture/execute/ieee/20000320-1.c execution, -Os
FAIL: gcc.c-torture/execute/ieee/fp-cmp-2.c execution, -O0
FAIL: gcc.c-torture/execute/ieee/fp-cmp-2.c execution, -O1
FAIL: gcc.c-torture/execute/ieee/fp-cmp-2.c execution, -O2
FAIL: gcc.c-torture/execute/ieee/fp-cmp-2.c execution, -O3 -fomit-frame-pointer
FAIL: gcc.c-torture/execute/ieee/fp-cmp-2.c execution, -O3 -fomit-frame-pointer -funroll-loops
FAIL: gcc.c-torture/execute/ieee/fp-cmp-2.c execution, -O3 -fomit-frame-pointer -funroll-all-loops -finline-functions
FAIL: gcc.c-torture/execute/ieee/fp-cmp-2.c execution, -O3 -g
FAIL: gcc.c-torture/execute/ieee/fp-cmp-2.c execution, -O3 -fssa
FAIL: gcc.c-torture/execute/ieee/fp-cmp-2.c execution, -Os
FAIL: gcc.c-torture/execute/ieee/fp-cmp-3.c execution, -O0
FAIL: gcc.c-torture/execute/ieee/fp-cmp-3.c execution, -O1
FAIL: gcc.c-torture/execute/ieee/fp-cmp-3.c execution, -O2
FAIL: gcc.c-torture/execute/ieee/fp-cmp-3.c execution, -O3 -fomit-frame-pointer
FAIL: gcc.c-torture/execute/ieee/fp-cmp-3.c execution, -O3 -fomit-frame-pointer -funroll-loops
FAIL: gcc.c-torture/execute/ieee/fp-cmp-3.c execution, -O3 -fomit-frame-pointer -funroll-all-loops -finline-functions
FAIL: gcc.c-torture/execute/ieee/fp-cmp-3.c execution, -O3 -g
FAIL: gcc.c-torture/execute/ieee/fp-cmp-3.c execution, -O3 -fssa
FAIL: gcc.c-torture/execute/ieee/fp-cmp-3.c execution, -Os
FAIL: gcc.c-torture/execute/ieee/fp-cmp-4.c execution, -O0
FAIL: gcc.c-torture/execute/ieee/fp-cmp-4.c execution, -O1
FAIL: gcc.c-torture/execute/ieee/fp-cmp-4.c execution, -O2
FAIL: gcc.c-torture/execute/ieee/fp-cmp-4.c execution, -O3 -fomit-frame-pointer
FAIL: gcc.c-torture/execute/ieee/fp-cmp-4.c execution, -O3 -fomit-frame-pointer -funroll-loops
FAIL: gcc.c-torture/execute/ieee/fp-cmp-4.c execution, -O3 -fomit-frame-pointer -funroll-all-loops -finline-functions
FAIL: gcc.c-torture/execute/ieee/fp-cmp-4.c execution, -O3 -g
FAIL: gcc.c-torture/execute/ieee/fp-cmp-4.c execution, -O3 -fssa
FAIL: gcc.c-torture/execute/ieee/fp-cmp-4.c execution, -Os
FAIL: gcc.c-torture/execute/ieee/mzero2.c execution, -O0
FAIL: gcc.c-torture/execute/ieee/mzero2.c execution, -O1
FAIL: gcc.c-torture/execute/ieee/mzero2.c execution, -O2
FAIL: gcc.c-torture/execute/ieee/mzero2.c execution, -O3 -fomit-frame-pointer
FAIL: gcc.c-torture/execute/ieee/mzero2.c execution, -O3 -g
FAIL: gcc.c-torture/execute/ieee/mzero2.c execution, -O3 -fssa
FAIL: gcc.c-torture/execute/ieee/mzero2.c execution, -Os
XPASS: gcc.c-torture/execute/memcheck/blkarg.c execution, -O0
XPASS: gcc.c-torture/execute/memcheck/blkarg.c execution, -O1
XPASS: gcc.c-torture/execute/memcheck/blkarg.c execution, -O2
XPASS: gcc.c-torture/execute/memcheck/blkarg.c execution, -Os
FAIL: gcc.dg/20000419-2.c (test for excess errors)
FAIL: gcc.dg/compare2.c case 10 (test for bogus messages, line 29)
XPASS: gcc.dg/noreturn-1.c this function should not get any warnings (test for bogus messages, line 52)
XPASS: gcc.dg/noreturn-1.c detect return from tail call (test for warnings, line 59)
XPASS: gcc.dg/noreturn-2.c noreturn does return (test for bogus messages, line 12)
=== gcc Summary ===
# of expected passes 11348
# of unexpected failures 71
# of unexpected successes 7
# of expected failures 31
# of unresolved testcases 3
# of unsupported tests 35
/tmp_mnt/usr/users/rittle/outside-cvs-src/egcs-osf5.0-green/gcc/xgcc version 2.96 20000601 (experimental)
=== g++ tests ===
Running target unix/-threads -fpic
FAIL: g++.brendan/nest21.C (test for excess errors)
FAIL: g++.ext/comint1.C (test for excess errors)
FAIL: g++.jason/synth5.C (test for excess errors)
FAIL: g++.jason/thunk1.C (test for excess errors)
FAIL: g++.jason/thunk2.C (test for excess errors)
FAIL: g++.jason/thunk3.C (test for excess errors)
FAIL: g++.law/operators8.C (test for excess errors)
FAIL: g++.mike/dyncast5.C (test for excess errors)
FAIL: g++.mike/net21.C (test for excess errors)
FAIL: g++.mike/p1248.C (test for excess errors)
FAIL: g++.mike/p3041.C (test for excess errors)
FAIL: g++.mike/p3139.C (test for excess errors)
FAIL: g++.mike/p4511.C (test for excess errors)
FAIL: g++.mike/p5571.C (test for excess errors)
FAIL: g++.mike/p6610a.C (test for excess errors)
FAIL: g++.mike/p6610b.C (test for excess errors)
FAIL: g++.mike/p9706.C Execution test
FAIL: g++.mike/rtti3.C (test for excess errors)
FAIL: g++.mike/virt4.C (test for excess errors)
FAIL: g++.mike/virt5.C (test for excess errors)
FAIL: g++.oliva/thunk1.C (test for excess errors)
FAIL: g++.other/crash18.C caused compiler crash
FAIL: g++.other/delete3.C (test for excess errors)
FAIL: g++.other/inline7.C (test for excess errors)
FAIL: g++.other/inline8.C (test for excess errors)
FAIL: g++.other/local3.C (test for excess errors)
FAIL: g++.other/pmf4.C (test for excess errors)
FAIL: g++.pt/mi1.C (test for excess errors)
FAIL: g++.pt/spec3.C (test for excess errors)
FAIL: g++.pt/static6.C (test for excess errors)
FAIL: g++.pt/ttp19.C (test for excess errors)
FAIL: g++.pt/ttp40.C (test for excess errors)
FAIL: g++.pt/virtual4.C (test for excess errors)
FAIL: g++.robertl/eb21.C (test for excess errors)
FAIL: g++.robertl/eb41.C (test for excess errors)
FAIL: g++.robertl/eb59.C (test for excess errors)
FAIL: g++.robertl/eb73.C (test for excess errors)
=== g++ Summary ===
# of expected passes 5783
# of unexpected failures 37
# of expected failures 131
# of untested testcases 18
/tmp_mnt/usr/users/rittle/outside-cvs-src/egcs-osf5.0-green/gcc/testsuite/../g++ version 2.96 20000601 (experimental)
=== g77 tests ===
Running target unix/-threads -fpic
FAIL: g77.f-torture/execute/19981119-0.f execution, -O2 -fomit-frame-pointer -finline-functions
FAIL: g77.f-torture/execute/19981119-0.f execution, -O3 -g
FAIL: g77.f-torture/execute/20000503-1.f execution, -O0
FAIL: g77.f-torture/execute/20000503-1.f execution, -O1
FAIL: g77.f-torture/execute/20000503-1.f execution, -O2
FAIL: g77.f-torture/execute/20000503-1.f execution, -O2 -fomit-frame-pointer -finline-functions
FAIL: g77.f-torture/execute/20000503-1.f execution, -O2 -fomit-frame-pointer -finline-functions -funroll-loops
FAIL: g77.f-torture/execute/20000503-1.f execution, -O2 -fomit-frame-pointer -finline-functions -funroll-all-loops
FAIL: g77.f-torture/execute/20000503-1.f execution, -O3 -g
FAIL: g77.f-torture/execute/20000503-1.f execution, -O3 -fssa
FAIL: g77.f-torture/execute/20000503-1.f execution, -Os
=== g77 Summary ===
# of expected passes 947
# of unexpected failures 11
=== objc tests ===
Running target unix/-threads -fpic
FAIL: objc/execute/bf-1.m compilation, -O
FAIL: objc/execute/bf-10.m compilation, -O
FAIL: objc/execute/bf-11.m compilation, -O
FAIL: objc/execute/bf-12.m compilation, -O
FAIL: objc/execute/bf-13.m compilation, -O
FAIL: objc/execute/bf-14.m compilation, -O
FAIL: objc/execute/bf-15.m compilation, -O
FAIL: objc/execute/bf-16.m compilation, -O
FAIL: objc/execute/bf-17.m compilation, -O
FAIL: objc/execute/bf-18.m compilation, -O
FAIL: objc/execute/bf-19.m compilation, -O
FAIL: objc/execute/bf-2.m compilation, -O
FAIL: objc/execute/bf-20.m compilation, -O
FAIL: objc/execute/bf-3.m compilation, -O
FAIL: objc/execute/bf-4.m compilation, -O
FAIL: objc/execute/bf-5.m compilation, -O
FAIL: objc/execute/bf-6.m compilation, -O
FAIL: objc/execute/bf-7.m compilation, -O
FAIL: objc/execute/bf-8.m compilation, -O
FAIL: objc/execute/bf-9.m compilation, -O
=== objc Summary ===
# of unexpected failures 20
# of untested testcases 20
/tmp_mnt/usr/users/rittle/outside-cvs-src/egcs-osf5.0-green/gcc/xgcc version 2.96 20000601 (experimental)
Compiler version: 2.96 20000601 (experimental)
Platform: alphaev67-dec-osf5.0
configure flags: --with-gcc-version-trigger=/tmp_mnt/usr/users/rittle/outside-cvs-src/egcs/gcc/version.c --host=alphaev67-dec-osf5.0 --enable-shared --enable-threads=posix --disable-nls --prefix=/usr/local/beta-gcc --norecursion
------- End of forwarded message -------