This is the mail archive of the gcc-testresults@gcc.gnu.org mailing list for the GCC project.
Index Nav: | [Date Index] [Subject Index] [Author Index] [Thread Index] | |
---|---|---|
Message Nav: | [Date Prev] [Date Next] | [Thread Prev] [Thread Next] |
Native configuration is i686-pc-cygwin === g++ tests === Running target unix FAIL: g++.dg/special/conpr-1.C (test for excess errors) FAIL: conpr-2a.o FAIL: conpr-3a.o FAIL: g++.benjamin/15071.C (test for excess errors) FAIL: g++.benjamin/15822.C (test for excess errors) FAIL: g++.benjamin/typeid01.C (test for excess errors) FAIL: g++.bob/delete1.C (test for excess errors) FAIL: g++.brendan/copy2.C (test for excess errors) FAIL: g++.brendan/copy3.C (test for excess errors) FAIL: g++.brendan/copy4.C (test for excess errors) FAIL: g++.brendan/copy5.C (test for excess errors) FAIL: g++.brendan/copy8.C (test for excess errors) FAIL: g++.brendan/copy9.C (test for excess errors) FAIL: g++.brendan/delete2.C (test for excess errors) FAIL: g++.brendan/dtors1.C (test for excess errors) FAIL: g++.brendan/dtors2.C (test for excess errors) FAIL: g++.brendan/dtors3.C (test for excess errors) FAIL: g++.brendan/eh1.C (test for excess errors) FAIL: g++.brendan/groff1.C (test for excess errors) FAIL: g++.brendan/nest21.C (test for excess errors) FAIL: g++.brendan/new3.C (test for excess errors) FAIL: g++.brendan/overload2.C (test for excess errors) FAIL: g++.brendan/ptolemy2.C (test for excess errors) FAIL: g++.brendan/template9.C (test for excess errors) FAIL: g++.brendan/vtables1.C (test for excess errors) FAIL: g++.bugs/900207_03.C (test for excess errors) FAIL: g++.bugs/900321_02.C (test for excess errors) FAIL: g++.bugs/900331_03.C (test for excess errors) FAIL: g++.bugs/900520_04.C (test for excess errors) FAIL: g++.bugs/900520_05.C (test for excess errors) FAIL: g++.eh/catch11.C (test for excess errors) FAIL: g++.eh/catch12.C (test for excess errors) FAIL: g++.eh/catch3.C (test for excess errors) FAIL: g++.eh/catch3p.C (test for excess errors) FAIL: g++.eh/catch4.C (test for excess errors) FAIL: g++.eh/catch4p.C (test for excess errors) FAIL: g++.eh/catch5.C (test for excess errors) FAIL: g++.eh/catch5p.C (test for excess errors) FAIL: g++.eh/catch6.C (test for excess errors) FAIL: g++.eh/catch6p.C (test for excess errors) FAIL: g++.eh/catch7.C (test for excess errors) FAIL: g++.eh/catch7p.C (test for excess errors) FAIL: g++.eh/catch8.C (test for excess errors) FAIL: g++.eh/catch8p.C (test for excess errors) FAIL: g++.eh/catch9.C (test for excess errors) FAIL: g++.eh/catch9p.C (test for excess errors) FAIL: g++.eh/catchptr1.C (test for excess errors) FAIL: g++.eh/cleanup1.C (test for excess errors) FAIL: g++.eh/cleanup2.C (test for excess errors) FAIL: g++.eh/crash4.C (test for excess errors) FAIL: g++.eh/flow1.C (test for excess errors) FAIL: g++.eh/fntry1.C (test for excess errors) FAIL: g++.eh/new1.C (test for excess errors) FAIL: g++.eh/new2.C (test for excess errors) FAIL: g++.eh/pdel1.C (test for excess errors) FAIL: g++.eh/pdel2.C (test for excess errors) FAIL: g++.eh/ptr1.C (test for excess errors) FAIL: g++.eh/rethrow1.C (test for excess errors) FAIL: g++.eh/rethrow2.C (test for excess errors) FAIL: g++.eh/rethrow3.C (test for excess errors) FAIL: g++.eh/rethrow4.C (test for excess errors) FAIL: g++.eh/rethrow5.C (test for excess errors) FAIL: g++.eh/spec1.C (test for excess errors) FAIL: g++.eh/spec2.C (test for excess errors) FAIL: g++.eh/spec3.C (test for excess errors) FAIL: g++.eh/spec4.C (test for excess errors) FAIL: g++.eh/tmpl1.C (test for excess errors) FAIL: g++.eh/unwind1.C (test for excess errors) FAIL: g++.eh/vbase1.C (test for excess errors) FAIL: g++.eh/vbase2.C (test for excess errors) FAIL: g++.eh/vbase4.C (test for excess errors) FAIL: g++.ext/attrib2.C (test for excess errors) FAIL: g++.ext/comint1.C (test for excess errors) FAIL: g++.ext/initp1.C (test for excess errors) FAIL: g++.ext/pretty2.C (test for excess errors) FAIL: g++.jason/2371.C (test for excess errors) FAIL: g++.jason/byval.C (test for excess errors) FAIL: g++.jason/cond2.C (test for excess errors) FAIL: g++.jason/dcast2.C (test for excess errors) FAIL: g++.jason/dcast3.C (test for excess errors) FAIL: g++.jason/dtor5.C (test for excess errors) FAIL: g++.jason/init3.C (test for excess errors) FAIL: g++.jason/inline.C (test for excess errors) FAIL: g++.jason/inline3.C (test for excess errors) FAIL: g++.jason/mi.C (test for excess errors) FAIL: g++.jason/new2.C (test for excess errors) FAIL: g++.jason/new3.C (test for excess errors) FAIL: g++.jason/new4.C (test for excess errors) FAIL: g++.jason/new5.C (test for excess errors) FAIL: g++.jason/overload13.C (test for excess errors) FAIL: g++.jason/parse12.C (test for excess errors) FAIL: g++.jason/pmf7.C (test for excess errors) FAIL: g++.jason/ref10.C (test for excess errors) FAIL: g++.jason/ref11.C (test for excess errors) FAIL: g++.jason/ref7.C (test for excess errors) FAIL: g++.jason/ref8.C (test for excess errors) FAIL: g++.jason/ref9.C (test for excess errors) FAIL: g++.jason/return.C (test for excess errors) FAIL: g++.jason/return2.C (test for excess errors) FAIL: g++.jason/rvalue1.C (test for excess errors) FAIL: g++.jason/static1.C (test for excess errors) FAIL: g++.jason/synth5.C (test for excess errors) FAIL: g++.jason/synth7.C (test for excess errors) FAIL: g++.jason/template14.C (test for excess errors) XPASS: g++.jason/template18.C (test for excess errors) XPASS: g++.jason/template18.C Execution test FAIL: g++.jason/template24.C (test for excess errors) FAIL: g++.jason/template31.C (test for excess errors) FAIL: g++.jason/template40.C (test for excess errors) FAIL: g++.jason/temporary.C (test for excess errors) FAIL: g++.jason/temporary3.C (test for excess errors) FAIL: g++.jason/temporary4.C (test for excess errors) FAIL: g++.jason/temporary5.C (test for excess errors) FAIL: g++.jason/temporary8.C (test for excess errors) FAIL: g++.jason/thunk1.C (test for excess errors) FAIL: g++.jason/thunk2.C (test for excess errors) FAIL: g++.jason/thunk3.C (test for excess errors) FAIL: g++.jason/typeid1.C (test for excess errors) FAIL: g++.jason/typeid2.C (test for excess errors) FAIL: g++.jason/vecdel.C (test for excess errors) FAIL: g++.jason/virtual2.C (test for excess errors) FAIL: g++.law/arg8.C (test for excess errors) FAIL: g++.law/arm7.C (test for excess errors) FAIL: g++.law/array1.C (test for excess errors) FAIL: g++.law/code-gen5.C (test for excess errors) FAIL: g++.law/copy1.C (test for excess errors) FAIL: g++.law/ctors12.C (test for excess errors) FAIL: g++.law/ctors15.C (test for excess errors) FAIL: g++.law/ctors4.C (test for excess errors) FAIL: g++.law/ctors8.C (test for excess errors) FAIL: g++.law/cvt2.C (test for excess errors) FAIL: g++.law/cvt4.C (test for excess errors) FAIL: g++.law/dtors2.C (test for excess errors) FAIL: g++.law/dtors3.C (test for excess errors) FAIL: g++.law/dtors4.C (test for excess errors) FAIL: g++.law/dtors5.C (test for excess errors) === g77 tests === Running target unix FAIL: g77.f-torture/execute/20000503-1.f execution, -O0 FAIL: g77.f-torture/execute/20000503-1.f execution, -O1 FAIL: g77.f-torture/execute/20000503-1.f execution, -O2 FAIL: g77.f-torture/execute/20000503-1.f execution, -O2 -fomit-frame-pointer -finline-functions FAIL: g77.f-torture/execute/20000503-1.f execution, -O2 -fomit-frame-pointer -finline-functions -funroll-loops FAIL: g77.f-torture/execute/20000503-1.f execution, -O2 -fomit-frame-pointer -finline-functions -funroll-all-loops FAIL: g77.f-torture/execute/20000503-1.f execution, -O3 -g FAIL: g77.f-torture/execute/20000503-1.f execution, -O3 -fssa FAIL: g77.f-torture/execute/20000503-1.f execution, -Os FAIL: g77.f-torture/execute/short.f execution, -Os FAIL: g77.f-torture/execute/u77-test.f execution, -O0 FAIL: g77.f-torture/execute/u77-test.f execution, -O1 FAIL: g77.f-torture/execute/u77-test.f execution, -O2 FAIL: g77.f-torture/execute/u77-test.f execution, -O2 -fomit-frame-pointer -finline-functions FAIL: g77.f-torture/execute/u77-test.f execution, -O2 -fomit-frame-pointer -finline-functions -funroll-loops FAIL: g77.f-torture/execute/u77-test.f execution, -O2 -fomit-frame-pointer -finline-functions -funroll-all-loops FAIL: g77.f-torture/execute/u77-test.f execution, -O3 -g FAIL: g77.f-torture/execute/u77-test.f execution, -O3 -fssa FAIL: g77.f-torture/execute/u77-test.f execution, -Os === gcc tests === Running target unix FAIL: gcc.c-torture/execute/20000225-1.c execution, -O2 FAIL: gcc.c-torture/execute/20000225-1.c execution, -O3 -fomit-frame-pointer FAIL: gcc.c-torture/execute/20000225-1.c execution, -O3 -fomit-frame-pointer -funroll-loops FAIL: gcc.c-torture/execute/20000225-1.c execution, -O3 -fomit-frame-pointer -funroll-all-loops -finline-functions FAIL: gcc.c-torture/execute/20000225-1.c execution, -O3 -g FAIL: gcc.c-torture/execute/20000225-1.c execution, -O3 -fssa FAIL: gcc.c-torture/execute/20000225-1.c execution, -Os FAIL: gcc.c-torture/execute/20000412-2.c execution, -O2 FAIL: gcc.c-torture/execute/20000412-2.c execution, -O3 -fomit-frame-pointer FAIL: gcc.c-torture/execute/20000412-2.c execution, -O3 -g FAIL: gcc.c-torture/execute/20000412-2.c execution, -O3 -fssa FAIL: gcc.c-torture/execute/20000412-2.c execution, -Os FAIL: gcc.c-torture/execute/20000419-1.c execution, -O2 FAIL: gcc.c-torture/execute/20000419-1.c execution, -Os FAIL: gcc.c-torture/execute/20000516-1.c execution, -O0 FAIL: gcc.c-torture/execute/20000516-1.c execution, -O1 FAIL: gcc.c-torture/execute/20000516-1.c execution, -O2 FAIL: gcc.c-torture/execute/20000516-1.c execution, -O3 -fomit-frame-pointer FAIL: gcc.c-torture/execute/20000516-1.c execution, -O3 -g FAIL: gcc.c-torture/execute/20000516-1.c execution, -O3 -fssa FAIL: gcc.c-torture/execute/20000516-1.c execution, -Os FAIL: gcc.c-torture/execute/ieee/rbug.c execution, -O0 FAIL: gcc.c-torture/execute/ieee/rbug.c execution, -O1 FAIL: gcc.c-torture/execute/ieee/rbug.c execution, -O2 FAIL: gcc.c-torture/execute/ieee/rbug.c execution, -Os FAIL: gcc.c-torture/special/981006-1.c (test for excess errors) FAIL: gcc.dg/990213-2.c (test for excess errors) FAIL: gcc.dg/990214-1.c (test for excess errors) FAIL: gcc.dg/991214-1.c (test for excess errors) FAIL: gcc.dg/compare2.c case 10 (test for bogus messages, line 29) FAIL: gcc.dg/compare2.c case 12 (test for bogus messages, line 33) FAIL: gcc.dg/cpp-if2.c wide charconst recognition (test for bogus messages, line 9) FAIL: gcc.dg/noreturn-1.c this function should not get any warnings (test for bogus messages, line 52) FAIL: gcc.dg/noreturn-1.c detect return from tail call (test for warnings, line 59) FAIL: gcc.dg/noreturn-2.c (test for excess errors) FAIL: gcc.misc-tests/gcov-1.c execution test FAIL: gcov failed: spawn failed FAIL: gcc.misc-tests/gcov-2.c execution test (PRMS 8294) === gcc Summary === # of expected passes 11416 # of unexpected failures 38 # of expected failures 34 # of unsupported tests 17 e:/src/gnu/egcs/w2k/gcc/xgcc version 2.96 20000527 (experimental) === objc tests === Running target unix === objc Summary === # of expected passes 40 e:/src/gnu/egcs/w2k/gcc/xgcc version 2.96 20000527 (experimental) === libio tests === Running target unix Running target unix FAIL: hounddog.cc compilation FAIL: hounddog.cc compilation -b0 FAIL: hounddog.cc compilation -b2 FAIL: putbackdog.cc compilation FAIL: putbackdog.cc compilation -b0 FAIL: putbackdog.cc compilation -b2 FAIL: tFile.cc compilation FAIL: tFile.cc compilation -b0 FAIL: tFile.cc compilation -b3 FAIL: tiomanip.cc compilation FAIL: tiomisc.cc compilation === libio Summary === # of expected passes 7 # of unexpected failures 11 # of expected failures 22 === libstdc++ tests === Running target unix FAIL: tcomplex.cc compilation FAIL: tcomplex.cc -O compilation FAIL: tlist.cc compilation FAIL: tlist.cc -O compilation FAIL: tmap.cc compilation FAIL: tmap.cc -O compilation FAIL: tstring.cc compilation FAIL: tstring.cc -O compilation FAIL: tvector.cc compilation FAIL: tvector.cc -O compilation === libstdc++ Summary === # of unexpected failures 10 # of expected failures 20 Compiler version: 2.96 20000527 (experimental) Platform: i686-pc-cygwin configure flags: --with-gcc-version-trigger=/src/gnu/egcs/gcc/version.c --host=i686-pc-cygwin --norecursion
Index Nav: | [Date Index] [Subject Index] [Author Index] [Thread Index] | |
---|---|---|
Message Nav: | [Date Prev] [Date Next] | [Thread Prev] [Thread Next] |