This is the mail archive of the gcc-testresults@gcc.gnu.org mailing list for the GCC project.
Index Nav: | [Date Index] [Subject Index] [Author Index] [Thread Index] | |
---|---|---|
Message Nav: | [Date Prev] [Date Next] | [Thread Prev] [Thread Next] |
Native configuration is i686-pc-linux-gnu === libio tests === Running target unix === libio Summary === # of expected passes 40 === libstdc++ tests === Running target unix === libstdc++ Summary === # of expected passes 30 === gcc tests === Running target unix FAIL: gcc.c-torture/execute/20000225-1.c execution, -O2 FAIL: gcc.c-torture/execute/20000225-1.c execution, -O3 -fomit-frame-pointer FAIL: gcc.c-torture/execute/20000225-1.c execution, -O3 -fomit-frame-pointer -funroll-loops FAIL: gcc.c-torture/execute/20000225-1.c execution, -O3 -fomit-frame-pointer -funroll-all-loops -finline-functions FAIL: gcc.c-torture/execute/20000225-1.c execution, -O3 -g FAIL: gcc.c-torture/execute/20000225-1.c execution, -Os FAIL: gcc.c-torture/execute/20000412-2.c execution, -O2 FAIL: gcc.c-torture/execute/20000412-2.c execution, -O3 -fomit-frame-pointer FAIL: gcc.c-torture/execute/20000412-2.c execution, -O3 -g FAIL: gcc.c-torture/execute/20000412-2.c execution, -Os FAIL: gcc.c-torture/execute/920501-1.c execution, -O1 FAIL: gcc.c-torture/execute/920501-1.c execution, -O2 FAIL: gcc.c-torture/execute/920501-1.c execution, -Os FAIL: gcc.c-torture/execute/990127-2.c execution, -O3 -fomit-frame-pointer FAIL: gcc.c-torture/execute/990127-2.c execution, -O3 -g FAIL: gcc.c-torture/execute/991221-1.c execution, -O1 FAIL: gcc.c-torture/execute/991221-1.c execution, -O2 FAIL: gcc.c-torture/execute/991221-1.c execution, -O3 -fomit-frame-pointer FAIL: gcc.c-torture/execute/991221-1.c execution, -O3 -g FAIL: gcc.c-torture/execute/991221-1.c execution, -Os FAIL: gcc.c-torture/execute/conversion.c execution, -O3 -fomit-frame-pointer FAIL: gcc.c-torture/execute/conversion.c execution, -O3 -g FAIL: gcc.dg/20000503-1.c (test for excess errors) FAIL: gcc.dg/991214-1.c (test for excess errors) FAIL: gcc.dg/991230-1.c (test for excess errors) FAIL: gcc.dg/compare2.c case 10 (test for bogus messages, line 29) FAIL: gcc.dg/compare2.c case 12 (test for bogus messages, line 33) FAIL: gcc.dg/cpp-tradpaste.c (test for excess errors) === gcc Summary === # of expected passes 9915 # of unexpected failures 28 # of expected failures 31 # of unsupported tests 14 /home/work/build/gnu/bin/gcc-3.0/gcc/xgcc version 2.96 20000517 (experimental) === g++ tests === Running target unix FAIL: g++.oliva/template7.C caused compiler crash FAIL: g++.pt/asm1.C (test for excess errors) FAIL: g++.pt/asm2.C (test for excess errors) === g++ Summary === # of expected passes 5852 # of unexpected failures 3 # of expected failures 92 # of untested testcases 8 /home/work/build/gnu/bin/gcc-3.0/gcc/testsuite/../g++ version 2.96 20000517 (experimental) === objc tests === Running target unix === objc Summary === # of expected passes 40 /home/work/build/gnu/bin/gcc-3.0/gcc/xgcc version 2.96 20000517 (experimental) === g77 tests === Running target unix FAIL: g77.f-torture/execute/20000503-1.f execution, -O0 FAIL: g77.f-torture/execute/20000503-1.f execution, -O1 FAIL: g77.f-torture/execute/20000503-1.f execution, -O2 FAIL: g77.f-torture/execute/20000503-1.f execution, -O2 -fomit-frame-pointer -finline-functions FAIL: g77.f-torture/execute/20000503-1.f execution, -O2 -fomit-frame-pointer -finline-functions -funroll-loops FAIL: g77.f-torture/execute/20000503-1.f execution, -O2 -fomit-frame-pointer -finline-functions -funroll-all-loops FAIL: g77.f-torture/execute/20000503-1.f execution, -Os === g77 Summary === # of expected passes 690 # of unexpected failures 7 Compiler version: 2.96 20000517 (experimental) Platform: i686-pc-linux-gnu configure flags: --with-gcc-version-trigger=/work/gnu/src/gcc-3.0/egcs/gcc/version.c --host=i686-pc-linux --enable-shared --enable-threads=posix --enable-cpp --prefix=/usr --with-local-prefix=/usr/local --norecursion
Index Nav: | [Date Index] [Subject Index] [Author Index] [Thread Index] | |
---|---|---|
Message Nav: | [Date Prev] [Date Next] | [Thread Prev] [Thread Next] |