This is the mail archive of the gcc-testresults@gcc.gnu.org mailing list for the GCC project.
Index Nav: | [Date Index] [Subject Index] [Author Index] [Thread Index] | |
---|---|---|
Message Nav: | [Date Prev] [Date Next] | [Thread Prev] [Thread Next] |
Native configuration is i686-pc-linux-gnu === gcc tests === Running target unix FAIL: gcc.c-torture/execute/20000225-1.c execution, -O2 FAIL: gcc.c-torture/execute/20000225-1.c execution, -O3 -fomit-frame-pointer FAIL: gcc.c-torture/execute/20000225-1.c execution, -O3 -fomit-frame-pointer -funroll-loops FAIL: gcc.c-torture/execute/20000225-1.c execution, -O3 -fomit-frame-pointer -funroll-all-loops -finline-functions FAIL: gcc.c-torture/execute/20000225-1.c execution, -O3 -g FAIL: gcc.c-torture/execute/20000225-1.c execution, -Os FAIL: gcc.c-torture/execute/20000412-2.c execution, -O2 FAIL: gcc.c-torture/execute/20000412-2.c execution, -O3 -fomit-frame-pointer FAIL: gcc.c-torture/execute/20000412-2.c execution, -O3 -g FAIL: gcc.c-torture/execute/20000412-2.c execution, -Os FAIL: gcc.c-torture/execute/20000419-1.c execution, -O2 FAIL: gcc.c-torture/execute/20000419-1.c execution, -Os FAIL: gcc.c-torture/execute/991221-1.c execution, -O1 FAIL: gcc.c-torture/execute/991221-1.c execution, -O2 FAIL: gcc.c-torture/execute/991221-1.c execution, -O3 -fomit-frame-pointer FAIL: gcc.c-torture/execute/991221-1.c execution, -O3 -g FAIL: gcc.c-torture/execute/991221-1.c execution, -Os FAIL: gcc.dg/20000503-1.c (test for excess errors) FAIL: gcc.dg/991214-1.c (test for excess errors) FAIL: gcc.dg/991230-1.c (test for excess errors) FAIL: gcc.dg/compare2.c case 10 (test for bogus messages, line 29) FAIL: gcc.dg/compare2.c case 12 (test for bogus messages, line 33) FAIL: gcc.dg/cpp-tradpaste.c (test for excess errors) FAIL: gcc.dg/noreturn-1.c this function should not get any warnings (test for bogus messages, line 50) FAIL: gcc.dg/noreturn-1.c detect return from tail call (test for warnings, line 57) FAIL: gcc.dg/noreturn-2.c (test for excess errors) === gcc Summary === # of expected passes 9905 # of unexpected failures 26 # of expected failures 31 # of unsupported tests 14 /work/build/gnu/bin/egcs-libstdc++v3/gcc/xgcc version 2.96 20000515 (experimental) === objc tests === Running target unix === objc Summary === # of expected passes 40 /work/build/gnu/bin/egcs-libstdc++v3/gcc/xgcc version 2.96 20000515 (experimental) === g77 tests === Running target unix FAIL: g77.f-torture/execute/20000503-1.f execution, -O0 FAIL: g77.f-torture/execute/20000503-1.f execution, -O1 FAIL: g77.f-torture/execute/20000503-1.f execution, -O2 FAIL: g77.f-torture/execute/20000503-1.f execution, -O2 -fomit-frame-pointer -finline-functions FAIL: g77.f-torture/execute/20000503-1.f execution, -O2 -fomit-frame-pointer -finline-functions -funroll-loops FAIL: g77.f-torture/execute/20000503-1.f execution, -O2 -fomit-frame-pointer -finline-functions -funroll-all-loops FAIL: g77.f-torture/execute/20000503-1.f execution, -Os FAIL: g77.f-torture/execute/short.f execution, -Os === g77 Summary === # of expected passes 689 # of unexpected failures 8 === g++ tests === Running target unix FAIL: g++.abi/ptrflags.C (test for excess errors) FAIL: g++.abi/vmihint.C (test for excess errors) FAIL: g++.benjamin/15071.C (test for excess errors) FAIL: g++.benjamin/typeid01.C (test for excess errors) FAIL: g++.brendan/copy9.C (test for excess errors) FAIL: g++.brendan/crash15.C destructor (test for errors, line 19) FAIL: g++.brendan/crash15.C (test for excess errors) FAIL: g++.brendan/crash20.C (test for excess errors) FAIL: g++.brendan/crash30.C (test for excess errors) FAIL: g++.brendan/crash38.C (test for excess errors) FAIL: g++.brendan/crash49.C return type for main (test for errors, line 9) FAIL: g++.brendan/crash49.C (test for excess errors) FAIL: g++.brendan/crash52.C ambiguates.* (test for errors, line 7) FAIL: g++.brendan/crash52.C new decl.* (test for errors, line 10) FAIL: g++.brendan/crash52.C non-void function (test for errors, line 12) FAIL: g++.brendan/crash52.C (test for excess errors) FAIL: g++.brendan/crash62.C cannot convert .die.* (test for errors, line 29) FAIL: g++.brendan/crash62.C (test for excess errors) FAIL: g++.brendan/cvt1.C comma (test for errors, line 8) FAIL: g++.brendan/cvt1.C comma (test for errors, line 18) FAIL: g++.brendan/cvt1.C (test for excess errors) FAIL: g++.brendan/err-msg3.C (test for excess errors) FAIL: g++.brendan/nest21.C (test for excess errors) FAIL: g++.brendan/new3.C (test for excess errors) FAIL: g++.brendan/ptolemy2.C (test for excess errors) FAIL: g++.brendan/rtti1.C (test for excess errors) FAIL: g++.brendan/template9.C (test for excess errors) FAIL: g++.eh/new1.C (test for excess errors) FAIL: g++.eh/new2.C (test for excess errors) FAIL: g++.eh/pdel1.C (test for excess errors) FAIL: g++.eh/pdel2.C (test for excess errors) FAIL: g++.eh/rethrow3.C (test for excess errors) FAIL: g++.eh/spec1.C (test for excess errors) FAIL: g++.eh/spec2.C (test for excess errors) FAIL: g++.eh/spec3.C (test for excess errors) FAIL: g++.eh/spec4.C (test for excess errors) FAIL: g++.jason/2371.C (test for excess errors) FAIL: g++.jason/dtor5.C (test for excess errors) FAIL: g++.jason/new.C new requires integral size (test for errors, line 22) FAIL: g++.jason/new.C (test for excess errors) FAIL: g++.jason/template24.C (test for excess errors) FAIL: g++.jason/template31.C (test for excess errors) FAIL: g++.jason/typeid1.C (test for excess errors) FAIL: g++.jason/typeid2.C (test for excess errors) FAIL: g++.law/arg1.C candidate (test for errors, line 12) FAIL: g++.law/arg1.C candidate (test for errors, line 13) FAIL: g++.law/arg1.C candidate (test for errors, line 18) FAIL: g++.law/arg1.C candidate (test for errors, line 19) FAIL: g++.law/arg1.C .* (test for errors, line 27) FAIL: g++.law/arg1.C .* (test for errors, line 28) FAIL: g++.law/arg1.C (test for excess errors) FAIL: g++.law/arg8.C (test for excess errors) FAIL: g++.law/arm12.C .* (test for errors, line 26) FAIL: g++.law/arm12.C within this (test for errors, line 36) FAIL: g++.law/arm12.C (test for excess errors) FAIL: g++.law/arm9.C candidate (test for errors, line 22) FAIL: g++.law/arm9.C .* (test for errors, line 26) FAIL: g++.law/arm9.C (test for excess errors) FAIL: g++.law/bad-error7.C (test for excess errors) FAIL: g++.law/code-gen5.C (test for excess errors) FAIL: g++.law/ctors12.C (test for excess errors) FAIL: g++.law/ctors13.C .* (test for errors, line 6) FAIL: g++.law/ctors13.C .* (test for errors, line 10) FAIL: g++.law/ctors13.C (test for excess errors) FAIL: g++.law/ctors17.C candidate (test for errors, line 14) FAIL: g++.law/ctors17.C candidate (test for errors, line 15) FAIL: g++.law/ctors6.C (test for excess errors) FAIL: g++.law/cvt16.C (test for excess errors) FAIL: g++.law/cvt2.C (test for excess errors) FAIL: g++.law/cvt7.C (test for excess errors) FAIL: g++.law/except5.C (test for excess errors) FAIL: g++.law/friend1.C (test for excess errors) FAIL: g++.law/missed-error2.C candidate (test for errors, line 11) FAIL: g++.law/missed-error2.C candidate (test for errors, line 12) FAIL: g++.law/missed-error2.C .* (test for errors, line 15) FAIL: g++.law/missed-error2.C (test for errors, line 26) FAIL: g++.law/missed-error2.C (test for excess errors) FAIL: g++.law/nest3.C (test for excess errors) FAIL: g++.law/operators27.C (test for excess errors) FAIL: g++.law/operators32.C type.*// ERROR - trying to.* (test for errors, line 52) FAIL: g++.law/operators32.C type.*// ERROR - trying to.* (test for errors, line 53) FAIL: g++.law/operators32.C (test for excess errors) FAIL: g++.law/operators4.C warning (test for errors, line 17) FAIL: g++.law/operators4.C (test for excess errors) FAIL: g++.law/vbase1.C (test for excess errors) FAIL: g++.law/virtual3.C (test for excess errors) FAIL: g++.law/visibility1.C (test for excess errors) FAIL: g++.law/visibility10.C .* (test for errors, line 13) FAIL: g++.law/visibility10.C (test for excess errors) FAIL: g++.law/visibility13.C .struct Array_RC redecl.* (test for errors, line 17) FAIL: g++.law/visibility13.C private (test for errors, line 26) FAIL: g++.law/visibility13.C private (test for errors, line 27) FAIL: g++.law/visibility13.C previous declaration.* (test for errors, line 66) FAIL: g++.law/visibility13.C member .size.* (test for errors, line 77) FAIL: g++.law/visibility13.C member .ia.* (test for errors, line 78) FAIL: g++.law/visibility13.C instantiated from here (test for errors, line 100) FAIL: g++.law/visibility13.C (test for excess errors) FAIL: g++.law/visibility17.C private (test for errors, line 34) FAIL: g++.law/visibility17.C private (test for errors, line 39) FAIL: g++.law/visibility17.C .* (test for errors, line 45) FAIL: g++.law/visibility17.C .* (test for errors, line 50) FAIL: g++.law/visibility17.C (test for excess errors) FAIL: g++.law/visibility2.C (test for excess errors) FAIL: g++.law/visibility22.C (test for excess errors) FAIL: g++.law/visibility25.C (test for excess errors) FAIL: g++.law/visibility7.C private (test for errors, line 19) FAIL: g++.law/visibility7.C .* (test for errors, line 56) FAIL: g++.law/visibility7.C .* (test for errors, line 58) FAIL: g++.law/weak.C (test for excess errors) FAIL: g++.martin/bitset1.C (test for excess errors) FAIL: g++.martin/new1.C (test for excess errors) FAIL: g++.mike/dyncast6.C opps (test for errors, line 11) FAIL: g++.mike/dyncast6.C (test for excess errors) FAIL: g++.mike/dyncast8.C (test for excess errors) FAIL: g++.mike/eh2.C (test for excess errors) FAIL: g++.mike/memoize1.C (test for excess errors) FAIL: g++.mike/net34.C (test for excess errors) FAIL: g++.mike/net46.C (test for excess errors) FAIL: g++.mike/p658.C (test for excess errors) FAIL: g++.mike/p755.C (test for excess errors) FAIL: g++.mike/p755a.C Execution test FAIL: g++.mike/p9706.C Execution test FAIL: g++.mike/rtti1.C (test for excess errors) FAIL: g++.mike/rtti2.C (test for excess errors) FAIL: g++.ns/new1.C (test for excess errors) FAIL: g++.ns/using4.C vector is not a namespace (test for errors, line 4) FAIL: g++.ns/using4.C (test for excess errors) FAIL: g++.ns/using6.C (test for excess errors) FAIL: g++.oliva/delete2.C (test for excess errors) FAIL: g++.oliva/delete3.C (test for excess errors) FAIL: g++.oliva/delete4.C (test for excess errors) FAIL: g++.oliva/delete5.C (test for excess errors) FAIL: g++.oliva/new1.C (test for excess errors) FAIL: g++.oliva/template7.C caused compiler crash FAIL: g++.other/delete3.C (test for excess errors) FAIL: g++.other/dtor1.C (test for excess errors) FAIL: g++.other/init9.C jump from here (test for errors, line 16) FAIL: g++.other/init9.C jump crosses initialization (test for errors, line 17) FAIL: g++.other/init9.C jump to here (test for errors, line 18) FAIL: g++.other/init9.C jump from here (test for errors, line 27) FAIL: g++.other/init9.C jump crosses initialization (test for errors, line 28) FAIL: g++.other/init9.C jump to here (test for errors, line 29) FAIL: g++.other/init9.C jump from here (test for errors, line 36) FAIL: g++.other/init9.C jump crosses initialization (test for errors, line 37) FAIL: g++.other/init9.C (test for excess errors) FAIL: g++.other/inline2.C (test for excess errors) FAIL: g++.other/inline7.C (test for excess errors) FAIL: g++.other/inline8.C (test for excess errors) FAIL: g++.other/new3.C Execution test FAIL: g++.other/null1.C converting NULL to non-pointer type (test for warnings, line 25) FAIL: g++.other/null1.C converting NULL to non-pointer type (test for warnings, line 26) FAIL: g++.other/null1.C NULL used in arithmetic (test for warnings, line 29) FAIL: g++.other/null1.C NULL used in arithmetic (test for warnings, line 30) FAIL: g++.other/null1.C converting NULL to non-pointer type (test for warnings, line 33) FAIL: g++.other/null1.C converting NULL to non-pointer type (test for warnings, line 34) FAIL: g++.other/null1.C converting NULL to non-pointer type (test for warnings, line 35) FAIL: g++.other/null1.C converting NULL to non-pointer-type (test for warnings, line 36) FAIL: g++.other/null1.C converting NULL to non-pointer type (test for warnings, line 37) FAIL: g++.other/null1.C converting NULL to int (test for warnings, line 39) FAIL: g++.other/null1.C converting NULL to int (test for warnings, line 40) FAIL: g++.other/null1.C NULL bound to integer template parameter (test for warnings, line 41) FAIL: g++.other/null1.C converting NULL to int (test for warnings, line 42) FAIL: g++.other/null1.C (test for excess errors) FAIL: g++.other/null2.C (test for excess errors) FAIL: g++.other/typeinfo1.C (test for excess errors) FAIL: g++.pt/memclass4.C (test for excess errors) FAIL: g++.pt/spec30.C (test for excess errors) FAIL: g++.pt/ttp19.C (test for excess errors) FAIL: g++.pt/ttp40.C (test for excess errors) FAIL: g++.robertl/eb109.C no index operator (test for errors, line 48) FAIL: g++.robertl/eb109.C no index operator (test for errors, line 49) FAIL: g++.robertl/eb109.C no index operator (test for errors, line 54) FAIL: g++.robertl/eb109.C no bool constructor (test for errors, line 65) FAIL: g++.robertl/eb109.C (test for excess errors) FAIL: g++.robertl/eb113.C (test for excess errors) FAIL: g++.robertl/eb115.C (test for excess errors) FAIL: g++.robertl/eb118.C (test for excess errors) FAIL: g++.robertl/eb124.C (test for excess errors) FAIL: g++.robertl/eb127.C should use this->* (test for errors, line 49) FAIL: g++.robertl/eb127.C (test for excess errors) FAIL: g++.robertl/eb129.C (test for errors, line 19) FAIL: g++.robertl/eb129.C (test for excess errors) FAIL: g++.robertl/eb130.C (test for excess errors) FAIL: g++.robertl/eb132.C (test for excess errors) FAIL: g++.robertl/eb133.C (test for excess errors) FAIL: g++.robertl/eb15.C (test for excess errors) FAIL: g++.robertl/eb21.C (test for excess errors) FAIL: g++.robertl/eb24.C (test for excess errors) FAIL: g++.robertl/eb27.C (test for excess errors) FAIL: g++.robertl/eb28.C (test for excess errors) FAIL: g++.robertl/eb29.C (test for excess errors) FAIL: g++.robertl/eb3.C (test for excess errors) FAIL: g++.robertl/eb30.C (test for excess errors) FAIL: g++.robertl/eb31.C (test for excess errors) FAIL: g++.robertl/eb33.C (test for excess errors) FAIL: g++.robertl/eb36.C default arg for member template (test for errors, line 15) FAIL: g++.robertl/eb36.C (test for excess errors) FAIL: g++.robertl/eb39.C (test for excess errors) FAIL: g++.robertl/eb4.C referenced below (test for errors, line 9) FAIL: g++.robertl/eb4.C illegal member syntax (test for errors, line 32) FAIL: g++.robertl/eb4.C abstract class (test for errors, line 40) FAIL: g++.robertl/eb4.C incomplete class (test for errors, line 41) FAIL: g++.robertl/eb4.C dfs not declared (test for errors, line 46) FAIL: g++.robertl/eb4.C (test for excess errors) FAIL: g++.robertl/eb41.C (test for excess errors) FAIL: g++.robertl/eb43.C constructor is explicit (test for errors, line 27) FAIL: g++.robertl/eb43.C (test for excess errors) FAIL: g++.robertl/eb44.C (test for warnings, line 13) FAIL: g++.robertl/eb44.C (test for excess errors) FAIL: g++.robertl/eb46.C (test for excess errors) FAIL: g++.robertl/eb54.C (test for excess errors) FAIL: g++.robertl/eb55.C inaccessible copy constructor (test for errors, line 10) FAIL: g++.robertl/eb57.C (test for excess errors) FAIL: g++.robertl/eb59.C (test for excess errors) FAIL: g++.robertl/eb60.C (test for excess errors) FAIL: g++.robertl/eb62.C (test for excess errors) FAIL: g++.robertl/eb65.C (test for excess errors) FAIL: g++.robertl/eb66.C (test for excess errors) FAIL: g++.robertl/eb69.C (test for excess errors) FAIL: g++.robertl/eb7.C (test for excess errors) FAIL: g++.robertl/eb73.C (test for excess errors) FAIL: g++.robertl/eb77.C (test for excess errors) FAIL: g++.robertl/eb79.C bogus code (test for errors, line 11) FAIL: g++.robertl/eb79.C (test for excess errors) FAIL: g++.robertl/eb80.C (test for excess errors) FAIL: g++.robertl/eb91.C (test for excess errors) FAIL: g++.warn/iomanip.C (test for excess errors) === g++ Summary === # of expected passes 5551 # of unexpected failures 227 # of expected failures 163 # of untested testcases 8 /work/build/gnu/bin/egcs-libstdc++v3/gcc/testsuite/../g++ version 2.96 20000515 (experimental) Compiler version: 2.96 20000515 (experimental) Platform: i686-pc-linux-gnu configure flags: --with-gcc-version-trigger=/work/gnu/src/egcs/gcc/version.c --host=i686-pc-linux --enable-shared --enable-threads=posix --enable-libstdcxx-v3 --enable-cpp --prefix=/usr --with-local-prefix=/usr/local --norecursion
Index Nav: | [Date Index] [Subject Index] [Author Index] [Thread Index] | |
---|---|---|
Message Nav: | [Date Prev] [Date Next] | [Thread Prev] [Thread Next] |