This is the mail archive of the
gcc-testresults@gcc.gnu.org
mailing list for the GCC project.
Results for 2.96 20000508 (experimental) testsuite on mips-sgi-irix5.2
- To: gcc-testresults at gcc dot gnu dot org
- Subject: Results for 2.96 20000508 (experimental) testsuite on mips-sgi-irix5.2
- From: Alexandre Oliva <oliva at lsd dot ic dot unicamp dot br>
- Date: Mon, 15 May 2000 15:47:11 -0300
Native configuration is mips-sgi-irix5.2
=== binutils tests ===
Running target unix
=== binutils Summary ===
# of expected passes 22
# of untested testcases 4
=== g++ tests ===
Running target unix
FAIL: g++.ext/attrib5.C (test for excess errors)
FAIL: g++.jason/template31.C (test for excess errors)
FAIL: g++.oliva/template7.C caused compiler crash
FAIL: g++.other/inline7.C (test for excess errors)
FAIL: g++.other/inline8.C (test for excess errors)
FAIL: g++.other/new3.C Execution test
FAIL: g++.other/vaarg1.C (test for excess errors)
FAIL: g++.pt/static3.C (test for excess errors)
FAIL: g++.pt/static6.C (test for excess errors)
FAIL: g++.pt/ttp19.C (test for excess errors)
FAIL: g++.robertl/eb101.C (test for excess errors)
FAIL: g++.robertl/eb109.C candidates (test for errors, line 20)
FAIL: g++.robertl/eb109.C no size function (test for errors, line 42)
FAIL: g++.robertl/eb109.C no index operator (test for errors, line 44)
FAIL: g++.robertl/eb109.C no index operator (test for errors, line 48)
FAIL: g++.robertl/eb109.C no index operator (test for errors, line 49)
FAIL: g++.robertl/eb109.C no index operator (test for errors, line 54)
FAIL: g++.robertl/eb109.C no bool constructor (test for errors, line 65)
FAIL: g++.robertl/eb109.C (test for excess errors)
FAIL: g++.robertl/eb127.C should use this->* (test for errors, line 49)
FAIL: g++.robertl/eb127.C (test for excess errors)
FAIL: g++.robertl/eb129.C (test for errors, line 19)
FAIL: g++.robertl/eb129.C (test for excess errors)
FAIL: g++.robertl/eb130.C (test for excess errors)
FAIL: g++.robertl/eb132.C (test for excess errors)
FAIL: g++.robertl/eb21.C (test for excess errors)
FAIL: g++.robertl/eb28.C (test for excess errors)
FAIL: g++.robertl/eb29.C (test for excess errors)
FAIL: g++.robertl/eb41.C (test for excess errors)
FAIL: g++.robertl/eb43.C constructor is explicit (test for errors, line 27)
FAIL: g++.robertl/eb43.C (test for excess errors)
FAIL: g++.robertl/eb59.C (test for excess errors)
FAIL: g++.robertl/eb7.C (test for excess errors)
FAIL: g++.robertl/eb73.C (test for excess errors)
=== g++ Summary ===
# of expected passes 5783
# of unexpected failures 34
# of expected failures 105
# of untested testcases 18
/tmp/egcs/gcc/testsuite/../g++ version 2.96 20000508 (experimental)
=== g77 tests ===
Running target unix
FAIL: g77.f-torture/execute/20000503-1.f execution, -O0
FAIL: g77.f-torture/execute/20000503-1.f execution, -O1
FAIL: g77.f-torture/execute/20000503-1.f execution, -O2
FAIL: g77.f-torture/execute/20000503-1.f execution, -O2 -fomit-frame-pointer -finline-functions
FAIL: g77.f-torture/execute/20000503-1.f execution, -O2 -fomit-frame-pointer -finline-functions -funroll-loops
FAIL: g77.f-torture/execute/20000503-1.f execution, -O2 -fomit-frame-pointer -finline-functions -funroll-all-loops
FAIL: g77.f-torture/execute/20000503-1.f execution, -Os
FAIL: g77.f-torture/execute/short.f execution, -Os
FAIL: g77.f-torture/execute/u77-test.f execution, -O0
FAIL: g77.f-torture/execute/u77-test.f execution, -O1
FAIL: g77.f-torture/execute/u77-test.f execution, -O2
FAIL: g77.f-torture/execute/u77-test.f execution, -O2 -fomit-frame-pointer -finline-functions
FAIL: g77.f-torture/execute/u77-test.f execution, -O2 -fomit-frame-pointer -finline-functions -funroll-loops
FAIL: g77.f-torture/execute/u77-test.f execution, -O2 -fomit-frame-pointer -finline-functions -funroll-all-loops
FAIL: g77.f-torture/execute/u77-test.f execution, -Os
=== g77 Summary ===
# of expected passes 668
# of unexpected failures 15
=== gas tests ===
Running target unix
FAIL: MIPS la-svr4pic
FAIL: MIPS la-xgot
FAIL: mips16
FAIL: assembly line numbers
FAIL: sync instructions
FAIL: ELF e_flags: nothing special
FAIL: ELF e_flags: -m4650
FAIL: ELF e_flags: -mcpu=4650
FAIL: ELF e_flags: -m4650 -mcpu=4650
FAIL: MIPS ELF reloc
FAIL: MIPS ELF reloc 2 (32-bit)
FAIL: MIPS empic
FAIL: MIPS16 reloc
=== gas Summary ===
# of expected passes 103
# of unexpected failures 13
# of expected failures 1
=== gcc tests ===
Running target unix
FAIL: gcc.c-torture/compile/950612-1.c, -O0
FAIL: gcc.c-torture/execute/20000225-1.c execution, -O2
FAIL: gcc.c-torture/execute/20000225-1.c execution, -O3 -fomit-frame-pointer
FAIL: gcc.c-torture/execute/20000225-1.c execution, -O3 -fomit-frame-pointer -funroll-loops
FAIL: gcc.c-torture/execute/20000225-1.c execution, -O3 -fomit-frame-pointer -funroll-all-loops -finline-functions
FAIL: gcc.c-torture/execute/20000225-1.c execution, -O3 -g
FAIL: gcc.c-torture/execute/20000225-1.c execution, -Os
FAIL: gcc.c-torture/execute/20000412-2.c execution, -O2
FAIL: gcc.c-torture/execute/20000412-2.c execution, -O3 -fomit-frame-pointer
FAIL: gcc.c-torture/execute/20000412-2.c execution, -O3 -g
FAIL: gcc.c-torture/execute/20000412-2.c execution, -Os
FAIL: gcc.c-torture/execute/20000412-3.c execution, -O0
FAIL: gcc.c-torture/execute/950607-2.c compilation, -O0
FAIL: gcc.c-torture/execute/950704-1.c compilation, -O0
FAIL: gcc.c-torture/execute/991221-1.c execution, -O1
FAIL: gcc.c-torture/execute/991221-1.c execution, -O2
FAIL: gcc.c-torture/execute/991221-1.c execution, -O3 -fomit-frame-pointer
FAIL: gcc.c-torture/execute/991221-1.c execution, -O3 -g
FAIL: gcc.c-torture/execute/991221-1.c execution, -Os
FAIL: gcc.c-torture/execute/memcpy-bi.c compilation, -O3 -fomit-frame-pointer
FAIL: gcc.c-torture/execute/memcpy-bi.c compilation, -O3 -fomit-frame-pointer -funroll-loops
FAIL: gcc.c-torture/execute/memcpy-bi.c compilation, -O3 -fomit-frame-pointer -funroll-all-loops -finline-functions
FAIL: gcc.c-torture/execute/memcpy-bi.c compilation, -O3 -g
FAIL: gcc.c-torture/execute/tstdi-1.c compilation, -O0
FAIL: gcc.c-torture/execute/ieee/fp-cmp-4.c compilation, -O0
FAIL: gcc.c-torture/execute/ieee/fp-cmp-4.c compilation, -O1
FAIL: gcc.c-torture/execute/ieee/fp-cmp-4.c compilation, -O2
FAIL: gcc.c-torture/execute/ieee/fp-cmp-4.c compilation, -O3 -fomit-frame-pointer
FAIL: gcc.c-torture/execute/ieee/fp-cmp-4.c compilation, -O3 -fomit-frame-pointer -funroll-loops
FAIL: gcc.c-torture/execute/ieee/fp-cmp-4.c compilation, -O3 -fomit-frame-pointer -funroll-all-loops -finline-functions
FAIL: gcc.c-torture/execute/ieee/fp-cmp-4.c compilation, -O3 -g
FAIL: gcc.c-torture/execute/ieee/fp-cmp-4.c compilation, -Os
XPASS: gcc.c-torture/execute/memcheck/blkarg.c execution, -O0
XPASS: gcc.c-torture/execute/memcheck/blkarg.c execution, -O1
XPASS: gcc.c-torture/execute/memcheck/blkarg.c execution, -O2
XPASS: gcc.c-torture/execute/memcheck/blkarg.c execution, -Os
FAIL: gcc.c-torture/unsorted/cc.c, -O0
FAIL: gcc.dg/20000419-2.c (test for excess errors)
FAIL: gcc.dg/compare2.c case 10 (test for bogus messages, line 29)
FAIL: gcc.dg/compare2.c case 12 (test for bogus messages, line 33)
FAIL: gcc.dg/cpp-tradpaste.c (test for excess errors)
FAIL: gcc.dg/special/weak-1.c (test for excess errors)
FAIL: gcc.dg/special/weak-1.c execution test
FAIL: gcc.dg/special/weak-2.c (test for excess errors)
FAIL: gcc.dg/special/weak-2.c execution test
FAIL: alias-1.c
FAIL: wkali-1.c
FAIL: wkali-2a.o
=== gcc Summary ===
# of expected passes 9788
# of unexpected failures 44
# of unexpected successes 4
# of expected failures 27
# of unresolved testcases 15
# of unsupported tests 34
/tmp/egcs/gcc/xgcc version 2.96 20000508 (experimental)
=== libg++ tests ===
Running target unix
FAIL: tBag.cc compilation
FAIL: tBitString.cc compilation
FAIL: tRational.cc compilation
FAIL: tFix.cc compilation
FAIL: tInteger.cc compilation
FAIL: tMap.cc compilation
FAIL: tPlex.cc compilation
FAIL: tSet.cc compilation
FAIL: tString.cc compilation
=== libg++ Summary ===
# of expected passes 45
# of unexpected failures 9
# of expected failures 18
=== libio tests ===
Running target unix
FAIL: tFile.cc compilation
FAIL: tFile.cc compilation -b0
FAIL: tFile.cc compilation -b3
FAIL: tfformat.c compilation
FAIL: tiformat.c compilation
FAIL: tiomisc.cc compilation
=== libio Summary ===
# of expected passes 24
# of unexpected failures 6
# of expected failures 10
=== libstdc++ tests ===
Running target unix
FAIL: tcomplex.cc compilation
FAIL: tcomplex.cc -O compilation
FAIL: tlist.cc compilation
FAIL: tlist.cc -O compilation
FAIL: tmap.cc compilation
FAIL: tmap.cc -O compilation
FAIL: tstring.cc compilation
FAIL: tstring.cc -O compilation
FAIL: tvector.cc compilation
FAIL: tvector.cc -O compilation
=== libstdc++ Summary ===
# of unexpected failures 10
# of expected failures 20
=== objc tests ===
Running target unix
=== objc Summary ===
# of expected passes 40
/tmp/egcs/gcc/xgcc version 2.96 20000508 (experimental)
Compiler version: 2.96 20000508 (experimental)
Platform: mips-sgi-irix5.2
BOOT_CFLAGS: -g -O9 -W -Wall
Counting all warnings,
there are 168 warnings in stage3 of this bootstrap.
Number of warnings per file:
27 /home/phd/oliva/src/egcs/gcc/combine.c
23 /home/phd/oliva/src/egcs/gcc/genopinit.c
17 /home/phd/oliva/src/egcs/gcc/config/mips/mips.c
11 /home/phd/oliva/src/egcs/gcc/simplify-rtx.c
11 /home/phd/oliva/src/egcs/gcc/expr.c
10 /home/phd/oliva/src/egcs/gcc/config/mips/mips.md
6 /tmp/egcs/gcc/include/signal.h
6 /home/phd/oliva/src/egcs/gcc/cse.c
5 /home/phd/oliva/src/egcs/gcc/scan-decls.c
4 /home/phd/oliva/src/egcs/librx/rx.c
4 /home/phd/oliva/src/egcs/libiberty/setenv.c
4 /home/phd/oliva/src/egcs/libiberty/getopt.c
4 /home/phd/oliva/src/egcs/libg++/src/AllocRing.cc
3 /home/phd/oliva/src/egcs/gcc/cpplex.c
2 /home/phd/oliva/src/egcs/libiberty/vfork.c
2 /home/phd/oliva/src/egcs/gcc/regrename.c
2 /home/phd/oliva/src/egcs/gcc/regmove.c
2 /home/phd/oliva/src/egcs/gcc/ifcvt.c
2 /home/phd/oliva/src/egcs/gcc/genrecog.c
2 /home/phd/oliva/src/egcs/gcc/function.c
2 /home/phd/oliva/src/egcs/gcc/fold-const.c
2 /home/phd/oliva/src/egcs/gcc/fix-header.c
2 /home/phd/oliva/src/egcs/gcc/calls.c
2 /home/phd/oliva/src/egcs/gcc/alias.c
1 /home/phd/oliva/src/egcs/gcc/varasm.c
1 /home/phd/oliva/src/egcs/gcc/sdbout.c
1 /home/phd/oliva/src/egcs/gcc/reload1.c
1 /home/phd/oliva/src/egcs/gcc/loop.c
1 /home/phd/oliva/src/egcs/gcc/java/jcf-write.c
1 /home/phd/oliva/src/egcs/gcc/gensupport.c
1 /home/phd/oliva/src/egcs/gcc/gcse.c
1 /home/phd/oliva/src/egcs/gcc/f/expr.c
1 /home/phd/oliva/src/egcs/gcc/expmed.c
1 /home/phd/oliva/src/egcs/gcc/cp/cfns.h
1 /home/phd/oliva/src/egcs/gcc/ch/grant.c
1 /home/phd/oliva/src/egcs/gcc/bb-reorder.c
1 ./parse.y
Number of warning types:
56 comparison between signed and unsigned
23 unknown escape sequence `???'
17 pointer targets in passing arg ??? of `???' differ in signedness
16 signed and unsigned type in conditional expression
12 `???' might be used uninitialized in this function
6 operand 1 missing mode?
5 unused parameter `???'
4 operand 0 missing mode?
4 comparison of distinct pointer types lacks a cast
4 `???' is not a pointer-to-object type
3 unused variable `???'
2 trigraph ??/ ignored
2 suggest explicit braces to avoid ambiguous `else'
2 pointer targets in assignment differ in signedness
2 parameter has incomplete type
2 its scope is only this definition or declaration, which is probably not what you want.
2 implicit declaration of function `???'
2 `???' declared inside parameter list
1 trigraph ??= ignored
1 pointer targets in initialization differ in signedness
1 assignment from incompatible pointer type
1 assignment discards qualifiers from pointer target type