This is the mail archive of the
gcc-testresults@gcc.gnu.org
mailing list for the GCC project.
Results for 2.96 20000501 (experimental) testsuite on alpha-dec-osf4.0e
- To: gcc-testresults at gcc dot gnu dot org
- Subject: Results for 2.96 20000501 (experimental) testsuite on alpha-dec-osf4.0e
- From: Rodney Brown <rdb at localhost>
- Date: Thu, 4 May 2000 00:02:44 +1000
Native configuration is alpha-dec-osf4.0e
=== libio tests ===
Running target unix
FAIL: hounddog.cc compilation
FAIL: hounddog.cc compilation -b0
FAIL: hounddog.cc compilation -b2
FAIL: putbackdog.cc compilation
FAIL: putbackdog.cc compilation -b0
FAIL: putbackdog.cc compilation -b2
FAIL: tFile.cc compilation
FAIL: tFile.cc compilation -b0
FAIL: tFile.cc compilation -b3
FAIL: tiomanip.cc compilation
=== libio Summary ===
# of expected passes 10
# of unexpected failures 10
# of expected failures 20
=== libstdc++ tests ===
Running target unix
FAIL: tcomplex.cc compilation
FAIL: tcomplex.cc -O compilation
FAIL: tlist.cc compilation
FAIL: tlist.cc -O compilation
FAIL: tmap.cc compilation
FAIL: tmap.cc -O compilation
FAIL: tstring.cc compilation
FAIL: tstring.cc -O compilation
FAIL: tvector.cc compilation
FAIL: tvector.cc -O compilation
=== libstdc++ Summary ===
# of unexpected failures 10
# of expected failures 20
=== gcc tests ===
Running target unix
FAIL: gcc.c-torture/execute/930529-1.c execution, -O3 -fomit-frame-pointer
FAIL: gcc.c-torture/execute/930529-1.c execution, -O3 -fomit-frame-pointer -funroll-loops
FAIL: gcc.c-torture/execute/930529-1.c execution, -O3 -fomit-frame-pointer -funroll-all-loops -finline-functions
FAIL: gcc.c-torture/execute/930529-1.c execution, -O3 -g
FAIL: gcc.c-torture/execute/990811-1.c execution, -O3 -fomit-frame-pointer
FAIL: gcc.c-torture/execute/990811-1.c execution, -O3 -fomit-frame-pointer -funroll-loops
FAIL: gcc.c-torture/execute/990811-1.c execution, -O3 -fomit-frame-pointer -funroll-all-loops -finline-functions
FAIL: gcc.c-torture/execute/990811-1.c execution, -O3 -g
FAIL: gcc.c-torture/execute/ieee/20000320-1.c execution, -O0
FAIL: gcc.c-torture/execute/ieee/20000320-1.c execution, -O1
FAIL: gcc.c-torture/execute/ieee/20000320-1.c execution, -O2
FAIL: gcc.c-torture/execute/ieee/20000320-1.c execution, -O3 -fomit-frame-pointer
FAIL: gcc.c-torture/execute/ieee/20000320-1.c execution, -O3 -g
FAIL: gcc.c-torture/execute/ieee/20000320-1.c execution, -Os
FAIL: gcc.c-torture/execute/ieee/fp-cmp-2.c execution, -O0
FAIL: gcc.c-torture/execute/ieee/fp-cmp-2.c execution, -O1
FAIL: gcc.c-torture/execute/ieee/fp-cmp-2.c execution, -O2
FAIL: gcc.c-torture/execute/ieee/fp-cmp-2.c execution, -O3 -fomit-frame-pointer
FAIL: gcc.c-torture/execute/ieee/fp-cmp-2.c execution, -O3 -fomit-frame-pointer -funroll-loops
FAIL: gcc.c-torture/execute/ieee/fp-cmp-2.c execution, -O3 -fomit-frame-pointer -funroll-all-loops -finline-functions
FAIL: gcc.c-torture/execute/ieee/fp-cmp-2.c execution, -O3 -g
FAIL: gcc.c-torture/execute/ieee/fp-cmp-2.c execution, -Os
FAIL: gcc.c-torture/execute/ieee/fp-cmp-4.c execution, -O0
FAIL: gcc.c-torture/execute/ieee/fp-cmp-4.c execution, -O1
FAIL: gcc.c-torture/execute/ieee/fp-cmp-4.c execution, -O2
FAIL: gcc.c-torture/execute/ieee/fp-cmp-4.c execution, -O3 -fomit-frame-pointer
FAIL: gcc.c-torture/execute/ieee/fp-cmp-4.c execution, -O3 -fomit-frame-pointer -funroll-loops
FAIL: gcc.c-torture/execute/ieee/fp-cmp-4.c execution, -O3 -fomit-frame-pointer -funroll-all-loops -finline-functions
FAIL: gcc.c-torture/execute/ieee/fp-cmp-4.c execution, -O3 -g
FAIL: gcc.c-torture/execute/ieee/fp-cmp-4.c execution, -Os
FAIL: gcc.c-torture/execute/ieee/mzero2.c execution, -O0
FAIL: gcc.c-torture/execute/ieee/mzero2.c execution, -O1
FAIL: gcc.c-torture/execute/ieee/mzero2.c execution, -O2
FAIL: gcc.c-torture/execute/ieee/mzero2.c execution, -O3 -fomit-frame-pointer
FAIL: gcc.c-torture/execute/ieee/mzero2.c execution, -O3 -g
FAIL: gcc.c-torture/execute/ieee/mzero2.c execution, -Os
XPASS: gcc.c-torture/execute/memcheck/blkarg.c execution, -O0
XPASS: gcc.c-torture/execute/memcheck/blkarg.c execution, -O1
XPASS: gcc.c-torture/execute/memcheck/blkarg.c execution, -O2
XPASS: gcc.c-torture/execute/memcheck/blkarg.c execution, -Os
FAIL: gcc.dg/20000419-2.c (test for excess errors)
FAIL: gcc.dg/compare2.c case 10 (test for bogus messages, line 29)
FAIL: gcc.dg/compare2.c case 12 (test for bogus messages, line 33)
FAIL: gcc.dg/noreturn-1.c this function should not get any warnings (test for bogus messages, line 50)
FAIL: gcc.dg/noreturn-1.c detect return from tail call (test for warnings, line 57)
=== gcc Summary ===
# of expected passes 9770
# of unexpected failures 41
# of unexpected successes 4
# of expected failures 27
# of unresolved testcases 3
# of unsupported tests 34
/user/rand/rdb/src/egcs-20000501.obj/gcc/xgcc version 2.96 20000501 (experimental)
=== g++ tests ===
Running target unix
FAIL: g++.benjamin/15071.C (test for excess errors)
FAIL: g++.brendan/code-gen2.C (test for excess errors)
FAIL: g++.brendan/copy9.C (test for excess errors)
FAIL: g++.brendan/crash15.C (test for excess errors)
FAIL: g++.brendan/crash30.C (test for excess errors)
FAIL: g++.brendan/crash38.C (test for excess errors)
FAIL: g++.brendan/crash49.C (test for excess errors)
FAIL: g++.brendan/crash52.C (test for excess errors)
FAIL: g++.brendan/crash62.C (test for excess errors)
FAIL: g++.brendan/cvt1.C (test for excess errors)
FAIL: g++.brendan/err-msg3.C (test for excess errors)
FAIL: g++.brendan/nest21.C (test for excess errors)
FAIL: g++.brendan/ptolemy2.C (test for excess errors)
FAIL: g++.brendan/template9.C (test for excess errors)
FAIL: g++.jason/2371.C (test for excess errors)
FAIL: g++.jason/template24.C (test for excess errors)
FAIL: g++.jason/template31.C (test for excess errors)
FAIL: g++.jason/typeid1.C (test for excess errors)
FAIL: g++.law/arg1.C (test for excess errors)
FAIL: g++.law/arg8.C (test for excess errors)
FAIL: g++.law/arm12.C (test for excess errors)
FAIL: g++.law/arm9.C (test for excess errors)
FAIL: g++.law/bad-error7.C (test for excess errors)
FAIL: g++.law/code-gen5.C (test for excess errors)
FAIL: g++.law/ctors10.C (test for excess errors)
FAIL: g++.law/ctors12.C (test for excess errors)
FAIL: g++.law/ctors13.C (test for excess errors)
FAIL: g++.law/ctors17.C (test for excess errors)
FAIL: g++.law/cvt16.C (test for excess errors)
FAIL: g++.law/cvt2.C (test for excess errors)
FAIL: g++.law/cvt7.C (test for excess errors)
FAIL: g++.law/except5.C (test for excess errors)
FAIL: g++.law/missed-error2.C (test for excess errors)
FAIL: g++.law/nest3.C (test for excess errors)
FAIL: g++.law/operators32.C (test for excess errors)
FAIL: g++.law/vbase1.C (test for excess errors)
FAIL: g++.law/virtual3.C (test for excess errors)
FAIL: g++.law/visibility1.C (test for excess errors)
FAIL: g++.law/visibility10.C (test for excess errors)
FAIL: g++.law/visibility13.C (test for excess errors)
FAIL: g++.law/visibility17.C (test for excess errors)
FAIL: g++.law/visibility2.C (test for excess errors)
FAIL: g++.law/visibility22.C (test for excess errors)
FAIL: g++.law/visibility25.C (test for excess errors)
FAIL: g++.law/visibility7.C (test for excess errors)
FAIL: g++.martin/bitset1.C (test for excess errors)
FAIL: g++.mike/dyncast7.C (test for excess errors)
FAIL: g++.mike/eh13.C (test for excess errors)
FAIL: g++.mike/eh2.C (test for excess errors)
FAIL: g++.mike/memoize1.C (test for excess errors)
FAIL: g++.mike/net34.C (test for excess errors)
FAIL: g++.mike/net46.C (test for excess errors)
FAIL: g++.mike/p658.C (test for excess errors)
FAIL: g++.mike/rtti1.C (test for excess errors)
FAIL: g++.mike/warn1.C (test for excess errors)
FAIL: g++.ns/using4.C (test for excess errors)
FAIL: g++.ns/using6.C (test for excess errors)
FAIL: g++.oliva/template7.C caused compiler crash
FAIL: g++.other/init9.C (test for excess errors)
FAIL: g++.other/inline7.C (test for excess errors)
FAIL: g++.other/inline8.C (test for excess errors)
FAIL: g++.pt/local1.C (test for excess errors)
FAIL: g++.pt/local7.C (test for excess errors)
FAIL: g++.pt/spec16.C (test for excess errors)
FAIL: g++.pt/static6.C (test for excess errors)
FAIL: g++.pt/ttp19.C (test for excess errors)
FAIL: g++.pt/ttp40.C (test for excess errors)
FAIL: g++.robertl/eb101.C (test for excess errors)
FAIL: g++.robertl/eb109.C (test for excess errors)
FAIL: g++.robertl/eb113.C (test for excess errors)
FAIL: g++.robertl/eb115.C (test for excess errors)
FAIL: g++.robertl/eb118.C (test for excess errors)
FAIL: g++.robertl/eb124.C (test for excess errors)
FAIL: g++.robertl/eb127.C (test for excess errors)
FAIL: g++.robertl/eb129.C (test for excess errors)
FAIL: g++.robertl/eb130.C (test for excess errors)
FAIL: g++.robertl/eb132.C (test for excess errors)
FAIL: g++.robertl/eb15.C (test for excess errors)
FAIL: g++.robertl/eb21.C (test for excess errors)
FAIL: g++.robertl/eb24.C (test for excess errors)
FAIL: g++.robertl/eb27.C (test for excess errors)
FAIL: g++.robertl/eb28.C (test for excess errors)
FAIL: g++.robertl/eb29.C (test for excess errors)
FAIL: g++.robertl/eb30.C (test for excess errors)
FAIL: g++.robertl/eb31.C (test for excess errors)
FAIL: g++.robertl/eb33.C (test for excess errors)
FAIL: g++.robertl/eb36.C (test for excess errors)
FAIL: g++.robertl/eb39.C (test for excess errors)
FAIL: g++.robertl/eb4.C (test for excess errors)
FAIL: g++.robertl/eb41.C (test for excess errors)
FAIL: g++.robertl/eb43.C (test for excess errors)
FAIL: g++.robertl/eb44.C (test for excess errors)
FAIL: g++.robertl/eb46.C (test for excess errors)
FAIL: g++.robertl/eb54.C (test for excess errors)
FAIL: g++.robertl/eb59.C (test for excess errors)
FAIL: g++.robertl/eb60.C (test for excess errors)
FAIL: g++.robertl/eb62.C (test for excess errors)
FAIL: g++.robertl/eb65.C (test for excess errors)
FAIL: g++.robertl/eb66.C (test for excess errors)
FAIL: g++.robertl/eb69.C (test for excess errors)
FAIL: g++.robertl/eb7.C (test for excess errors)
FAIL: g++.robertl/eb73.C (test for excess errors)
FAIL: g++.robertl/eb77.C (test for excess errors)
FAIL: g++.robertl/eb79.C (test for excess errors)
FAIL: g++.robertl/eb91.C (test for excess errors)
FAIL: g++.warn/iomanip.C (test for excess errors)
=== g++ Summary ===
# of expected passes 5720
# of unexpected failures 106
# of expected failures 95
# of untested testcases 18
/user/rand/rdb/src/egcs-20000501.obj/gcc/testsuite/../g++ version 2.96 20000501 (experimental)
=== g77 tests ===
Running target unix
FAIL: g77.f-torture/execute/19990325-0.f compilation, -O0
FAIL: g77.f-torture/execute/19990325-0.f compilation, -O1
FAIL: g77.f-torture/execute/19990325-0.f compilation, -O2
FAIL: g77.f-torture/execute/19990325-0.f compilation, -O2 -fomit-frame-pointer -finline-functions
FAIL: g77.f-torture/execute/19990325-0.f compilation, -Os
FAIL: g77.f-torture/execute/19990325-1.f compilation, -O0
FAIL: g77.f-torture/execute/19990325-1.f compilation, -O1
FAIL: g77.f-torture/execute/19990325-1.f compilation, -O2
FAIL: g77.f-torture/execute/19990325-1.f compilation, -O2 -fomit-frame-pointer -finline-functions
FAIL: g77.f-torture/execute/19990325-1.f compilation, -Os
FAIL: g77.f-torture/execute/io0.f execution, -O0
FAIL: g77.f-torture/execute/io0.f execution, -O1
FAIL: g77.f-torture/execute/io0.f execution, -O2
FAIL: g77.f-torture/execute/io0.f execution, -O2 -fomit-frame-pointer -finline-functions
FAIL: g77.f-torture/execute/io0.f execution, -Os
FAIL: g77.f-torture/execute/io1.f execution, -O0
FAIL: g77.f-torture/execute/io1.f execution, -O1
FAIL: g77.f-torture/execute/io1.f execution, -O2
FAIL: g77.f-torture/execute/io1.f execution, -O2 -fomit-frame-pointer -finline-functions
FAIL: g77.f-torture/execute/io1.f execution, -Os
FAIL: g77.f-torture/execute/u77-test.f execution, -O0
FAIL: g77.f-torture/execute/u77-test.f execution, -O1
FAIL: g77.f-torture/execute/u77-test.f execution, -O2
FAIL: g77.f-torture/execute/u77-test.f execution, -O2 -fomit-frame-pointer -finline-functions
FAIL: g77.f-torture/execute/u77-test.f execution, -O2 -fomit-frame-pointer -finline-functions -funroll-loops
FAIL: g77.f-torture/execute/u77-test.f execution, -O2 -fomit-frame-pointer -finline-functions -funroll-all-loops
FAIL: g77.f-torture/execute/u77-test.f execution, -Os
=== g77 Summary ===
# of expected passes 632
# of unexpected failures 27
# of untested testcases 10
=== objc tests ===
Running target unix
=== objc Summary ===
# of expected passes 40
/user/rand/rdb/src/egcs-20000501.obj/gcc/xgcc version 2.96 20000501 (experimental)
Compiler version: 2.96 20000501 (experimental)
Platform: alpha-dec-osf4.0e
configure flags: --with-gcc-version-trigger=/user/rand/rdb/src/egcs-20000501/gcc/version.c --host=alpha-dec-osf4.0e --norecursion
Counting all warnings,
there are 284 warnings in stage3 of this bootstrap.
Number of warnings per file:
76 ../../../../egcs-20000501/libio/streambuf.h
38 ../../../egcs-20000501/libio/streambuf.h
14 ../../../egcs-20000501/gcc/f/global.c
10 ../../../egcs-20000501/gcc/f/storag.c
8 ../../../egcs-20000501/gcc/f/lex.c
8 ../../../egcs-20000501/gcc/f/equiv.c
6 ../../../egcs-20000501/gcc/f/expr.c
5 ../../egcs-20000501/gcc/mips-tfile.c
4 cxxmain.c
4 ../../../egcs-20000501/libiberty/pexecute.c
4 ../../../egcs-20000501/libiberty/cplus-dem.c
4 ../../../egcs-20000501/gcc/f/ste.c
4 ../../../../egcs-20000501/libiberty/pexecute.c
4 ../../../../egcs-20000501/libiberty/cplus-dem.c
3 ../../egcs-20000501/gcc/cpplex.c
3 ../../../egcs-20000501/gcc/cp/pt.c
2 str-ot.j
2 str-1t.j
2 ../../egcs-20000501/gcc/regrename.c
2 ../../egcs-20000501/gcc/predict.c
2 ../../egcs-20000501/gcc/ifcvt.c
2 ../../egcs-20000501/gcc/expr.c
2 ../../egcs-20000501/gcc/calls.c
2 ../../../egcs-20000501/libobjc/selector.c
2 ../../../egcs-20000501/libobjc/objects.c
2 ../../../egcs-20000501/libobjc/archive.c
2 ../../../egcs-20000501/libiberty/hashtab.c
2 ../../../egcs-20000501/libiberty/getopt.c
2 ../../../egcs-20000501/libchill/waitbuffer.c
2 ../../../egcs-20000501/libchill/sendbuffer.c
2 ../../../egcs-20000501/libchill/delaycase.c
2 ../../../egcs-20000501/libchill/concatstr.c
2 ../../../egcs-20000501/gcc/f/symbol.c
2 ../../../egcs-20000501/gcc/f/std.c
2 ../../../egcs-20000501/gcc/f/com.c
2 ../../../egcs-20000501/gcc/f/bad.c
2 ../../../../egcs-20000501/libobjc/selector.c
2 ../../../../egcs-20000501/libobjc/objects.c
2 ../../../../egcs-20000501/libobjc/archive.c
2 ../../../../egcs-20000501/libiberty/hashtab.c
2 ../../../../egcs-20000501/libiberty/getopt.c
2 ../../../../egcs-20000501/libchill/waitbuffer.c
2 ../../../../egcs-20000501/libchill/sendbuffer.c
2 ../../../../egcs-20000501/libchill/delaycase.c
2 ../../../../egcs-20000501/libchill/concatstr.c
1 str-op.j
1 str-nq.j
1 str-io.j
1 str-fo.j
1 str-2t.j
1 /usr/local/lib/gcc-lib/alpha-dec-osf4.0e/2.95.2/include/va_list.h
1 /usr/local/lib/gcc-lib/alpha-dec-osf4.0e/2.95.2/include/va-alpha.h
1 ./parse.y
1 ../../egcs-20000501/gcc/rtlanal.c
1 ../../egcs-20000501/gcc/loop.c
1 ../../egcs-20000501/gcc/gcse.c
1 ../../egcs-20000501/gcc/gcc.c
1 ../../egcs-20000501/gcc/fold-const.c
1 ../../egcs-20000501/gcc/dwarf2out.c
1 ../../egcs-20000501/gcc/bb-reorder.c
1 ../../../egcs-20000501/libiberty/xmemdup.c
1 ../../../egcs-20000501/libiberty/sort.c
1 ../../../egcs-20000501/libiberty/partition.c
1 ../../../egcs-20000501/libchill/printevent.c
1 ../../../egcs-20000501/libchill/printbuffer.c
1 ../../../egcs-20000501/libchill/memmove.c
1 ../../../egcs-20000501/gcc/java/jcf-write.c
1 ../../../egcs-20000501/gcc/java/javaop.def
1 ../../../egcs-20000501/gcc/cp/cfns.h
1 ../../../egcs-20000501/gcc/ch/grant.c
1 ../../../../egcs-20000501/libiberty/xmemdup.c
1 ../../../../egcs-20000501/libiberty/sort.c
1 ../../../../egcs-20000501/libiberty/partition.c
1 ../../../../egcs-20000501/libchill/printevent.c
1 ../../../../egcs-20000501/libchill/printbuffer.c
1 ../../../../egcs-20000501/libchill/memmove.c
Number of warning types:
52 Use of ANSI string concatenation
42 type mismatch in implicit declaration for built-in function `???'
38 size
38 cast to pointer from integer of different size
38 cast to pointer from integer of different
14 `long' switch expression not converted to `int' in ANSI C
14 `???' might be used uninitialized in this function
12 subscript has type `char'
8 comparison between signed and unsigned
6 variable `???' might be clobbered by `longjmp' or `vfork'
4 unused parameter `???'
3 signed and unsigned type in conditional expression
2 trigraph ??/ ignored
2 cast from pointer to integer of different size
1 unused variable `???'
1 trigraph ??= ignored
1 redefinition of `???'
1 missing initializer
1 control reaches end of non-void function
1 assignment discards qualifiers from pointer target type
1 `???' previously declared here
1 `???' defined but not used
1 `???' declared `static' but never defined
1 ??? format, ??? arg (arg ???)
1 (near initialization for `???')